{"id":1092,"date":"2024-09-15T00:51:05","date_gmt":"2024-09-14T21:51:05","guid":{"rendered":"https:\/\/www.onlinemarangoz.com.tr\/Atasehir\/?page_id=1092"},"modified":"2024-09-15T00:52:27","modified_gmt":"2024-09-14T21:52:27","slug":"ornek-mahallesi-dolap-cekmece-ray-tamiri","status":"publish","type":"page","link":"https:\/\/www.onlinemarangoz.com.tr\/Atasehir\/ornek-mahallesi-dolap-cekmece-ray-tamiri\/","title":{"rendered":"\u00d6rnek Mahallesi Dolap \u00c7ekmece Ray Tamiri"},"content":{"rendered":"<p>\u00d6rnek Mahallesi Dolap \u00c7ekmece Ray Tamiri &#8211; Dolap \u00c7ekmece Ray Tamircisi Telefon 0554 858 1312&#8221; \u0130stanbul Anadolu Yakas\u0131 Ata\u015fehir \u00d6rnek Mahallesi Dolap \u00c7ekmece Ray Tamiri &#8211; K\u0131r\u0131k \u00c7ekmece Ray Tamiri &#8211; D\u00fc\u015fen \u00c7ekmece Ray Tamiri &#8211; K\u0131r\u0131k \u00c7ekmece Ray Tamir Ustas\u0131 &#8211; Dolap \u00c7ekmece Ray Tamiri Yap\u0131l\u0131r &#8211; \u00c7ekmece Raylar\u0131 Onar\u0131l\u0131r &#8211; \u00d6rnek Mahallesi b\u00f6lgesinde \u00c7ekmece Onar\u0131m\u0131na ihtiyac\u0131n\u0131z varsa, ihtiyac\u0131n\u0131z olan hizmetleri sa\u011flayan profesyonellerle sizi bulu\u015fturabiliriz.<br \/>\nBilgiye Mi \u0130htiyac\u0131n\u0131z Var?<br \/>\n\u015eimdi bizimle ileti\u015fime ge\u00e7in,<\/p>\n<p style=\"text-align: center;\">\u00d6rnek Mahallesi Dolap \u00c7ekmece Ray Tamiri, hizmeti, hakk\u0131nda daha fazla bilgi almak i\u00e7in bize 0554 858 1312&#8221; numaral\u0131 telefondan ula\u015fabilir WhatsApp arac\u0131l\u0131\u011f\u0131yla do\u011frudan mesaj g\u00f6nderebilirsiniz.<\/p>\n<p><img fetchpriority=\"high\" decoding=\"async\" class=\"size-full wp-image-1094 alignright\" src=\"https:\/\/www.onlinemarangoz.com.tr\/Atasehir\/wp-content\/uploads\/Online-Atasehir-Ornek-Mahallesi-Dolap-Cekmece-Ray-Tamiri.jpg\" alt=\"\u00d6rnek Mahallesi Dolap \u00c7ekmece Ray Tamiri\" width=\"450\" height=\"250\" srcset=\"https:\/\/www.onlinemarangoz.com.tr\/Atasehir\/wp-content\/uploads\/Online-Atasehir-Ornek-Mahallesi-Dolap-Cekmece-Ray-Tamiri.jpg 450w, https:\/\/www.onlinemarangoz.com.tr\/Atasehir\/wp-content\/uploads\/Online-Atasehir-Ornek-Mahallesi-Dolap-Cekmece-Ray-Tamiri-300x167.jpg 300w\" sizes=\"(max-width: 450px) 100vw, 450px\" \/><\/p>\n<h2>\u00d6rnek Mahallesi Dolap \u00c7ekmece Ray Tamiri<\/h2>\n<p>\u00d6rnek Mahallesi Dolap \u00c7ekmece Ray Tamiri : \u00c7ekmece onar\u0131m\u0131, \u00e7ekmecelerinin i\u015flevselli\u011fini ve estetik g\u00f6r\u00fcn\u00fcm\u00fcn\u00fc geri kazand\u0131rmak isteyen ki\u015filer i\u00e7in bir dizi avantaj sunar. \u0130ster mutfak \u00e7ekmecesi, ister ofis \u00e7ekmecesi veya ba\u015fka bir \u00e7ekmece t\u00fcr\u00fc olsun, profesyonel onar\u0131m hizmetleri yanl\u0131\u015f hizalama, yap\u0131\u015fma veya k\u0131r\u0131k bile\u015fenler gibi \u00e7e\u015fitli sorunlar\u0131 \u00e7\u00f6zebiliriz.<\/p>\n<p>\u00d6rnek Mahallesi K\u0131r\u0131k \u00c7ekmece Ray Tamiri : \u00c7ekmece onar\u0131m\u0131n\u0131 tercih ederek, \u00e7ekmecelerinizin d\u00fczg\u00fcn \u00e7al\u0131\u015fmas\u0131n\u0131 sa\u011flayabilir, sinir bozucu s\u0131k\u0131\u015fmalar\u0131 \u00f6nleyebilir ve e\u015fyalar\u0131n\u0131za kolayca eri\u015fmenizi sa\u011flayabilirsiniz. Yetenekli ustalar\u0131m\u0131z, uzun \u00f6m\u00fcrl\u00fc sonu\u00e7lar sa\u011flayarak sorunlar\u0131 te\u015fhis etme ve d\u00fczeltme konusunda uzmanl\u0131\u011fa sahiptir.<img decoding=\"async\" class=\"alignleft wp-image-1009\" src=\"https:\/\/www.onlinemarangoz.com.tr\/Atasehir\/wp-content\/uploads\/Online-Cekmee-ay-Tamiri.jpg\" alt=\"Online Cekmee ay Tamiri\" width=\"200\" height=\"200\" srcset=\"https:\/\/www.onlinemarangoz.com.tr\/Atasehir\/wp-content\/uploads\/Online-Cekmee-ay-Tamiri.jpg 300w, https:\/\/www.onlinemarangoz.com.tr\/Atasehir\/wp-content\/uploads\/Online-Cekmee-ay-Tamiri-150x150.jpg 150w, https:\/\/www.onlinemarangoz.com.tr\/Atasehir\/wp-content\/uploads\/Online-Cekmee-ay-Tamiri-90x90.jpg 90w\" sizes=\"(max-width: 200px) 100vw, 200px\" \/><\/p>\n<p>\u00d6rnek Mahallesi D\u00fc\u015fen \u00c7ekmece Ray Tamiri : Dahas\u0131, \u00e7ekmece onar\u0131m hizmetleri maliyetli de\u011fi\u015ftirme ihtiyac\u0131n\u0131 ortadan kald\u0131rarak size para kazand\u0131rabilir. Bu alandaki profesyoneller, ayr\u0131nt\u0131lara g\u00f6sterdikleri dikkat ve m\u00fc\u015fteri memnuniyetine olan ba\u011fl\u0131l\u0131klar\u0131yla, D\u00fc\u015fen \u00c7ekmece Ray Tamiri ihtiya\u00e7lar\u0131n\u0131z\u0131 kar\u015f\u0131layan \u00f6zel \u00e7\u00f6z\u00fcmler sunabilir.<\/p>\n<p>\u00d6rnek Mahallesi K\u0131r\u0131k \u00c7ekmece Ray Tamir Ustas\u0131 : Ar\u0131zal\u0131 \u00e7ekmecelerin g\u00fcnl\u00fck rutininizi bozmas\u0131na izin vermeyin; bunun yerine, ya\u015fam veya \u00e7al\u0131\u015fma alan\u0131n\u0131za d\u00fczeni ve rahatl\u0131\u011f\u0131 geri kazand\u0131rmak i\u00e7in \u00e7ekmece onar\u0131m\u0131n\u0131n faydalar\u0131n\u0131 d\u00fc\u015f\u00fcn\u00fcn.<\/p>\n<p style=\"text-align: center;\"><span lang=\"en\">Her t\u00fcrl\u00fc Dolap \u00c7ekmece Ray Tamiri&#8221; i\u00e7in Pazartesi&#8217;den Cumartesi&#8217;ye Sabah 9.00 &#8211; Ak\u015fam 20.00 saatleri aras\u0131nda evde acil, Dolap \u00c7ekmece Ray Tamir hizmeti, sunuyoruz.<\/span><\/p>\n<table style=\"border-collapse: collapse; width: 100%;\">\n<tbody>\n<tr>\n<td>\n<ul>\n<li>K\u00f6\u015fe \u00c7ekmece Tamiri.<\/li>\n<li>Dolap \u00c7ekmece Onar\u0131m\u0131.<\/li>\n<li>Tekerlekli \u00c7ekmece Onar\u0131m\u0131.<\/li>\n<li>\u00c7ekmece Donan\u0131m De\u011fi\u015fimi.<\/li>\n<li>Dosya Dolab\u0131 \u00c7ekmece Onar\u0131m\u0131.<\/li>\n<\/ul>\n<\/td>\n<td>\n<ul>\n<li>\u00c7ekmece Tamiri.<\/li>\n<li>K\u0131r\u0131k \u00c7ekmece Tamiri.<\/li>\n<li>S\u00fcrg\u00fcl\u00fc \u00c7ekmece Tamiri.<\/li>\n<li>Hasarl\u0131 \u00c7ekmece Onar\u0131m\u0131.<\/li>\n<li>Mutfak \u00c7ekmecesi Onar\u0131m\u0131.<\/li>\n<\/ul>\n<\/td>\n<td style=\"width: 33.3333%;\">\n<ul>\n<li>Ah\u015fap \u00c7ekmece Tamiri.<\/li>\n<li>\u015eifonyer \u00c7ekmece Tamiri.<\/li>\n<li>\u00c7ekmece Kulpu De\u011fi\u015fimi.<\/li>\n<li>Banyo \u00c7ekmecesi Tamiri.<\/li>\n<li>\u00c7ekmece Topuzu De\u011fi\u015fimi.<\/li>\n<\/ul>\n<\/td>\n<\/tr>\n<\/tbody>\n<\/table>\n<h4>\u00d6rnek Mahallesi Dolap \u00c7ekmece Ray Tamiri Yap\u0131l\u0131r.<\/h4>\n<p><img decoding=\"async\" class=\"size-full wp-image-1007 alignright\" src=\"https:\/\/www.onlinemarangoz.com.tr\/Atasehir\/wp-content\/uploads\/Online-Atasehir-Dolap-Cekmece-Ray-Tamircisi.jpg\" alt=\"Ata\u015fehir Dolap \u00c7ekmece Ray Tamiri Yap\u0131l\u0131r\" width=\"300\" height=\"200\" \/><\/p>\n<p>\u00d6rnek Mahallesi Dolap \u00c7ekmece Ray Tamiri Yap\u0131l\u0131r, size g\u00f6n\u00fcl rahatl\u0131\u011f\u0131 sa\u011flamak i\u00e7in g\u00fcvenilir servis teknisyenlerinden olu\u015fan bir ekibe sahiptir, b\u00f6ylece bu t\u00fcr k\u00fc\u00e7\u00fck sorunlar hakk\u0131nda endi\u015felenmenize gerek kalmaz. Servis teknisyenlerimiz, t\u00fcm bu sorunlar\u0131n m\u00fc\u015fterilerimize ek rahats\u0131zl\u0131k vermemesini sa\u011flamak i\u00e7in fazladan \u00e7aba g\u00f6sterir. \u00d6rnek Mahallesi Dolap \u00c7ekmece Ray Tamiri Yap\u0131l\u0131r : Evimizdeki bu k\u00fc\u00e7\u00fck \u015feylerin d\u00fczg\u00fcn \u00e7al\u0131\u015fmamas\u0131 sinir bozucudur. \u00c7ekmece s\u00fcrg\u00fcleri bozulabilir ve \u00e7ekmecelerin s\u0131k\u0131\u015fmas\u0131na veya d\u00fczg\u00fcn kapanmamas\u0131na neden olabilir. Bir \u00e7ekmecedeki ayn\u0131 s\u00fcrg\u00fcler tamir edilebilir ve gerekirse yeni bir setle de\u011fi\u015ftirilebilir. Servis teknisyenlerimiz ayr\u0131ca t\u00fcm \u00e7ekmece d\u00fc\u011fmelerini onar\u0131r veya de\u011fi\u015ftirir.<\/p>\n<p style=\"text-align: center;\">\u00d6rnek Mahallesi Dolap \u00c7ekmece Ray Tamiri,\u00a0<span lang=\"en\">yard\u0131ma ihtiyac\u0131n\u0131z olursa Bu konuyla ilgili ba\u015fka sorular\u0131n\u0131z varsa 0554 858 1312&#8242; numaral\u0131 telefondan l\u00fctfen bize bildirin sizlere h\u0131zl\u0131 ve etkili \u00e7\u00f6z\u00fcmler sunmak i\u00e7in buraday\u0131z.<\/span><\/p>\n<h5 align=\"CENTER\">\u00d6rnek Mahallesi K\u0131r\u0131k \u00c7ekmece Ray Tamir Ustas\u0131<\/h5>\n<p align=\"CENTER\">\u00d6rnek Mahallesi K\u0131r\u0131k \u00c7ekmece Ray Tamir Ustas\u0131 : Amac\u0131m\u0131z, ihtiya\u00e7 duydu\u011funuz hizmetleri sa\u011flayan profesyonellerle t\u00fcm \u00c7ekmece Onar\u0131m\u0131 ihtiya\u00e7lar\u0131n\u0131zda size yard\u0131mc\u0131 olmakt\u0131r. \u00d6rnek Mahallesi K\u0131r\u0131k \u00c7ekmece Ray Tamir Ustas\u0131&#8221; yard\u0131m ve onar\u0131m\u0131 i\u00e7in paran\u0131z\u0131n kar\u015f\u0131l\u0131\u011f\u0131n\u0131 en iyi \u015fekilde 0554 858 1312&#8242; numaral\u0131 telefondan<span lang=\"en\">\u00a0beklentilerin \u00f6tesine ge\u00e7en eksiksiz bir hizmet sunuyoruz. Bizi Aray\u0131n.<\/span><\/p>\n<table style=\"border-collapse: collapse; width: 100%;\">\n<tbody>\n<tr>\n<td style=\"width: 33.3333%;\">\n<div class=\"icon-box-img\">\n<div class=\"icon\">\n<div class=\"icon-inner\"><img loading=\"lazy\" decoding=\"async\" class=\"aligncenter wp-image-1000 size-full\" title=\"Dolap \u00c7ekmece Ray Tamiri\" src=\"https:\/\/www.onlinemarangoz.com.tr\/Atasehir\/wp-content\/uploads\/Online-Dolap-Cekmece-Ray-Tamircisi.jpg\" alt=\"Dolap \u00c7ekmece Ray Tamiri\" width=\"200\" height=\"200\" srcset=\"https:\/\/www.onlinemarangoz.com.tr\/Atasehir\/wp-content\/uploads\/Online-Dolap-Cekmece-Ray-Tamircisi.jpg 200w, https:\/\/www.onlinemarangoz.com.tr\/Atasehir\/wp-content\/uploads\/Online-Dolap-Cekmece-Ray-Tamircisi-150x150.jpg 150w, https:\/\/www.onlinemarangoz.com.tr\/Atasehir\/wp-content\/uploads\/Online-Dolap-Cekmece-Ray-Tamircisi-90x90.jpg 90w\" sizes=\"(max-width: 200px) 100vw, 200px\" \/><\/div>\n<\/div>\n<\/div>\n<div>\n<div id=\"text-2187348782\">\n<p style=\"text-align: center;\"><em><span style=\"color: #0000ff;\"><mark><strong><a style=\"color: #0000ff;\" href=\"https:\/\/www.onlinemarangoz.com.tr\/\" target=\"_blank\" rel=\"noopener\">\u00d6rnek Mahallesi Dolap \u00c7ekmece Ray Tamiri<\/a><\/strong><\/mark><\/span>.<\/em><\/p>\n<p style=\"text-align: center;\"><em>Bizimle ileti\u015fime ge\u00e7in.<\/em><\/p>\n<p style=\"text-align: center;\"><em>Uzman Teknisyenler<\/em><\/p>\n<p style=\"text-align: center;\"><em>Y\u0131llar\u0131n Deneyimiyle<\/em><\/p>\n<\/div>\n<\/div>\n<\/td>\n<td style=\"width: 33.3333%;\">\n<div class=\"icon-box-img\">\n<div class=\"icon\">\n<div class=\"icon-inner\"><img loading=\"lazy\" decoding=\"async\" class=\"aligncenter wp-image-999 size-full\" title=\"K\u0131r\u0131k \u00c7ekmece Ray Tamiri\" src=\"https:\/\/www.onlinemarangoz.com.tr\/Atasehir\/wp-content\/uploads\/Online-Dolap-Cekmece-Ray-Tamir.jpg\" alt=\"K\u0131r\u0131k \u00c7ekmece Ray Tamiri\" width=\"200\" height=\"200\" srcset=\"https:\/\/www.onlinemarangoz.com.tr\/Atasehir\/wp-content\/uploads\/Online-Dolap-Cekmece-Ray-Tamir.jpg 200w, https:\/\/www.onlinemarangoz.com.tr\/Atasehir\/wp-content\/uploads\/Online-Dolap-Cekmece-Ray-Tamir-150x150.jpg 150w, https:\/\/www.onlinemarangoz.com.tr\/Atasehir\/wp-content\/uploads\/Online-Dolap-Cekmece-Ray-Tamir-90x90.jpg 90w\" sizes=\"(max-width: 200px) 100vw, 200px\" \/><\/div>\n<\/div>\n<\/div>\n<div>\n<div id=\"text-1930387882\">\n<p style=\"text-align: center;\" align=\"CENTER\"><em>\u00d6rnek Mahallesi K\u0131r\u0131k \u00c7ekmece Ray Tamiri.<\/em><\/p>\n<p style=\"text-align: center;\" align=\"CENTER\"><em>Bilgi sahibi olun<\/em><\/p>\n<p style=\"text-align: center;\"><em>H\u0131zl\u0131 ve G\u00fcvenilir<\/em><\/p>\n<p style=\"text-align: center;\"><em>7\/24 hizmetinizdeyiz<\/em><\/p>\n<\/div>\n<\/div>\n<\/td>\n<td style=\"width: 33.3333%;\">\n<div class=\"icon-box-img\">\n<div class=\"icon\">\n<div class=\"icon-inner\"><img loading=\"lazy\" decoding=\"async\" class=\"aligncenter wp-image-1004 size-full\" title=\"D\u00fc\u015fen \u00c7ekmece Ray Tamiri\" src=\"https:\/\/www.onlinemarangoz.com.tr\/Atasehir\/wp-content\/uploads\/Online-Dolap-Cekmece-Ray-Tamirci.jpg\" alt=\"D\u00fc\u015fen \u00c7ekmece Ray Tamiri\" width=\"200\" height=\"200\" srcset=\"https:\/\/www.onlinemarangoz.com.tr\/Atasehir\/wp-content\/uploads\/Online-Dolap-Cekmece-Ray-Tamirci.jpg 200w, https:\/\/www.onlinemarangoz.com.tr\/Atasehir\/wp-content\/uploads\/Online-Dolap-Cekmece-Ray-Tamirci-150x150.jpg 150w, https:\/\/www.onlinemarangoz.com.tr\/Atasehir\/wp-content\/uploads\/Online-Dolap-Cekmece-Ray-Tamirci-90x90.jpg 90w\" sizes=\"(max-width: 200px) 100vw, 200px\" \/><\/div>\n<\/div>\n<\/div>\n<div>\n<div id=\"text-190965013\">\n<p style=\"text-align: center;\"><em>\u00d6rnek Mahallesi D\u00fc\u015fen \u00c7ekmece Ray Tamiri.<\/em><\/p>\n<p style=\"text-align: center;\"><em>Teklif Al\u0131n<\/em><\/p>\n<p style=\"text-align: center;\"><em>Uygun Fiyatl\u0131 Hizmetler<\/em><\/p>\n<p style=\"text-align: center;\"><em>Kaliteli Hizmet, Rakipsiz Fiyat<\/em><\/p>\n<\/div>\n<\/div>\n<\/td>\n<\/tr>\n<\/tbody>\n<\/table>\n<table style=\"border-collapse: collapse; width: 100%;\">\n<tbody>\n<tr>\n<td style=\"width: 50%;\">\n<p style=\"text-align: center;\">\u00d6rnek Mahallesi Dolap \u00c7ekmece Ray Tamiri Telefon.<\/p>\n<p><a class=\"Dolap \u00c7ekmece Ray Tamiri Telefon\" href=\"tel:\/\/+905548581312\" target=\"_blank\" rel=\"Dolap Ray Tamiri Telefon noopener \u00c7ekmece\"><img loading=\"lazy\" decoding=\"async\" class=\"Dolap \u00c7ekmece Ray Tamiri Telefon aligncenter wp-image-1012 size-full\" title=\"Dolap \u00c7ekmece Ray Tamiri Telefon\" src=\"https:\/\/www.onlinemarangoz.com.tr\/Atasehir\/wp-content\/uploads\/Online-Atasehir-Dolap-Cekmece-Ray-Tamiri-Telefon.jpg\" alt=\"Dolap \u00c7ekmece Ray Tamiri Telefon\" width=\"500\" height=\"200\" srcset=\"https:\/\/www.onlinemarangoz.com.tr\/Atasehir\/wp-content\/uploads\/Online-Atasehir-Dolap-Cekmece-Ray-Tamiri-Telefon.jpg 500w, https:\/\/www.onlinemarangoz.com.tr\/Atasehir\/wp-content\/uploads\/Online-Atasehir-Dolap-Cekmece-Ray-Tamiri-Telefon-300x120.jpg 300w\" sizes=\"(max-width: 500px) 100vw, 500px\" \/><\/a><\/td>\n<td style=\"width: 50%;\">\n<p align=\"CENTER\">\u00d6rnek Mahallesi Dolap \u00c7ekmece Ray Tamiri \u0130leti\u015fim.<\/p>\n<p align=\"CENTER\"><a class=\"Dolap \u00c7ekmece Ray Tamiri \u0130leti\u015fim.\" href=\"https:\/\/wa.me\/+905548581312\" target=\"_blank\" rel=\"Dolap Ray Tamiri noopener \u00c7ekmece \u0130leti\u015fim.\"><img loading=\"lazy\" decoding=\"async\" class=\"Dolap \u00c7ekmece Ray Tamiri \u0130leti\u015fim. aligncenter wp-image-1014 size-full\" title=\"Dolap \u00c7ekmece Ray Tamiri \u0130leti\u015fim.\" src=\"https:\/\/www.onlinemarangoz.com.tr\/Atasehir\/wp-content\/uploads\/Online-Atasehir-Dolap-Cekmece-Ray-Tamiri-WhatsApp.jpg\" alt=\"Dolap \u00c7ekmece Ray Tamiri \u0130leti\u015fim.\" width=\"500\" height=\"200\" srcset=\"https:\/\/www.onlinemarangoz.com.tr\/Atasehir\/wp-content\/uploads\/Online-Atasehir-Dolap-Cekmece-Ray-Tamiri-WhatsApp.jpg 500w, https:\/\/www.onlinemarangoz.com.tr\/Atasehir\/wp-content\/uploads\/Online-Atasehir-Dolap-Cekmece-Ray-Tamiri-WhatsApp-300x120.jpg 300w\" sizes=\"(max-width: 500px) 100vw, 500px\" \/><\/a><\/p>\n<\/td>\n<\/tr>\n<\/tbody>\n<\/table>\n<table style=\"border-collapse: collapse; width: 100%;\">\n<tbody>\n<tr>\n<td>\n<h6 style=\"text-align: center;\">\u00d6rnek Mahallesi Dolap \u00c7ekmece Ray Tamiri Tek \u00c7at\u0131 Alt\u0131nda!<\/h6>\n<ul>\n<li>Randevunuzu almak i\u00e7in bug\u00fcn uzmanlar\u0131m\u0131zla ileti\u015fime ge\u00e7in.<\/li>\n<li>\n<div id=\"text-936241220\">En \u0130yi Fiyatlar.<\/div>\n<\/li>\n<li>\n<div id=\"text-2345533940\">2 Saat \u0130\u00e7inde H\u0131zl\u0131 Yan\u0131t<\/div>\n<\/li>\n<li>\n<div id=\"text-2572195822\">Ayn\u0131 G\u00fcn \/ Ertesi G\u00fcn Servis.<\/div>\n<\/li>\n<li>\n<div id=\"text-1623708989\">En \u0130yi Derecelendirilen.<\/div>\n<\/li>\n<li>\n<div id=\"text-3750811480\">7\/24 Destek, Onar\u0131m ve Kurulum.<\/div>\n<\/li>\n<\/ul>\n<p style=\"text-align: center;\">Dost canl\u0131s\u0131 ekibimizden yard\u0131ma m\u0131 ihtiyac\u0131n\u0131z var? Bizimle ileti\u015fime ge\u00e7menin t\u00fcm farkl\u0131 yollar\u0131n\u0131 ke\u015ffedin ve sorular\u0131n\u0131za k\u0131sa s\u00fcrede yan\u0131t al\u0131n.<\/p>\n<\/td>\n<td style=\"width: 50%;\">\n<div id=\"text-471239730\">\n<h6 style=\"text-align: center;\">\u00d6rnek Mahallesi Dolap \u00c7ekmece Ray Tamiri \u0130leti\u015fim Bil\u011fileri<\/h6>\n<p style=\"text-align: center;\"><span style=\"font-family: inherit; font-size: inherit;\">Sorunuzu g\u00f6r\u00fc\u015fmek i\u00e7in\u00a0<\/span>Hemen bizi aray\u0131n.<\/p>\n<p>\u00c7al\u0131\u015fma Saatleri<\/p>\n<ul>\n<li>Pazartesi : Sabah 09 : Ak\u015fam 20 : 00<\/li>\n<li>Sal\u0131 : Sabah 09 : Ak\u015fam 20 : 00<\/li>\n<li>\u00c7ar\u015famba : Sabah 09 : Ak\u015fam 20 : 00<\/li>\n<li>Per\u015fembe : Sabah 09 : Ak\u015fam 20 : 00<\/li>\n<li>Cuma : Sabah 09 : Ak\u015fam 20 : 00<\/li>\n<li>Cumartesi : Sabah 09 : Ak\u015fam 20 : 00<\/li>\n<li>Pazar : Tatil<\/li>\n<\/ul>\n<\/div>\n<\/td>\n<\/tr>\n<\/tbody>\n<\/table>\n<p><marquee onmouseover=\"this.stop()\" onmouseout=\"this.start()\"width=\"1000\" height=\"25\" direction=\"horizontal\" scrollamount=\"3\"scrolldelay=\"60\" loop=\"99999\"> \u2705 Tezcan Usta 0554 858 1312 \u25ba \u00d6rnek Mahallesi Dolap \u00c7ekmece Ray Tamiri\u25c4 \u00d6rnek Mahallesi K\u0131r\u0131k \u00c7ekmece Ray Tamiri \u25ba \u00d6rnek Mahallesi D\u00fc\u015fen \u00c7ekmece Ray Tamiri \u25ba \u00d6rnek Mahallesi K\u0131r\u0131k \u00c7ekmece Ray Tamir Ustas\u0131 \u25ba \u00d6rnek Mahallesi Dolap \u00c7ekmece Ray Tamiri Yap\u0131l\u0131r \u25ba \u00d6rnek Mahallesi \u00c7ekmece Raylar\u0131 Onar\u0131l\u0131r \u25ba K\u0131r\u0131k Dolap \u00c7ekmece Raylar\u0131 Onar\u0131l\u0131r \u25ba K\u0131r\u0131k \u00c7ekmece Ray Tamircisi \u25ba Dolap Cekmece Ray Tamircisi \u25ba Anadolu Yakas\u0131 D\u00fc\u015fen Dolap Cekmece Ray Tamircisi<\/marquee><\/p>\n\n\n<div class=\"kk-star-ratings kksr-auto kksr-align-left kksr-valign-bottom\"\n    data-payload='{&quot;align&quot;:&quot;left&quot;,&quot;id&quot;:&quot;1092&quot;,&quot;slug&quot;:&quot;default&quot;,&quot;valign&quot;:&quot;bottom&quot;,&quot;ignore&quot;:&quot;&quot;,&quot;reference&quot;:&quot;auto&quot;,&quot;class&quot;:&quot;&quot;,&quot;count&quot;:&quot;0&quot;,&quot;legendonly&quot;:&quot;&quot;,&quot;readonly&quot;:&quot;&quot;,&quot;score&quot;:&quot;0&quot;,&quot;starsonly&quot;:&quot;&quot;,&quot;best&quot;:&quot;5&quot;,&quot;gap&quot;:&quot;5&quot;,&quot;greet&quot;:&quot;Ata\u015fehir Marangoz Ustas\u0131&quot;,&quot;legend&quot;:&quot;0\\\/5 - 0 Ata\u015fehir Mobilya Tamircisi&quot;,&quot;size&quot;:&quot;24&quot;,&quot;title&quot;:&quot;\u00d6rnek Mahallesi Dolap \u00c7ekmece Ray Tamiri&quot;,&quot;width&quot;:&quot;0&quot;,&quot;_legend&quot;:&quot;{score}\\\/{best} - {count} Ata\u015fehir Mobilya Tamircisi&quot;,&quot;font_factor&quot;:&quot;1.25&quot;}'>\n            \n<div class=\"kksr-stars\">\n    \n<div class=\"kksr-stars-inactive\">\n            <div class=\"kksr-star\" data-star=\"1\" style=\"padding-right: 5px\">\n            \n\n<div class=\"kksr-icon\" style=\"width: 24px; height: 24px;\"><\/div>\n        <\/div>\n            <div class=\"kksr-star\" data-star=\"2\" style=\"padding-right: 5px\">\n            \n\n<div class=\"kksr-icon\" style=\"width: 24px; height: 24px;\"><\/div>\n        <\/div>\n            <div class=\"kksr-star\" data-star=\"3\" style=\"padding-right: 5px\">\n            \n\n<div class=\"kksr-icon\" style=\"width: 24px; height: 24px;\"><\/div>\n        <\/div>\n            <div class=\"kksr-star\" data-star=\"4\" style=\"padding-right: 5px\">\n            \n\n<div class=\"kksr-icon\" style=\"width: 24px; height: 24px;\"><\/div>\n        <\/div>\n            <div class=\"kksr-star\" data-star=\"5\" style=\"padding-right: 5px\">\n            \n\n<div class=\"kksr-icon\" style=\"width: 24px; height: 24px;\"><\/div>\n        <\/div>\n    <\/div>\n    \n<div class=\"kksr-stars-active\" style=\"width: 0px;\">\n            <div class=\"kksr-star\" style=\"padding-right: 5px\">\n            \n\n<div class=\"kksr-icon\" style=\"width: 24px; height: 24px;\"><\/div>\n        <\/div>\n            <div class=\"kksr-star\" style=\"padding-right: 5px\">\n            \n\n<div class=\"kksr-icon\" style=\"width: 24px; height: 24px;\"><\/div>\n        <\/div>\n            <div class=\"kksr-star\" style=\"padding-right: 5px\">\n            \n\n<div class=\"kksr-icon\" style=\"width: 24px; height: 24px;\"><\/div>\n        <\/div>\n            <div class=\"kksr-star\" style=\"padding-right: 5px\">\n            \n\n<div class=\"kksr-icon\" style=\"width: 24px; height: 24px;\"><\/div>\n        <\/div>\n            <div class=\"kksr-star\" style=\"padding-right: 5px\">\n            \n\n<div class=\"kksr-icon\" style=\"width: 24px; height: 24px;\"><\/div>\n        <\/div>\n    <\/div>\n<\/div>\n                \n\n<div class=\"kksr-legend\" style=\"font-size: 19.2px;\">\n            <span class=\"kksr-muted\">Ata\u015fehir Marangoz Ustas\u0131<\/span>\n    <\/div>\n    <\/div>\n","protected":false},"excerpt":{"rendered":"<p>\u00d6rnek Mahallesi Dolap \u00c7ekmece Ray Tamiri &#8211; Dolap \u00c7ekmece Ray Tamircisi Telefon 0554 858 1312&#8221; \u0130stanbul Anadolu Yakas\u0131 Ata\u015fehir \u00d6rnek Mahallesi Dolap \u00c7ekmece Ray Tamiri &#8211; K\u0131r\u0131k \u00c7ekmece Ray Tamiri &#8211; D\u00fc\u015fen \u00c7ekmece Ray Tamiri &#8211; K\u0131r\u0131k \u00c7ekmece Ray Tamir Ustas\u0131 &#8211; Dolap \u00c7ekmece Ray Tamiri Yap\u0131l\u0131r &#8211; \u00c7ekmece Raylar\u0131 Onar\u0131l\u0131r &#8211; \u00d6rnek Mahallesi b\u00f6lgesinde \u00c7ekmece Onar\u0131m\u0131na ihtiyac\u0131n\u0131z varsa, ihtiyac\u0131n\u0131z olan hizmetleri sa\u011flayan profesyonellerle sizi bulu\u015fturabiliriz. Bilgiye Mi \u0130htiyac\u0131n\u0131z Var? \u015eimdi bizimle ileti\u015fime ge\u00e7in, \u00d6rnek Mahallesi Dolap \u00c7ekmece Ray Tamiri, hizmeti, hakk\u0131nda daha fazla bilgi almak i\u00e7in bize 0554 858 1312&#8221; numaral\u0131 telefondan ula\u015fabilir WhatsApp arac\u0131l\u0131\u011f\u0131yla do\u011frudan mesaj g\u00f6nderebilirsiniz. \u00d6rnek Mahallesi Dolap \u00c7ekmece Ray Tamiri \u00d6rnek Mahallesi Dolap \u00c7ekmece Ray Tamiri : \u00c7ekmece onar\u0131m\u0131, \u00e7ekmecelerinin i\u015flevselli\u011fini ve estetik g\u00f6r\u00fcn\u00fcm\u00fcn\u00fc geri kazand\u0131rmak isteyen ki\u015filer i\u00e7in bir dizi avantaj sunar. \u0130ster mutfak \u00e7ekmecesi, ister ofis \u00e7ekmecesi veya ba\u015fka bir \u00e7ekmece t\u00fcr\u00fc olsun, profesyonel onar\u0131m hizmetleri yanl\u0131\u015f hizalama, yap\u0131\u015fma veya k\u0131r\u0131k bile\u015fenler gibi \u00e7e\u015fitli sorunlar\u0131 \u00e7\u00f6zebiliriz. \u00d6rnek Mahallesi K\u0131r\u0131k \u00c7ekmece Ray Tamiri :&#8230; <a class=\"di-continue-reading\" href=\"https:\/\/www.onlinemarangoz.com.tr\/Atasehir\/ornek-mahallesi-dolap-cekmece-ray-tamiri\/\"> Continue Reading&#8230;<\/a><\/p>\n","protected":false},"author":1,"featured_media":0,"parent":0,"menu_order":3012,"comment_status":"closed","ping_status":"closed","template":"","meta":{"footnotes":""},"categories":[83],"tags":[829,824,828,826,827,825],"class_list":["post-1092","page","type-page","status-publish","hentry","category-ornek-mahallesi-marangoz","tag-ornek-mahallesi-cekmece-raylari-onarilir","tag-ornek-mahallesi-dolap-cekmece-ray-tamiri","tag-ornek-mahallesi-dolap-cekmece-ray-tamiri-yapilir","tag-ornek-mahallesi-dusen-cekmece-ray-tamiri","tag-ornek-mahallesi-kirik-cekmece-ray-tamir-ustasi","tag-ornek-mahallesi-kirik-cekmece-ray-tamiri"],"_links":{"self":[{"href":"https:\/\/www.onlinemarangoz.com.tr\/Atasehir\/wp-json\/wp\/v2\/pages\/1092","targetHints":{"allow":["GET"]}}],"collection":[{"href":"https:\/\/www.onlinemarangoz.com.tr\/Atasehir\/wp-json\/wp\/v2\/pages"}],"about":[{"href":"https:\/\/www.onlinemarangoz.com.tr\/Atasehir\/wp-json\/wp\/v2\/types\/page"}],"author":[{"embeddable":true,"href":"https:\/\/www.onlinemarangoz.com.tr\/Atasehir\/wp-json\/wp\/v2\/users\/1"}],"replies":[{"embeddable":true,"href":"https:\/\/www.onlinemarangoz.com.tr\/Atasehir\/wp-json\/wp\/v2\/comments?post=1092"}],"version-history":[{"count":0,"href":"https:\/\/www.onlinemarangoz.com.tr\/Atasehir\/wp-json\/wp\/v2\/pages\/1092\/revisions"}],"wp:attachment":[{"href":"https:\/\/www.onlinemarangoz.com.tr\/Atasehir\/wp-json\/wp\/v2\/media?parent=1092"}],"wp:term":[{"taxonomy":"category","embeddable":true,"href":"https:\/\/www.onlinemarangoz.com.tr\/Atasehir\/wp-json\/wp\/v2\/categories?post=1092"},{"taxonomy":"post_tag","embeddable":true,"href":"https:\/\/www.onlinemarangoz.com.tr\/Atasehir\/wp-json\/wp\/v2\/tags?post=1092"}],"curies":[{"name":"wp","href":"https:\/\/api.w.org\/{rel}","templated":true}]}}