{"id":275,"date":"2024-01-09T03:18:27","date_gmt":"2024-01-09T00:18:27","guid":{"rendered":"https:\/\/www.onlinemarangoz.com.tr\/Beykoz\/?page_id=275"},"modified":"2024-01-09T13:47:42","modified_gmt":"2024-01-09T10:47:42","slug":"beykoz-ray-dolap-tamiri","status":"publish","type":"page","link":"https:\/\/www.onlinemarangoz.com.tr\/Beykoz\/beykoz-ray-dolap-tamiri\/","title":{"rendered":"Beykoz Ray Dolap Tamiri"},"content":{"rendered":"<p>Beykoz Ray Dolap Tamiri &#8211; Ray Dolap Tamircisi Telefon &#8216;!&#8217; 0554 858 1312 \u0130stanbul Anadolu Yakas\u0131 Beykoz Ray Dolap Tamiri&#8221; Ar\u0131zal\u0131 ray dolap tamir edip etmeyece\u011finize veya de\u011fi\u015ftirece\u011finize karar vermek s\u00f6z konusu oldu\u011funda, Beykoz Ray Dolap Tamiri&#8221; size yard\u0131mc\u0131 olabiliriz. Kapak mekanizman\u0131n hasar\u0131 boyutuna ba\u011fl\u0131 olarak ne yapman\u0131z gerekti\u011fi konusunda olduk\u00e7a iyi bir fikre sahipbiz gecikmeden bizi aray\u0131n, Ray Dolap Tamiri&#8221; talebinizi memnuniyetle kar\u015f\u0131lamaya ve m\u00fcmk\u00fcn olan en k\u0131sa s\u00fcrede tamir etmeye haz\u0131r\u0131z. Kaliteli \u00e7al\u0131\u015fma ve m\u00fckemmel m\u00fc\u015fteri hizmetleriyle beklentilerinizi a\u015fmay\u0131 hedefliyoruz.<\/p>\n<p><img fetchpriority=\"high\" decoding=\"async\" class=\"size-full wp-image-277 alignright\" src=\"https:\/\/www.onlinemarangoz.com.tr\/Beykoz\/wp-content\/uploads\/Beykoz-Ray-Dolap-Tamir.jpg\" alt=\"\" width=\"500\" height=\"250\" srcset=\"https:\/\/www.onlinemarangoz.com.tr\/Beykoz\/wp-content\/uploads\/Beykoz-Ray-Dolap-Tamir.jpg 500w, https:\/\/www.onlinemarangoz.com.tr\/Beykoz\/wp-content\/uploads\/Beykoz-Ray-Dolap-Tamir-300x150.jpg 300w\" sizes=\"(max-width: 500px) 100vw, 500px\" \/><\/p>\n<h2>Beykoz Ray Dolap Tamiri.<\/h2>\n<p>Beykoz Ray Dolap Tamiri&#8221; Ray Dolap Tamiri&#8221; Ray Dolap Kapak Tamiri&#8221; Ray Dolap Kapak Tekerle\u011fi Tamiri&#8221; Ray Dolap Kapak Sistemleri Tamiri&#8221; Ray Dolap Kapak Mekanizma Tamiri&#8221; Ray Dolap Kapak Fren Sistemleri Tamiri \u1405 Beykoz Ray Dolap Tamiri&#8221; Pazartesi&#8217;den Cumartesi&#8217;ye 09:00 &#8211; 20:00 saatleri aras\u0131nda 0554 858 1312&#8221; numaradan bizi arayabilir WhatsApp&#8217;tan mesaj g\u00f6nderebilirsiniz size profesyonel ve g\u00fcvenilir bir hizmet sunarak hizmetinizdeyiz.<img decoding=\"async\" class=\"alignleft wp-image-59\" src=\"https:\/\/www.onlinemarangoz.com.tr\/Beykoz\/wp-content\/uploads\/Beykoz-Ray-Dolap-Tamiri.jpg\" alt=\"\" width=\"250\" height=\"250\" srcset=\"https:\/\/www.onlinemarangoz.com.tr\/Beykoz\/wp-content\/uploads\/Beykoz-Ray-Dolap-Tamiri.jpg 300w, https:\/\/www.onlinemarangoz.com.tr\/Beykoz\/wp-content\/uploads\/Beykoz-Ray-Dolap-Tamiri-150x150.jpg 150w, https:\/\/www.onlinemarangoz.com.tr\/Beykoz\/wp-content\/uploads\/Beykoz-Ray-Dolap-Tamiri-90x90.jpg 90w\" sizes=\"(max-width: 250px) 100vw, 250px\" \/><\/p>\n<h3>Beykoz Ray Dolap Tamircisi.<\/h3>\n<p>Beykoz Ray Dolap Tamircisi&#8221; Ray dolap kapag\u0131n\u0131z ar\u0131zal\u0131 m\u0131 ve sorunun nedenini bilmiyor musunuz? Garanti kapsam\u0131 d\u0131\u015f\u0131nda m\u0131 ve sadece yard\u0131m almay\u0131 d\u00fc\u015f\u00fcnd\u00fc\u011f\u00fcn\u00fczde krize mi giriyorsunuz? Sakin olun, size yard\u0131mc\u0131 olabilir: Hizmetimiz sayesinde ray dolap tamirinde profesyonel bir uzmandan hemen yard\u0131m alabilirsiniz &#8221;Ray Dolap Tamircisi&#8221; konusunda yard\u0131ma ihtiyac\u0131n\u0131z varsa veya daha fazla bilgiye ihtiyac\u0131n\u0131z varsa &#8221;Beykoz Ray Dolap Tamircisi&#8221; Pazartesi&#8217;den Cumartesi&#8217;ye 09:00 &#8211; 20:00 saatleri aras\u0131nda 0554 858 1312&#8221; numaradan bizi arayabilir WhatsApp&#8217;tan mesaj g\u00f6nderebilirsiniz size yard\u0131mc\u0131 olmaktan mutluluk duyar\u0131z!<img decoding=\"async\" class=\"alignright wp-image-58\" src=\"https:\/\/www.onlinemarangoz.com.tr\/Beykoz\/wp-content\/uploads\/Beykoz-Ray-Dolap-Sistemleri-Tamiri.jpg\" alt=\"\" width=\"250\" height=\"250\" srcset=\"https:\/\/www.onlinemarangoz.com.tr\/Beykoz\/wp-content\/uploads\/Beykoz-Ray-Dolap-Sistemleri-Tamiri.jpg 300w, https:\/\/www.onlinemarangoz.com.tr\/Beykoz\/wp-content\/uploads\/Beykoz-Ray-Dolap-Sistemleri-Tamiri-150x150.jpg 150w, https:\/\/www.onlinemarangoz.com.tr\/Beykoz\/wp-content\/uploads\/Beykoz-Ray-Dolap-Sistemleri-Tamiri-90x90.jpg 90w\" sizes=\"(max-width: 250px) 100vw, 250px\" \/><\/p>\n<h5>Beykoz Ray Dolap Tamir Servisi.<\/h5>\n<p>Beykoz Ray Dolap Tamir Servisi&#8221; olabilecek t\u00fcm olas\u0131 sorunlar\u0131 biliyoruz ve ar\u0131zaya an\u0131nda \u00e7\u00f6z\u00fcm bulabiliyoruz, \u00e7\u00fcnk\u00fc her marka ve modeldeki t\u00fcm ray dolap tamiri onar\u0131m\u0131 konusunda ray dolab\u0131n\u0131z \u00e7ok eski olsa bile, y\u00fcksek deneyimi ve profesyonelli\u011fiyle ar\u0131zay\u0131 \u00e7\u00f6zmek i\u00e7in size en iyi \u00e7\u00f6z\u00fcm\u00fc \u00f6nerebilecek ray dolap tamiri onar\u0131m\u0131 do\u011frudan evinizde yap\u0131lacak m\u00fcdahaleleri \u00e7ok h\u0131zl\u0131 bir \u015fekilde ger\u00e7ekle\u015ftirmeye kararl\u0131y\u0131z \u21d0 &#8221;Beykoz Ray Dolap Tamir Servisi&#8221; Pazartesi&#8217;den Cumartesi&#8217;ye 09:00 &#8211; 20:00 saatleri aras\u0131nda 0554 858 1312&#8221; numaradan bizi arayabilir WhatsApp&#8217;tan mesaj g\u00f6nderebilirsiniz imkans\u0131z durumlarla kar\u015f\u0131la\u015ft\u0131\u011f\u0131n\u0131z durumlarda m\u00fc\u015fterinin \u00e7\u0131karlar\u0131n\u0131 hedefleyen bir hizmet sunuyoruz, yalan vaatlerde bulunmuyoruz..<img loading=\"lazy\" decoding=\"async\" class=\"alignleft wp-image-269\" src=\"https:\/\/www.onlinemarangoz.com.tr\/Beykoz\/wp-content\/uploads\/Beykoz-Rayli-Dolap-Tamir-Fren-Sistemleri-Tamiri.jpg\" alt=\"\" width=\"250\" height=\"250\" srcset=\"https:\/\/www.onlinemarangoz.com.tr\/Beykoz\/wp-content\/uploads\/Beykoz-Rayli-Dolap-Tamir-Fren-Sistemleri-Tamiri.jpg 300w, https:\/\/www.onlinemarangoz.com.tr\/Beykoz\/wp-content\/uploads\/Beykoz-Rayli-Dolap-Tamir-Fren-Sistemleri-Tamiri-150x150.jpg 150w, https:\/\/www.onlinemarangoz.com.tr\/Beykoz\/wp-content\/uploads\/Beykoz-Rayli-Dolap-Tamir-Fren-Sistemleri-Tamiri-90x90.jpg 90w\" sizes=\"(max-width: 250px) 100vw, 250px\" \/><\/p>\n<h5>Beykoz Ray Dolap Kapak Sistemleri Tamiri.<\/h5>\n<p>Beykoz Ray Dolap Kapak Sistemleri Tamiri&#8221; Ray dolap kapag\u0131n\u0131z ar\u0131zal\u0131 m\u0131 ve sorunun nedenini bilmiyor musunuz? Garanti kapsam\u0131 d\u0131\u015f\u0131nda m\u0131 ve sadece yard\u0131m almay\u0131 d\u00fc\u015f\u00fcnd\u00fc\u011f\u00fcn\u00fczde krize mi giriyorsunuz? Sakin olun, size yard\u0131mc\u0131 olabilir: Hizmetimiz sayesinde ray dolap tamirinde profesyonel bir uzmandan hemen yard\u0131m alabilirsiniz &#8221;Ray Dolap Kapak Sistemleri Tamiri&#8221; Ray Dolap Kapak Sistemleri Tamircisi&#8221; Ray Dolap K\u0131r\u0131k Kapak Sistemleri Tamiri&#8221; Ray Dolap Kapak Sistemleri Tamiri \u1405 Ray Dolap Tamir Servisi yard\u0131m ve onar\u0131m\u0131 ray dolab\u0131n\u0131z\u0131n kapaklar\u0131 art\u0131k ac\u0131l\u0131p kapanmad\u0131g\u0131nda pani\u011fe kap\u0131lmay\u0131n&#8221; Beykoz Ray Dolap Kapak Sistemleri Tamiri&#8221; Pazartesi&#8217;den Cumartesi&#8217;ye 09:00 &#8211; 20:00 saatleri aras\u0131nda 0554 858 1312&#8221; numaradan bizi arayabilir WhatsApp&#8217;tan mesaj g\u00f6nderebilirsiniz talebinizi memnuniyetle kar\u015f\u0131lamaya ve m\u00fcmk\u00fcn olan en k\u0131sa s\u00fcrede tamirini yapmaya haz\u0131r\u0131z.<img loading=\"lazy\" decoding=\"async\" class=\"alignright wp-image-57\" src=\"https:\/\/www.onlinemarangoz.com.tr\/Beykoz\/wp-content\/uploads\/Beykoz-Ray-Dolap-Kapak-Tamiri.jpg\" alt=\"\" width=\"250\" height=\"250\" srcset=\"https:\/\/www.onlinemarangoz.com.tr\/Beykoz\/wp-content\/uploads\/Beykoz-Ray-Dolap-Kapak-Tamiri.jpg 300w, https:\/\/www.onlinemarangoz.com.tr\/Beykoz\/wp-content\/uploads\/Beykoz-Ray-Dolap-Kapak-Tamiri-150x150.jpg 150w, https:\/\/www.onlinemarangoz.com.tr\/Beykoz\/wp-content\/uploads\/Beykoz-Ray-Dolap-Kapak-Tamiri-90x90.jpg 90w\" sizes=\"(max-width: 250px) 100vw, 250px\" \/><\/p>\n<h6>Beykoz Ray Dolap Kapak Mekanizma Tamiri.<\/h6>\n<p>Beykoz Ray Dolap Kapak Mekanizma Tamiri&#8221; onar\u0131m\u0131 konusunda uzman bir teknisyen, ray dolab\u0131n\u0131z\u0131n durumunu kontrol edecek ve onar\u0131m\u0131n yap\u0131l\u0131p yap\u0131lmayaca\u011f\u0131 konusunda size bilgi verecektir \u00e7ok markal\u0131 ray dolap tamir destek hizmetimiz, h\u0131zl\u0131 ve ekonomik bir onar\u0131m ger\u00e7ekle\u015ftirmek i\u00e7in ideal \u00e7\u00f6z\u00fcmd\u00fcr. Mutlak g\u00fcvene ve yetkinli\u011fe sahip teknisyenlerimiz, acil m\u00fcdahalelerde \u00f6nem ta\u015f\u0131yan Beykoz Ray Dolap Kapak Mekanizma Tamiri&#8221; yard\u0131m hizmetini y\u00fcr\u00fctmektedir. Orijinal aksesuar ve yedek par\u00e7a kullan\u0131m\u0131, ray dolap kapaklar\u0131n\u0131z kusursuz onar\u0131m\u0131n\u0131, maksimum performans\u0131 ve zaman i\u00e7inde daha uzun bir kullan\u0131m \u00f6mr\u00fcn\u00fc garanti eder. Ray Dolap Kapak Mekanizma Tamiri&#8221; Ray Dolap K\u0131r\u0131k Kapak Mekanizma Tamiri&#8221;&#8217; Ray Dolap Ar\u0131zal\u0131 Kapak Mekanizma Tamiri&#8221; her t\u00fcrl\u00fc yedek par\u00e7a ihtiyac\u0131n\u0131z\u0131 orijinal yedek par\u00e7alarla eksiksiz olarak kar\u015f\u0131layabiliyoruz &#8221;Beykoz Ray Dolap Kapak Mekanizma Tamiri&#8221; Pazartesi&#8217;den Cumartesi&#8217;ye 09:00 &#8211; 20:00 saatleri aras\u0131nda (0554 858 1312&#8221; numaradan bizi arayabilir WhatsApp&#8217;tan mesaj g\u00f6nderebilirsiniz talebinizi memnuniyetle kar\u015f\u0131lamaya ve m\u00fcmk\u00fcn olan en k\u0131sa s\u00fcrede kar\u015f\u0131lamaya haz\u0131r\u0131z..<img loading=\"lazy\" decoding=\"async\" class=\"alignleft wp-image-271\" src=\"https:\/\/www.onlinemarangoz.com.tr\/Beykoz\/wp-content\/uploads\/Beykoz-Ray-Dolap-Kapak-Fren-Sistemleri-Tamiri.jpg\" alt=\"\" width=\"250\" height=\"250\" srcset=\"https:\/\/www.onlinemarangoz.com.tr\/Beykoz\/wp-content\/uploads\/Beykoz-Ray-Dolap-Kapak-Fren-Sistemleri-Tamiri.jpg 300w, https:\/\/www.onlinemarangoz.com.tr\/Beykoz\/wp-content\/uploads\/Beykoz-Ray-Dolap-Kapak-Fren-Sistemleri-Tamiri-150x150.jpg 150w, https:\/\/www.onlinemarangoz.com.tr\/Beykoz\/wp-content\/uploads\/Beykoz-Ray-Dolap-Kapak-Fren-Sistemleri-Tamiri-90x90.jpg 90w\" sizes=\"(max-width: 250px) 100vw, 250px\" \/><\/p>\n<h3>Beykoz Ray Dolap Kapak Fren Sistemleri Tamiri.<\/h3>\n<p style=\"text-align: center;\">Beykoz Ray Dolap Kapak Fren Sistemleri Tamiri&#8221; sorunlar\u0131 kendi ba\u015f\u0131n\u0131za kontrol edebilirsiniz ancak sorunun k\u00f6kenine inmek i\u00e7in bir teknisyeni araman\u0131z\u0131 \u00f6neririz. Sorunu do\u011fru \u015fekilde te\u015fhis edemedi\u011finiz i\u00e7in yanl\u0131\u015f yedek par\u00e7alara para harcamak zorunda kalmak istemezsiniz \u1405 her t\u00fcrl\u00fc yedek par\u00e7a ihtiyac\u0131n\u0131z\u0131 orijinal yedek par\u00e7alarla eksiksiz olarak kar\u015f\u0131layabiliyoruz&#8221; Beykoz Ray Dolap Kapak Fren Sistemleri Tamiri&#8221; Pazartesi&#8217;den Cumartesi&#8217;ye 09:00 &#8211; 20:00 saatleri aras\u0131nda 0554 858 1312&#8221; numaradan bizi arayabilir WhatsApp&#8217;tan mesaj g\u00f6nderebilirsiniz kaliteli \u00e7al\u0131\u015fma ve m\u00fckemmel m\u00fc\u015fteri hizmetleriyle beklentilerinizi a\u015fmay\u0131 hedefliyoruz.<\/p>\n<h4 style=\"text-align: center;\">\u21d0&#8221; \u0130stanbul Anadolu Yakas\u0131 Ray Dolap Tamir Montaj Servisi &#8221;\u21d2<\/h4>\n\n\n<div class=\"kk-star-ratings kksr-auto kksr-align-left kksr-valign-bottom\"\n    data-payload='{&quot;align&quot;:&quot;left&quot;,&quot;id&quot;:&quot;275&quot;,&quot;slug&quot;:&quot;default&quot;,&quot;valign&quot;:&quot;bottom&quot;,&quot;ignore&quot;:&quot;&quot;,&quot;reference&quot;:&quot;auto&quot;,&quot;class&quot;:&quot;&quot;,&quot;count&quot;:&quot;1&quot;,&quot;legendonly&quot;:&quot;&quot;,&quot;readonly&quot;:&quot;&quot;,&quot;score&quot;:&quot;5&quot;,&quot;starsonly&quot;:&quot;&quot;,&quot;best&quot;:&quot;5&quot;,&quot;gap&quot;:&quot;5&quot;,&quot;greet&quot;:&quot;Beykoz Marangoz\u2b50&quot;,&quot;legend&quot;:&quot;Beykoz Marangoz Ustas\u0131 \u2b50 1&quot;,&quot;size&quot;:&quot;24&quot;,&quot;title&quot;:&quot;Beykoz Ray Dolap Tamiri&quot;,&quot;width&quot;:&quot;142.5&quot;,&quot;_legend&quot;:&quot;Beykoz Marangoz Ustas\u0131 \u2b50 {count}&quot;,&quot;font_factor&quot;:&quot;1.25&quot;}'>\n            \n<div class=\"kksr-stars\">\n    \n<div class=\"kksr-stars-inactive\">\n            <div class=\"kksr-star\" data-star=\"1\" style=\"padding-right: 5px\">\n            \n\n<div class=\"kksr-icon\" style=\"width: 24px; height: 24px;\"><\/div>\n        <\/div>\n            <div class=\"kksr-star\" data-star=\"2\" style=\"padding-right: 5px\">\n            \n\n<div class=\"kksr-icon\" style=\"width: 24px; height: 24px;\"><\/div>\n        <\/div>\n            <div class=\"kksr-star\" data-star=\"3\" style=\"padding-right: 5px\">\n            \n\n<div class=\"kksr-icon\" style=\"width: 24px; height: 24px;\"><\/div>\n        <\/div>\n            <div class=\"kksr-star\" data-star=\"4\" style=\"padding-right: 5px\">\n            \n\n<div class=\"kksr-icon\" style=\"width: 24px; height: 24px;\"><\/div>\n        <\/div>\n            <div class=\"kksr-star\" data-star=\"5\" style=\"padding-right: 5px\">\n            \n\n<div class=\"kksr-icon\" style=\"width: 24px; height: 24px;\"><\/div>\n        <\/div>\n    <\/div>\n    \n<div class=\"kksr-stars-active\" style=\"width: 142.5px;\">\n            <div class=\"kksr-star\" style=\"padding-right: 5px\">\n            \n\n<div class=\"kksr-icon\" style=\"width: 24px; height: 24px;\"><\/div>\n        <\/div>\n            <div class=\"kksr-star\" style=\"padding-right: 5px\">\n            \n\n<div class=\"kksr-icon\" style=\"width: 24px; height: 24px;\"><\/div>\n        <\/div>\n            <div class=\"kksr-star\" style=\"padding-right: 5px\">\n            \n\n<div class=\"kksr-icon\" style=\"width: 24px; height: 24px;\"><\/div>\n        <\/div>\n            <div class=\"kksr-star\" style=\"padding-right: 5px\">\n            \n\n<div class=\"kksr-icon\" style=\"width: 24px; height: 24px;\"><\/div>\n        <\/div>\n            <div class=\"kksr-star\" style=\"padding-right: 5px\">\n            \n\n<div class=\"kksr-icon\" style=\"width: 24px; height: 24px;\"><\/div>\n        <\/div>\n    <\/div>\n<\/div>\n                \n\n<div class=\"kksr-legend\" style=\"font-size: 19.2px;\">\n            Beykoz Marangoz Ustas\u0131 \u2b50 1    <\/div>\n    <\/div>\n","protected":false},"excerpt":{"rendered":"<p>Beykoz Ray Dolap Tamiri &#8211; Ray Dolap Tamircisi Telefon &#8216;!&#8217; 0554 858 1312 \u0130stanbul Anadolu Yakas\u0131 Beykoz Ray Dolap Tamiri&#8221; Ar\u0131zal\u0131 ray dolap tamir edip etmeyece\u011finize veya de\u011fi\u015ftirece\u011finize karar vermek s\u00f6z konusu oldu\u011funda, Beykoz Ray Dolap Tamiri&#8221; size yard\u0131mc\u0131 olabiliriz. Kapak mekanizman\u0131n hasar\u0131 boyutuna ba\u011fl\u0131 olarak ne yapman\u0131z gerekti\u011fi konusunda olduk\u00e7a iyi bir fikre sahipbiz gecikmeden bizi aray\u0131n, Ray Dolap Tamiri&#8221; talebinizi memnuniyetle kar\u015f\u0131lamaya ve m\u00fcmk\u00fcn olan en k\u0131sa s\u00fcrede tamir etmeye haz\u0131r\u0131z. Kaliteli \u00e7al\u0131\u015fma ve m\u00fckemmel m\u00fc\u015fteri hizmetleriyle beklentilerinizi a\u015fmay\u0131 hedefliyoruz. Beykoz Ray Dolap Tamiri. Beykoz Ray Dolap Tamiri&#8221; Ray Dolap Tamiri&#8221; Ray Dolap Kapak Tamiri&#8221; Ray Dolap Kapak Tekerle\u011fi Tamiri&#8221; Ray Dolap Kapak Sistemleri Tamiri&#8221; Ray Dolap Kapak Mekanizma Tamiri&#8221; Ray Dolap Kapak Fren Sistemleri Tamiri \u1405 Beykoz Ray Dolap Tamiri&#8221; Pazartesi&#8217;den Cumartesi&#8217;ye 09:00 &#8211; 20:00 saatleri aras\u0131nda 0554 858 1312&#8221; numaradan bizi arayabilir WhatsApp&#8217;tan mesaj g\u00f6nderebilirsiniz size profesyonel ve g\u00fcvenilir bir hizmet sunarak hizmetinizdeyiz. Beykoz Ray Dolap Tamircisi. Beykoz Ray Dolap Tamircisi&#8221; Ray dolap kapag\u0131n\u0131z ar\u0131zal\u0131 m\u0131 ve sorunun nedenini bilmiyor musunuz? Garanti kapsam\u0131 d\u0131\u015f\u0131nda m\u0131 ve sadece yard\u0131m almay\u0131 d\u00fc\u015f\u00fcnd\u00fc\u011f\u00fcn\u00fczde krize mi giriyorsunuz? Sakin olun, size yard\u0131mc\u0131 olabilir: Hizmetimiz sayesinde ray dolap tamirinde profesyonel bir uzmandan hemen yard\u0131m alabilirsiniz &#8221;Ray Dolap Tamircisi&#8221; konusunda yard\u0131ma ihtiyac\u0131n\u0131z varsa veya daha fazla bilgiye ihtiyac\u0131n\u0131z varsa &#8221;Beykoz Ray Dolap Tamircisi&#8221; Pazartesi&#8217;den Cumartesi&#8217;ye 09:00 &#8211; 20:00 saatleri aras\u0131nda 0554 858 1312&#8221; numaradan bizi arayabilir WhatsApp&#8217;tan mesaj g\u00f6nderebilirsiniz size yard\u0131mc\u0131 olmaktan mutluluk duyar\u0131z! Beykoz Ray Dolap Tamir Servisi. Beykoz Ray Dolap Tamir Servisi&#8221; olabilecek t\u00fcm olas\u0131 sorunlar\u0131 biliyoruz ve ar\u0131zaya an\u0131nda \u00e7\u00f6z\u00fcm bulabiliyoruz, \u00e7\u00fcnk\u00fc her marka ve modeldeki t\u00fcm ray dolap tamiri onar\u0131m\u0131 konusunda ray dolab\u0131n\u0131z \u00e7ok eski olsa bile, y\u00fcksek deneyimi ve profesyonelli\u011fiyle ar\u0131zay\u0131 \u00e7\u00f6zmek i\u00e7in size en iyi \u00e7\u00f6z\u00fcm\u00fc \u00f6nerebilecek ray dolap tamiri onar\u0131m\u0131 do\u011frudan evinizde yap\u0131lacak m\u00fcdahaleleri \u00e7ok h\u0131zl\u0131 bir \u015fekilde ger\u00e7ekle\u015ftirmeye kararl\u0131y\u0131z \u21d0 &#8221;Beykoz Ray Dolap Tamir Servisi&#8221; Pazartesi&#8217;den Cumartesi&#8217;ye 09:00 &#8211; 20:00 saatleri aras\u0131nda 0554 858 1312&#8221; numaradan bizi arayabilir WhatsApp&#8217;tan mesaj g\u00f6nderebilirsiniz imkans\u0131z durumlarla kar\u015f\u0131la\u015ft\u0131\u011f\u0131n\u0131z durumlarda m\u00fc\u015fterinin \u00e7\u0131karlar\u0131n\u0131 hedefleyen bir hizmet sunuyoruz, yalan vaatlerde bulunmuyoruz.. Beykoz Ray Dolap Kapak Sistemleri Tamiri. Beykoz Ray Dolap Kapak Sistemleri Tamiri&#8221; Ray dolap kapag\u0131n\u0131z ar\u0131zal\u0131 m\u0131 ve sorunun nedenini bilmiyor musunuz? Garanti&#8230; <a class=\"di-continue-reading\" href=\"https:\/\/www.onlinemarangoz.com.tr\/Beykoz\/beykoz-ray-dolap-tamiri\/\"> Continue Reading&#8230;<\/a><\/p>\n","protected":false},"author":1,"featured_media":0,"parent":0,"menu_order":2000,"comment_status":"closed","ping_status":"closed","template":"","meta":{"footnotes":""},"categories":[1],"tags":[236,235,234,233,231,230,232],"class_list":["post-275","page","type-page","status-publish","hentry","category-beykoz-mobilya-tamir-bakim-montaj-servisi","tag-beykoz-ray-dolap-kapak-fren-sistemleri-tamiri","tag-beykoz-ray-dolap-kapak-mekanizma-tamiri","tag-beykoz-ray-dolap-kapak-sistemleri-tamiri","tag-beykoz-ray-dolap-tamir-servisi","tag-beykoz-ray-dolap-tamircisi","tag-beykoz-ray-dolap-tamiri","tag-beykoz-ray-dolap-tamiri-telefon"],"_links":{"self":[{"href":"https:\/\/www.onlinemarangoz.com.tr\/Beykoz\/wp-json\/wp\/v2\/pages\/275","targetHints":{"allow":["GET"]}}],"collection":[{"href":"https:\/\/www.onlinemarangoz.com.tr\/Beykoz\/wp-json\/wp\/v2\/pages"}],"about":[{"href":"https:\/\/www.onlinemarangoz.com.tr\/Beykoz\/wp-json\/wp\/v2\/types\/page"}],"author":[{"embeddable":true,"href":"https:\/\/www.onlinemarangoz.com.tr\/Beykoz\/wp-json\/wp\/v2\/users\/1"}],"replies":[{"embeddable":true,"href":"https:\/\/www.onlinemarangoz.com.tr\/Beykoz\/wp-json\/wp\/v2\/comments?post=275"}],"version-history":[{"count":0,"href":"https:\/\/www.onlinemarangoz.com.tr\/Beykoz\/wp-json\/wp\/v2\/pages\/275\/revisions"}],"wp:attachment":[{"href":"https:\/\/www.onlinemarangoz.com.tr\/Beykoz\/wp-json\/wp\/v2\/media?parent=275"}],"wp:term":[{"taxonomy":"category","embeddable":true,"href":"https:\/\/www.onlinemarangoz.com.tr\/Beykoz\/wp-json\/wp\/v2\/categories?post=275"},{"taxonomy":"post_tag","embeddable":true,"href":"https:\/\/www.onlinemarangoz.com.tr\/Beykoz\/wp-json\/wp\/v2\/tags?post=275"}],"curies":[{"name":"wp","href":"https:\/\/api.w.org\/{rel}","templated":true}]}}