{"id":279,"date":"2024-01-07T15:27:52","date_gmt":"2024-01-07T15:27:52","guid":{"rendered":"https:\/\/www.onlinemarangoz.com.tr\/Cekmekoy\/?page_id=279"},"modified":"2024-01-07T15:27:52","modified_gmt":"2024-01-07T15:27:52","slug":"cekmekoy-ray-dolap-tamiri","status":"publish","type":"page","link":"https:\/\/www.onlinemarangoz.com.tr\/Cekmekoy\/cekmekoy-ray-dolap-tamiri\/","title":{"rendered":"\u00c7ekmek\u00f6y Ray Dolap Tamiri"},"content":{"rendered":"<p>\u00c7ekmek\u00f6y Ray Dolap Tamiri &amp; Ray Dolap Tamircisi Telefon 0554 858 1312 \u0130stanbul Anadolu Yakas\u0131 \u00c7ekmek\u00f6y Ray Dolap Tamiri&#8221; Ray Dolap Gard\u0131roplar her g\u00fcn kulland\u0131\u011f\u0131m\u0131z ve bazen uzun s\u00fcre dayanabilmeleri i\u00e7in bak\u0131m veya onar\u0131ma ihtiya\u00e7 duyan mobilyalard\u0131r. Sorunun boyutuna ba\u011fl\u0131 olarak \u00e7o\u011fu durumda h\u0131zl\u0131 ve kesin bir hizmet sunabiliyoruz. \u00c7ekmek\u00f6y Ray Dolap Tamir Servisi&#8221; Duruma g\u00f6re hasarl\u0131 ve ar\u0131zal\u0131 ray dolaplar\u0131n tamiri i\u00e7in en iyi \u00e7\u00f6z\u00fcm\u00fc sunabilmekteyiz. Tecr\u00fcbemiz sayesinde \u00e7o\u011fu zaman m\u00fc\u015fteriyle ilk telefon g\u00f6r\u00fc\u015fmesinden itibaren m\u00fcdahalenin t\u00fcr\u00fcn\u00fc ve yap\u0131labilirli\u011fini anlayabiliyor ve kabaca bir tahminde bulunabiliyoruz. Bu, zamandan tasarruf sa\u011flar ve hasar ciddi de\u011filse, s\u00f6z konusu Ray dolap tamiri onar\u0131lmas\u0131 i\u00e7in tek bir servis yeterli olacakt\u0131r.<\/p>\n<figure id=\"attachment_280\" aria-describedby=\"caption-attachment-280\" style=\"width: 500px\" class=\"wp-caption alignright\"><img fetchpriority=\"high\" decoding=\"async\" class=\"size-full wp-image-280\" src=\"https:\/\/www.onlinemarangoz.com.tr\/Cekmekoy\/wp-content\/uploads\/Cekmekoy-Ray-Dolap-Tamir.jpg\" alt=\"\u00c7ekmek\u00f6y Ray Dolap Tamiri\" width=\"500\" height=\"250\" srcset=\"https:\/\/www.onlinemarangoz.com.tr\/Cekmekoy\/wp-content\/uploads\/Cekmekoy-Ray-Dolap-Tamir.jpg 500w, https:\/\/www.onlinemarangoz.com.tr\/Cekmekoy\/wp-content\/uploads\/Cekmekoy-Ray-Dolap-Tamir-300x150.jpg 300w\" sizes=\"(max-width: 500px) 100vw, 500px\" \/><figcaption id=\"caption-attachment-280\" class=\"wp-caption-text\">\u00c7ekmek\u00f6y Ray Dolap Tamiri<\/figcaption><\/figure>\n<h2 style=\"text-align: center;\"><span style=\"vertical-align: inherit;\">\u00c7ekmek\u00f6y Ray Dolap Tamiri<\/span><\/h2>\n<p style=\"text-align: center;\"><strong><span style=\"color: #0000ff;\"><a style=\"color: #0000ff;\" href=\"https:\/\/www.raydolaptamiri.com.tr\/cekmekoy-ray-dolap-tamiri\/\" target=\"_blank\" rel=\"noopener\">\u00c7ekmek\u00f6y Ray Dolap Tamiri<\/a><\/span><\/strong>&#8221; Piyasada bulunan t\u00fcm ray dolap markalar\u0131na, \u00c7ekmek\u00f6y&#8217; \u00fcn her b\u00f6lgesini kapsayan ray dolap tamiri hizmeti vermekteyiz Hangi marka ray dolapb\u0131n\u0131z olursa olsun, sorunu do\u011fru bir \u015fekilde te\u015fhis etmek i\u00e7in ustalar\u0131m\u0131za g\u00fcvenebilirsiniz. Ray Dolap Kapak Tamiri&#8221; Ray Dolap Tekerlegi Tamiri&#8221; Ray Dolap K\u0131r\u0131k Kapak Sistemleri Tamiri&#8221; Ray Dolap Kapak K\u0131r\u0131k Mekanizma Tamiri&#8221; Ray Dolap Kapak Ar\u0131zal\u0131 Fren Sistemleri Tamiri&#8221; \u00c7ekmek\u00f6y Ray Dolap Tamiri&#8221; m\u00fcdahalelerinizi \u00e7ok h\u0131zl\u0131 bir \u015fekilde ger\u00e7ekle\u015ftirmeye kararl\u0131y\u0131z: bizi Pazartesi&#8217;den Cumartesi&#8217;ye (09:00 &#8211; 20:00 aras\u0131) 0554 858 1312&#8221; numaral\u0131 telefondan arayabilir WhatsApp&#8217;tan mesaj g\u00f6nderebilirsiniz.<img decoding=\"async\" class=\"size-full wp-image-39 alignleft\" src=\"https:\/\/www.onlinemarangoz.com.tr\/Cekmekoy\/wp-content\/uploads\/Cekmekoy-Ray-Dolap-Tamiri.jpg\" alt=\"\" width=\"300\" height=\"300\" srcset=\"https:\/\/www.onlinemarangoz.com.tr\/Cekmekoy\/wp-content\/uploads\/Cekmekoy-Ray-Dolap-Tamiri.jpg 300w, https:\/\/www.onlinemarangoz.com.tr\/Cekmekoy\/wp-content\/uploads\/Cekmekoy-Ray-Dolap-Tamiri-150x150.jpg 150w, https:\/\/www.onlinemarangoz.com.tr\/Cekmekoy\/wp-content\/uploads\/Cekmekoy-Ray-Dolap-Tamiri-90x90.jpg 90w\" sizes=\"(max-width: 300px) 100vw, 300px\" \/><\/p>\n<h3 align=\"CENTER\">\u00c7ekmek\u00f6y Ray Dolap Tamircisi&#8217;<\/h3>\n<p style=\"text-align: center;\">\u00c7ekmek\u00f6y Ray Dolap Tamircisi&#8221; \u00d6zellikle ray dolaplarda, klasik kap\u0131 s\u0131k\u0131\u015fmas\u0131 sorunuyla s\u0131k s\u0131k kar\u015f\u0131la\u015f\u0131rs\u0131n\u0131z, bu da gard\u0131robun bir k\u0131sm\u0131na eri\u015fememe rahats\u0131zl\u0131\u011f\u0131 yarat\u0131r. Bu genellikle kap\u0131lardan birinin raydan \u00e7\u0131kmas\u0131, a\u015f\u0131r\u0131 g\u00fc\u00e7l\u00fc kapanma nedeniyle veya y\u0131llar ge\u00e7tik\u00e7e kap\u0131n\u0131n ba\u015flang\u0131\u00e7taki ayar\u0131n\u0131 kaybetmesi ve ger\u00e7ekten s\u0131k\u0131\u015fana veya raydan tamamen \u00e7\u0131kana kadar k\u00f6t\u00fc bir \u015fekilde kaymaya ba\u015flamas\u0131 nedeniyle meydana gelir. Gard\u0131ropu en iyi duruma getirmek i\u00e7in bunu kendi ba\u015f\u0131n\u0131za yapmak iyi bir fikir de\u011fildir, \u00e7\u00fcnk\u00fc art\u0131k ray dolap kap\u0131lar\u0131, do\u011fru \u015fekilde kullan\u0131lmazsa d\u00fc\u015ferek hasara neden olabilir. Ayr\u0131ca kap\u0131lar\u0131n s\u0131kl\u0131kla yeniden ayarlanmas\u0131 gerekti\u011finden profesyonel m\u00fcdahale gereklidir, aksi takdirde k\u0131sa s\u00fcrede ayn\u0131 sorunla kar\u015f\u0131la\u015f\u0131rs\u0131n\u0131z ki bu durumda esas olarak kap\u0131lar\u0131n ayar\u0131n\u0131 kaybetmesinden kaynaklan\u0131r ve bu nedenle ayarlanmas\u0131 gerekir. \u00c7ekmek\u00f6y Ray Dolap Tamircisi&#8217; her t\u00fcrl\u00fc ray dolap tamiri onar\u0131m\u0131, tadilat\u0131, restorasyonu veya montaj\u0131 i\u00e7in 0554 858 1312&#8217;yi aray\u0131n ; servis ara\u00e7lar\u0131m\u0131zla \u00c7ekmek\u00f6y&#8217; \u00fcn her mahallesine m\u00fcmk\u00fcn olan en k\u0131sa s\u00fcrede yan\u0131n\u0131zda olaca\u011f\u0131z.<\/p>\n<table style=\"border-collapse: collapse; width: 100%;\">\n<tbody>\n<tr>\n<td style=\"width: 33.3333%;\">\n<h4 style=\"text-align: center;\">\u00c7ekmek\u00f6y Ray Dolap Kapak Sistemleri Tamiri<\/h4>\n<p><img decoding=\"async\" class=\"size-full wp-image-37 aligncenter\" src=\"https:\/\/www.onlinemarangoz.com.tr\/Cekmekoy\/wp-content\/uploads\/Cekmekoy-Ray-Dolap-Kapak-Sistemleri-Tamiri.jpg\" alt=\"\" width=\"300\" height=\"300\" srcset=\"https:\/\/www.onlinemarangoz.com.tr\/Cekmekoy\/wp-content\/uploads\/Cekmekoy-Ray-Dolap-Kapak-Sistemleri-Tamiri.jpg 300w, https:\/\/www.onlinemarangoz.com.tr\/Cekmekoy\/wp-content\/uploads\/Cekmekoy-Ray-Dolap-Kapak-Sistemleri-Tamiri-150x150.jpg 150w, https:\/\/www.onlinemarangoz.com.tr\/Cekmekoy\/wp-content\/uploads\/Cekmekoy-Ray-Dolap-Kapak-Sistemleri-Tamiri-90x90.jpg 90w\" sizes=\"(max-width: 300px) 100vw, 300px\" \/><\/td>\n<td><img loading=\"lazy\" decoding=\"async\" class=\"size-full wp-image-271 aligncenter\" src=\"https:\/\/www.onlinemarangoz.com.tr\/Cekmekoy\/wp-content\/uploads\/Cekmekoy-Ray-Dolap-Kapak-Fren-Sistemleri-Tamiri.jpg\" alt=\"\" width=\"300\" height=\"300\" srcset=\"https:\/\/www.onlinemarangoz.com.tr\/Cekmekoy\/wp-content\/uploads\/Cekmekoy-Ray-Dolap-Kapak-Fren-Sistemleri-Tamiri.jpg 300w, https:\/\/www.onlinemarangoz.com.tr\/Cekmekoy\/wp-content\/uploads\/Cekmekoy-Ray-Dolap-Kapak-Fren-Sistemleri-Tamiri-150x150.jpg 150w, https:\/\/www.onlinemarangoz.com.tr\/Cekmekoy\/wp-content\/uploads\/Cekmekoy-Ray-Dolap-Kapak-Fren-Sistemleri-Tamiri-90x90.jpg 90w\" sizes=\"(max-width: 300px) 100vw, 300px\" \/><\/p>\n<h5 style=\"text-align: center;\">\u00c7ekmek\u00f6y Ray Dolap Kapak Fren Sistemleri Tamiri<\/h5>\n<\/td>\n<td style=\"width: 33.3333%;\">\n<h6 style=\"text-align: center;\">\u00c7ekmek\u00f6y Ray Dolap Kapak Mekanizma Tamiri<\/h6>\n<p><img loading=\"lazy\" decoding=\"async\" class=\"size-full wp-image-272 aligncenter\" src=\"https:\/\/www.onlinemarangoz.com.tr\/Cekmekoy\/wp-content\/uploads\/Cekmekoy-Rayli-Dolap-Kapak-Sistemleri-Tamiri.jpg\" alt=\"\" width=\"300\" height=\"300\" srcset=\"https:\/\/www.onlinemarangoz.com.tr\/Cekmekoy\/wp-content\/uploads\/Cekmekoy-Rayli-Dolap-Kapak-Sistemleri-Tamiri.jpg 300w, https:\/\/www.onlinemarangoz.com.tr\/Cekmekoy\/wp-content\/uploads\/Cekmekoy-Rayli-Dolap-Kapak-Sistemleri-Tamiri-150x150.jpg 150w, https:\/\/www.onlinemarangoz.com.tr\/Cekmekoy\/wp-content\/uploads\/Cekmekoy-Rayli-Dolap-Kapak-Sistemleri-Tamiri-90x90.jpg 90w\" sizes=\"(max-width: 300px) 100vw, 300px\" \/><\/td>\n<\/tr>\n<\/tbody>\n<\/table>\n<h4 align=\"CENTER\">\u00c7ekmek\u00f6y Ray Dolap Tamir Servisi<\/h4>\n<p style=\"text-align: center;\">\u00c7ekmek\u00f6y Ray Dolap Tamir Servisi&#8221; Ray dolab\u0131n\u0131z hen\u00fcz tamir edilebilir durumdayken yeni bir dolap sat\u0131n almak yerine tamir ettirmekten \u00e7ekiniyor musunuz ? \u00c7ekmek\u00f6y Ray Dolap Tamir Servisi, sabit ve ucuz bir tarifeyle y\u00fcksek kaliteli malzemeler ile m\u00fc\u015fterilerimize ayn\u0131 derecede y\u00fcksek kalitede yard\u0131m sunmak istiyoruz. \u00c7ekmek\u00f6y Ray Dolap Tamir Servisi&#8217; m\u00fc\u015fterileri bizden bunu bekliyor ve biz de bu beklentileri kar\u015f\u0131lamak istiyoruz. T\u00fcm bu nedenlerden dolay\u0131 s\u00fcrg\u00fcl\u00fc ray dolap gard\u0131robunuzda az \u00e7ok ciddi bir sorun varsa yine de s\u00fcrg\u00fcl\u00fc kap\u0131lar\u0131n tamiri onar\u0131m\u0131n\u0131 g\u00fcvenli bir \u015fekilde yapabilecek uzman personele ba\u015fvurman\u0131z iyi bir fikirdir. Ayr\u0131ca k\u0131r\u0131k tekerlekler, hasarl\u0131 raylar ve daha fazlas\u0131n\u0131n de\u011fi\u015ftirilmesini ve onar\u0131lmas\u0131n\u0131 da de\u011ferlendiriyoruz. \u00c7ekmek\u00f6y b\u00f6lgesindeki ray dolap s\u00fcrg\u00fc kap\u0131l\u0131 gard\u0131roplar\u0131n onar\u0131m\u0131 i\u00e7in tecr\u00fcbemize ve profesyonelli\u011fimize g\u00fcvenin.\u00a0<span style=\"color: #ff0000;\"><strong><a style=\"color: #ff0000;\" href=\"https:\/\/www.onlinemarangoz.com.tr\/Cekmekoy\/\" target=\"_blank\" rel=\"noopener\">\u00c7ekmek\u00f6y Ray Dolap Tamir Servisi<\/a><\/strong><\/span>&#8221; yararlanmak i\u00e7in hizmetlerimizi kullanmaya karar verirseniz 0554 858 1312 numaram\u0131z\u0131 arayarak, size uygun bir g\u00fcn ve saatte ray dolap kapak sistemleri \u00e7al\u0131\u015ft\u0131r\u0131lmas\u0131 veya bak\u0131m\u0131yla ilgili sorunlar olmas\u0131 durumunda size yard\u0131mc\u0131 olmak i\u00e7in hizmetinizdeyiz.<\/p>\n<p style=\"text-align: center;\">\u00c7ekmek\u00f6y Ray Dolap Tamiri Telefon Ula\u015f\u0131n<\/p>\n<p style=\"text-align: center;\">Herhangi bir \u015f\u00fcpheniz varsa veya deste\u011fe ihtiyac\u0131n\u0131z varsa, ray dolap kapak sistemleri \u00e7al\u0131\u015ft\u0131r\u0131lmas\u0131 veya bak\u0131m\u0131yla ilgili sorunlar olmas\u0131 durumunda size yard\u0131mc\u0131 olmak i\u00e7in hizmetinizdeyiz<\/p>\n<table style=\"border-collapse: collapse; width: 100%;\">\n<tbody>\n<tr>\n<td style=\"width: 50%;\">\n<p><figure id=\"attachment_275\" aria-describedby=\"caption-attachment-275\" style=\"width: 500px\" class=\"wp-caption aligncenter\"><a href=\"https:\/\/wa.me\/+905548581312\" target=\"_blank\" rel=\"noopener\"><img loading=\"lazy\" decoding=\"async\" class=\"wp-image-275 size-full\" title=\"Tezcan Usta Whatsapp Hemen T\u0131kla Mesaj At\" src=\"https:\/\/www.onlinemarangoz.com.tr\/Cekmekoy\/wp-content\/uploads\/Whatsapp-Tikla-Hemen-Ara.jpg\" alt=\"Tezcan Usta Whatsapp Hemen T\u0131kla Mesaj At\" width=\"500\" height=\"120\" srcset=\"https:\/\/www.onlinemarangoz.com.tr\/Cekmekoy\/wp-content\/uploads\/Whatsapp-Tikla-Hemen-Ara.jpg 500w, https:\/\/www.onlinemarangoz.com.tr\/Cekmekoy\/wp-content\/uploads\/Whatsapp-Tikla-Hemen-Ara-300x72.jpg 300w\" sizes=\"(max-width: 500px) 100vw, 500px\" \/><\/a><figcaption id=\"caption-attachment-275\" class=\"wp-caption-text\">Tezcan Usta Whatsapp Hemen T\u0131kla Mesaj At<\/figcaption><\/figure><\/td>\n<td style=\"width: 50%;\">\n<p><figure id=\"attachment_276\" aria-describedby=\"caption-attachment-276\" style=\"width: 500px\" class=\"wp-caption aligncenter\"><a href=\"tel:\/\/+905548581312\" target=\"_blank\" rel=\"noopener\"><img loading=\"lazy\" decoding=\"async\" class=\"wp-image-276 size-full\" title=\"Tezcan Usta Telefon Hemen T\u0131kla Ara\" src=\"https:\/\/www.onlinemarangoz.com.tr\/Cekmekoy\/wp-content\/uploads\/Telefon-Hemen-Ara.jpg\" alt=\"Tezcan Usta Telefon Hemen T\u0131kla Ara\" width=\"500\" height=\"120\" srcset=\"https:\/\/www.onlinemarangoz.com.tr\/Cekmekoy\/wp-content\/uploads\/Telefon-Hemen-Ara.jpg 500w, https:\/\/www.onlinemarangoz.com.tr\/Cekmekoy\/wp-content\/uploads\/Telefon-Hemen-Ara-300x72.jpg 300w\" sizes=\"(max-width: 500px) 100vw, 500px\" \/><\/a><figcaption id=\"caption-attachment-276\" class=\"wp-caption-text\">Tezcan Usta Telefon Hemen T\u0131kla Ara<\/figcaption><\/figure><\/td>\n<\/tr>\n<\/tbody>\n<\/table>\n<h6 style=\"text-align: center;\">((( \u0130stanbul Anadolu Yakas\u0131 Ray Dolap Tamir Montaj Servisi )))<\/h6>\n\n\n<div class=\"kk-star-ratings kksr-auto kksr-align-left kksr-valign-bottom\"\n    data-payload='{&quot;align&quot;:&quot;left&quot;,&quot;id&quot;:&quot;279&quot;,&quot;slug&quot;:&quot;default&quot;,&quot;valign&quot;:&quot;bottom&quot;,&quot;ignore&quot;:&quot;&quot;,&quot;reference&quot;:&quot;auto&quot;,&quot;class&quot;:&quot;&quot;,&quot;count&quot;:&quot;5&quot;,&quot;legendonly&quot;:&quot;&quot;,&quot;readonly&quot;:&quot;&quot;,&quot;score&quot;:&quot;5&quot;,&quot;starsonly&quot;:&quot;&quot;,&quot;best&quot;:&quot;5&quot;,&quot;gap&quot;:&quot;5&quot;,&quot;greet&quot;:&quot;\u00c7ekmek\u00f6y Marangoz \u2692\ufe0f\u00a0&quot;,&quot;legend&quot;:&quot;\u00c7ekmek\u00f6y Marangoz Ustas\u0131 \u2692\ufe0f\u00a05&quot;,&quot;size&quot;:&quot;24&quot;,&quot;title&quot;:&quot;\u00c7ekmek\u00f6y Ray Dolap Tamiri&quot;,&quot;width&quot;:&quot;142.5&quot;,&quot;_legend&quot;:&quot;\u00c7ekmek\u00f6y Marangoz Ustas\u0131 \u2692\ufe0f\u00a0{count}&quot;,&quot;font_factor&quot;:&quot;1.25&quot;}'>\n            \n<div class=\"kksr-stars\">\n    \n<div class=\"kksr-stars-inactive\">\n            <div class=\"kksr-star\" data-star=\"1\" style=\"padding-right: 5px\">\n            \n\n<div class=\"kksr-icon\" style=\"width: 24px; height: 24px;\"><\/div>\n        <\/div>\n            <div class=\"kksr-star\" data-star=\"2\" style=\"padding-right: 5px\">\n            \n\n<div class=\"kksr-icon\" style=\"width: 24px; height: 24px;\"><\/div>\n        <\/div>\n            <div class=\"kksr-star\" data-star=\"3\" style=\"padding-right: 5px\">\n            \n\n<div class=\"kksr-icon\" style=\"width: 24px; height: 24px;\"><\/div>\n        <\/div>\n            <div class=\"kksr-star\" data-star=\"4\" style=\"padding-right: 5px\">\n            \n\n<div class=\"kksr-icon\" style=\"width: 24px; height: 24px;\"><\/div>\n        <\/div>\n            <div class=\"kksr-star\" data-star=\"5\" style=\"padding-right: 5px\">\n            \n\n<div class=\"kksr-icon\" style=\"width: 24px; height: 24px;\"><\/div>\n        <\/div>\n    <\/div>\n    \n<div class=\"kksr-stars-active\" style=\"width: 142.5px;\">\n            <div class=\"kksr-star\" style=\"padding-right: 5px\">\n            \n\n<div class=\"kksr-icon\" style=\"width: 24px; height: 24px;\"><\/div>\n        <\/div>\n            <div class=\"kksr-star\" style=\"padding-right: 5px\">\n            \n\n<div class=\"kksr-icon\" style=\"width: 24px; height: 24px;\"><\/div>\n        <\/div>\n            <div class=\"kksr-star\" style=\"padding-right: 5px\">\n            \n\n<div class=\"kksr-icon\" style=\"width: 24px; height: 24px;\"><\/div>\n        <\/div>\n            <div class=\"kksr-star\" style=\"padding-right: 5px\">\n            \n\n<div class=\"kksr-icon\" style=\"width: 24px; height: 24px;\"><\/div>\n        <\/div>\n            <div class=\"kksr-star\" style=\"padding-right: 5px\">\n            \n\n<div class=\"kksr-icon\" style=\"width: 24px; height: 24px;\"><\/div>\n        <\/div>\n    <\/div>\n<\/div>\n                \n\n<div class=\"kksr-legend\" style=\"font-size: 19.2px;\">\n            \u00c7ekmek\u00f6y Marangoz Ustas\u0131 \u2692\ufe0f\u00a05    <\/div>\n    <\/div>\n","protected":false},"excerpt":{"rendered":"<p>\u00c7ekmek\u00f6y Ray Dolap Tamiri &amp; Ray Dolap Tamircisi Telefon 0554 858 1312 \u0130stanbul Anadolu Yakas\u0131 \u00c7ekmek\u00f6y Ray Dolap Tamiri&#8221; Ray Dolap Gard\u0131roplar her g\u00fcn kulland\u0131\u011f\u0131m\u0131z ve bazen uzun s\u00fcre dayanabilmeleri i\u00e7in bak\u0131m veya onar\u0131ma ihtiya\u00e7 duyan mobilyalard\u0131r. Sorunun boyutuna ba\u011fl\u0131&#8230; <a class=\"di-continue-reading\" href=\"https:\/\/www.onlinemarangoz.com.tr\/Cekmekoy\/cekmekoy-ray-dolap-tamiri\/\"> Continue Reading&#8230;<\/a><\/p>\n","protected":false},"author":1,"featured_media":0,"parent":0,"menu_order":2000,"comment_status":"closed","ping_status":"closed","template":"","meta":{"footnotes":""},"categories":[1],"tags":[192,191,190,189,187,186,188],"class_list":["post-279","page","type-page","status-publish","hentry","category-cekmekoy-mobilya-tamir-montaj-servisi","tag-cekmekoy-ray-dolap-kapak-fren-sistemleri-tamiri","tag-cekmekoy-ray-dolap-kapak-mekanizma-tamiri","tag-cekmekoy-ray-dolap-kapak-sistemleri-tamiri","tag-cekmekoy-ray-dolap-tamir-servisi","tag-cekmekoy-ray-dolap-tamircisi","tag-cekmekoy-ray-dolap-tamiri","tag-cekmekoy-ray-dolap-tamiri-telefon"],"_links":{"self":[{"href":"https:\/\/www.onlinemarangoz.com.tr\/Cekmekoy\/wp-json\/wp\/v2\/pages\/279","targetHints":{"allow":["GET"]}}],"collection":[{"href":"https:\/\/www.onlinemarangoz.com.tr\/Cekmekoy\/wp-json\/wp\/v2\/pages"}],"about":[{"href":"https:\/\/www.onlinemarangoz.com.tr\/Cekmekoy\/wp-json\/wp\/v2\/types\/page"}],"author":[{"embeddable":true,"href":"https:\/\/www.onlinemarangoz.com.tr\/Cekmekoy\/wp-json\/wp\/v2\/users\/1"}],"replies":[{"embeddable":true,"href":"https:\/\/www.onlinemarangoz.com.tr\/Cekmekoy\/wp-json\/wp\/v2\/comments?post=279"}],"version-history":[{"count":0,"href":"https:\/\/www.onlinemarangoz.com.tr\/Cekmekoy\/wp-json\/wp\/v2\/pages\/279\/revisions"}],"wp:attachment":[{"href":"https:\/\/www.onlinemarangoz.com.tr\/Cekmekoy\/wp-json\/wp\/v2\/media?parent=279"}],"wp:term":[{"taxonomy":"category","embeddable":true,"href":"https:\/\/www.onlinemarangoz.com.tr\/Cekmekoy\/wp-json\/wp\/v2\/categories?post=279"},{"taxonomy":"post_tag","embeddable":true,"href":"https:\/\/www.onlinemarangoz.com.tr\/Cekmekoy\/wp-json\/wp\/v2\/tags?post=279"}],"curies":[{"name":"wp","href":"https:\/\/api.w.org\/{rel}","templated":true}]}}