{"id":607,"date":"2024-03-22T19:21:20","date_gmt":"2024-03-22T19:21:20","guid":{"rendered":"https:\/\/www.onlinemarangoz.com.tr\/Cekmekoy\/?page_id=607"},"modified":"2024-04-03T01:30:36","modified_gmt":"2024-04-03T01:30:36","slug":"cekmekoy-sandalye-tamiri","status":"publish","type":"page","link":"https:\/\/www.onlinemarangoz.com.tr\/Cekmekoy\/cekmekoy-sandalye-tamiri\/","title":{"rendered":"\u00c7ekmek\u00f6y Sandalye Tamiri"},"content":{"rendered":"<p>\u00c7ekmek\u00f6y Sandalye Tamiri &#8211; Sandalye Tamiri Telefon 0554085801312&#8217;\u2771 numaral\u0131 telefondan bizi arayabilirsiniz. \u0130stanbul Anadolu Yakas\u0131 \u00c7ekmek\u00f6y&#8217;de Pazartesi&#8217;den \u00c7umartesi&#8217; ne&#8217; Sabah 09 : 00 \u2013 Ak\u015fam 20 : 00 ve Cumartesi sabah 09 : 00 \u2013 19 : 00 saatleri aras\u0131nda, \u00c7ekmek\u00f6y Sandalye Tamir Servisi, \u00c7ekmek\u00f6y G\u0131c\u0131rdayan Sandalye Tamiri, \u00c7ekmek\u00f6y K\u0131r\u0131k Sandalye Tamir Edilir, \u00c7ekmek\u00f6y K\u0131r\u0131k Sandalye Aya\u011f\u0131 Tamiri, \u00c7ekmek\u00f6y Ah\u015fap Sandalye Tamiri Yap\u0131l\u0131r, <span lang=\"en\">sizlere h\u0131zl\u0131 ve etkili \u00e7\u00f6z\u00fcmler sunmak i\u00e7in bizi aray\u0131n.<img fetchpriority=\"high\" decoding=\"async\" class=\"alignright wp-image-620 size-full\" title=\"\u00c7ekmek\u00f6y Sandalye Tamiri\" src=\"https:\/\/www.onlinemarangoz.com.tr\/Cekmekoy\/wp-content\/uploads\/Cekmekoy-Sandalye-Tamir-sERVIS.jpg\" alt=\"\u00c7ekmek\u00f6y Sandalye Tamiri\" width=\"500\" height=\"250\" srcset=\"https:\/\/www.onlinemarangoz.com.tr\/Cekmekoy\/wp-content\/uploads\/Cekmekoy-Sandalye-Tamir-sERVIS.jpg 500w, https:\/\/www.onlinemarangoz.com.tr\/Cekmekoy\/wp-content\/uploads\/Cekmekoy-Sandalye-Tamir-sERVIS-300x150.jpg 300w\" sizes=\"(max-width: 500px) 100vw, 500px\" \/><\/span><\/p>\n<h2 align=\"CENTER\">\u00c7ekmek\u00f6y Sandalye Tamiri<\/h2>\n<p>\u00c7ekmek\u00f6y Sandalye Tamiri&#8221; T\u00fcm ah\u015fap mobilyalarda oldu\u011fu gibi, ah\u015fap sandalyeler \u00f6zellikle g\u00fcnl\u00fck olarak kullan\u0131lan sandalyelerde, genel a\u015f\u0131nmaya kar\u015f\u0131 hassast\u0131r. Sandalye dek\u0131i a\u015f\u0131nma ve y\u0131pranma, ah\u015fap sandalyelerin donuk ve cans\u0131z g\u00f6r\u00fcnmesine neden olabilir. \u00c7ekmek\u00f6y Sandalye Tamiri, ah\u015fap sandalye restorasyonu hizmetlerimizle y\u0131pranm\u0131\u015f sandalyelerinize yeniden hayat verebilir. Sandalyenin orijinal haline geri getirmek i\u00e7in orijinal eski haline getirebilir veya sandalyenize yeni bir g\u00f6r\u00fcn\u00fcm kazand\u0131rmak i\u00e7in farkl\u0131 bir kaplama uygulayabilirler. Ah\u015fap sandalyelerinizde ufak y\u00fczey hasar\u0131 veya belirli k\u0131s\u0131mlar\u0131nda hasar varsa de\u011fi\u015ftirmeye gerek yoktur. \u00c7ekmek\u00f6y Sandalye Tamir Servisi, ustalar k\u00fc\u00e7\u00fck hasarlar\u0131ve k\u0131r\u0131k par\u00e7alar\u0131 onar\u0131yoruz, b\u00f6ylece en sevdi\u011finiz yemek odas\u0131 tak\u0131m\u0131n\u0131 veya sallanan sandalyeyi kullanmaya devam edebilirsiniz<\/p>\n<p><strong>\u00c7ekmek\u00f6y Sandalye Tamiri<\/strong>&#8221; Pazartesi&#8217;den Cumartesi&#8217;ye 09 : 00 &#8211; 20 : 00 saatleri aras\u0131nda Yard\u0131ma ihtiyac\u0131n\u0131z olursa herhangi bir sorunuz varsa bize Whatsapp <strong><span style=\"font-size: 14pt;\"><a href=\"https:\/\/wa.me\/+905548581312\" target=\"_blank\" rel=\"noopener\">0554 858 1312<\/a><\/span><\/strong> arac\u0131l\u0131\u011f\u0131yla veya <span style=\"font-size: 14pt;\"><a href=\"tel:\/\/+905548581312\" target=\"_blank\" rel=\"noopener\"><strong>0554 858 1312<\/strong><\/a><\/span> numaral\u0131 telefondan T\u00fcm sorular\u0131n\u0131z\u0131 yan\u0131tlamaya ve ihtiya\u00e7lar\u0131n\u0131z i\u00e7in size m\u00fcmk\u00fcn olan en iyi \u00e7\u00f6z\u00fcm\u00fc sunmaya haz\u0131r\u0131z.<strong>\u00c7ekmek\u00f6y Sandalye Tamiri,<\/strong> i\u00e7in bizi Aray\u0131n.<\/p>\n<table style=\"border-collapse: collapse; width: 100%;\">\n<tbody>\n<tr>\n<td style=\"width: 33.3333%;\">\n<h3>\u00c7ekmek\u00f6y G\u0131c\u0131rdayan Sandalye Tamiri<\/h3>\n<p><img decoding=\"async\" class=\"aligncenter wp-image-28 size-full\" src=\"https:\/\/www.onlinemarangoz.com.tr\/Cekmekoy\/wp-content\/uploads\/Cekmekoy-Kirik-Sandalye-Tamircisi.jpg\" alt=\"\" width=\"300\" height=\"300\" srcset=\"https:\/\/www.onlinemarangoz.com.tr\/Cekmekoy\/wp-content\/uploads\/Cekmekoy-Kirik-Sandalye-Tamircisi.jpg 300w, https:\/\/www.onlinemarangoz.com.tr\/Cekmekoy\/wp-content\/uploads\/Cekmekoy-Kirik-Sandalye-Tamircisi-150x150.jpg 150w, https:\/\/www.onlinemarangoz.com.tr\/Cekmekoy\/wp-content\/uploads\/Cekmekoy-Kirik-Sandalye-Tamircisi-90x90.jpg 90w\" sizes=\"(max-width: 300px) 100vw, 300px\" \/><\/td>\n<td style=\"width: 33.3333%;\"><img decoding=\"async\" class=\"aligncenter wp-image-613 size-full\" src=\"https:\/\/www.onlinemarangoz.com.tr\/Cekmekoy\/wp-content\/uploads\/Cekmekoy-Kirik-Sandalye-Tamirci.jpg\" alt=\"\" width=\"300\" height=\"300\" srcset=\"https:\/\/www.onlinemarangoz.com.tr\/Cekmekoy\/wp-content\/uploads\/Cekmekoy-Kirik-Sandalye-Tamirci.jpg 300w, https:\/\/www.onlinemarangoz.com.tr\/Cekmekoy\/wp-content\/uploads\/Cekmekoy-Kirik-Sandalye-Tamirci-150x150.jpg 150w, https:\/\/www.onlinemarangoz.com.tr\/Cekmekoy\/wp-content\/uploads\/Cekmekoy-Kirik-Sandalye-Tamirci-90x90.jpg 90w\" sizes=\"(max-width: 300px) 100vw, 300px\" \/><\/p>\n<h4>\u00c7ekmek\u00f6y K\u0131r\u0131k Sandalye Tamir Edilir<\/h4>\n<\/td>\n<td style=\"width: 33.3333%;\">\n<h6>\u00c7ekmek\u00f6y Ah\u015fap Sandalye Tamiri Yap\u0131l\u0131r<\/h6>\n<p><img loading=\"lazy\" decoding=\"async\" class=\"aligncenter wp-image-612 size-full\" src=\"https:\/\/www.onlinemarangoz.com.tr\/Cekmekoy\/wp-content\/uploads\/Cekmekoy-Ahsap-Sandalye-Tamircisi.jpg\" alt=\"\" width=\"300\" height=\"300\" srcset=\"https:\/\/www.onlinemarangoz.com.tr\/Cekmekoy\/wp-content\/uploads\/Cekmekoy-Ahsap-Sandalye-Tamircisi.jpg 300w, https:\/\/www.onlinemarangoz.com.tr\/Cekmekoy\/wp-content\/uploads\/Cekmekoy-Ahsap-Sandalye-Tamircisi-150x150.jpg 150w, https:\/\/www.onlinemarangoz.com.tr\/Cekmekoy\/wp-content\/uploads\/Cekmekoy-Ahsap-Sandalye-Tamircisi-90x90.jpg 90w\" sizes=\"(max-width: 300px) 100vw, 300px\" \/><\/td>\n<\/tr>\n<\/tbody>\n<\/table>\n<h6 align=\"CENTER\">\u00c7ekmek\u00f6y Sandalye Tamir Servisi<\/h6>\n<p>\u00c7ekmek\u00f6y Sandalye Tamir Servisi, Sandalye Tamiri, konusunda g\u00fcvenilir bir profesyonel ar\u0131yorsan\u0131z, size yard\u0131m etmek i\u00e7in buraday\u0131m! Uygun fiyata kaliteli hizmet sunuyorum. \u00c7ekmek\u00f6y Sandalye Tamir Servisi, konusunda uzun y\u0131llara dayanan deneyime sahibiz. <img loading=\"lazy\" decoding=\"async\" class=\"alignright wp-image-613\" src=\"https:\/\/www.onlinemarangoz.com.tr\/Cekmekoy\/wp-content\/uploads\/Cekmekoy-Kirik-Sandalye-Tamirci.jpg\" alt=\"\" width=\"249\" height=\"249\" srcset=\"https:\/\/www.onlinemarangoz.com.tr\/Cekmekoy\/wp-content\/uploads\/Cekmekoy-Kirik-Sandalye-Tamirci.jpg 300w, https:\/\/www.onlinemarangoz.com.tr\/Cekmekoy\/wp-content\/uploads\/Cekmekoy-Kirik-Sandalye-Tamirci-150x150.jpg 150w, https:\/\/www.onlinemarangoz.com.tr\/Cekmekoy\/wp-content\/uploads\/Cekmekoy-Kirik-Sandalye-Tamirci-90x90.jpg 90w\" sizes=\"(max-width: 249px) 100vw, 249px\" \/>K\u00fc\u00e7\u00fck m\u00fcdahalelerden daha b\u00fcy\u00fck ve daha karma\u015f\u0131k i\u015flere kadar her t\u00fcrl\u00fc i\u015fin \u00fcstesinden gelebiliriz. M\u00fc\u015fterilerimin memnuniyetini \u00f6nemsiyorum ve her i\u015fin do\u011fru ve h\u0131zl\u0131 bir \u015fekilde yap\u0131lmas\u0131n\u0131 sa\u011flamak i\u00e7in elimden geleni yap\u0131yorum . \u00c7ekmek\u00f6y Sandalye Tamir Servisi, y\u0131llarca en iyi durumda kalmas\u0131n\u0131 sa\u011flamak i\u00e7in bak\u0131m hizmetleri de sunuyoruz. Sandalye tamiri konusunda yard\u0131ma ihtiyac\u0131n\u0131z olursa bizimle ileti\u015fime ge\u00e7mekten \u00e7ekinmeyin. \u00c7ekmek\u00f6y Sandalye Tamir Servisi, Kar\u015f\u0131la\u015fabilece\u011finiz herhangi bir sorunu veya ihtiyac\u0131 \u00e7\u00f6zmenize yard\u0131mc\u0131 olmak i\u00e7in hizmetlerimiz hakk\u0131nda daha fazla bilgi almak veya \u00fccretsiz fiyat teklifi istemek i\u00e7in bizimle ileti\u015fime ge\u00e7mekten \u00e7ekinmeyin. <strong>\u00c7ekmek\u00f6y Sandalye Tamir Servisi<\/strong>&#8221; Pazartesi&#8217;den Cumartesi&#8217;ye 09 : 00 \u2013 20 : 00 saatleri aras\u0131nda Yard\u0131ma ihtiyac\u0131n\u0131z olursa herhangi bir sorunuz varsa bize Whatsapp 0554 858 1312 arac\u0131l\u0131\u011f\u0131yla veya <span style=\"font-size: 14pt;\"><em><strong><a href=\"tel:\/\/+905548581312\" target=\"_blank\" rel=\"noopener\">0554 858 1312<\/a><\/strong><\/em> <\/span>numaral\u0131 telefondan kaliteli hizmetimiz ile hayat\u0131n\u0131z\u0131 daha kolay ve konforlu hale getirmenize yard\u0131mc\u0131 olmak i\u00e7in bizi aray\u0131n.<\/p>\n<table style=\"border-collapse: collapse; width: 100%;\">\n<tbody>\n<tr>\n<td style=\"width: 50%;\">\n<h3 style=\"text-align: center;\"><em>\u00c7ekmek\u00f6y Sandalye Tamiri Whatsapp Bize Ula\u015f\u0131n.<\/em><\/h3>\n<p style=\"text-align: center;\"><em>\u00c7ekmek\u00f6y Sandalye Tamiri, <\/em><em>Bizimle Whatsapp arac\u0131l\u0131\u011f\u0131yla ileti\u015fime ge\u00e7meyi tercih ederseniz a\u015fa\u011f\u0131daki <strong><span style=\"font-size: x-large;\"><a href=\"https:\/\/wa.me\/+905548581312\" target=\"_blank\" rel=\"noopener\">0554 858 1312<\/a> <\/span><\/strong>t\u0131klay\u0131n;<\/em><\/p>\n<p align=\"CENTER\"><a href=\"https:\/\/wa.me\/+905548581312\"><img loading=\"lazy\" decoding=\"async\" class=\"aligncenter wp-image-275 size-full\" title=\"Tezcan Usta Whatsapp Hemen T\u0131kla Mesaj At\" src=\"https:\/\/www.onlinemarangoz.com.tr\/Cekmekoy\/wp-content\/uploads\/Whatsapp-Tikla-Hemen-Ara.jpg\" alt=\"Tezcan Usta Whatsapp Hemen T\u0131kla Mesaj At\" width=\"500\" height=\"120\" srcset=\"https:\/\/www.onlinemarangoz.com.tr\/Cekmekoy\/wp-content\/uploads\/Whatsapp-Tikla-Hemen-Ara.jpg 500w, https:\/\/www.onlinemarangoz.com.tr\/Cekmekoy\/wp-content\/uploads\/Whatsapp-Tikla-Hemen-Ara-300x72.jpg 300w\" sizes=\"(max-width: 500px) 100vw, 500px\" \/><\/a><\/p>\n<\/td>\n<td style=\"width: 50%;\">\n<h4 style=\"text-align: center;\"><em>\u00c7ekmek\u00f6y Sandalye Tamiri Telefon Bize Ula\u015f\u0131n.<\/em><\/h4>\n<p style=\"text-align: center;\"><em>\u00c7ekmek\u00f6y Sandalye Tamiri; <\/em><em>Bizimle Telefon arac\u0131l\u0131\u011f\u0131yla ileti\u015fime ge\u00e7meyi tercih ederseniz a\u015fa\u011f\u0131daki <strong><span style=\"font-size: x-large;\"><a href=\"tel:\/\/+905548581312\" target=\"_blank\" rel=\"noopener\">0554 858 1312<\/a> <\/span><\/strong>t\u0131klay\u0131n;<\/em><\/p>\n<p align=\"CENTER\"><a href=\"tel:\/\/+905548581312\" target=\"_blank\" rel=\"noopener\"><img loading=\"lazy\" decoding=\"async\" class=\"aligncenter wp-image-276 size-full\" title=\"Tezcan Usta Telefon Hemen T\u0131kla Ara\" src=\"https:\/\/www.onlinemarangoz.com.tr\/Cekmekoy\/wp-content\/uploads\/Telefon-Hemen-Ara.jpg\" alt=\"Tezcan Usta Telefon Hemen T\u0131kla Ara\" width=\"500\" height=\"120\" srcset=\"https:\/\/www.onlinemarangoz.com.tr\/Cekmekoy\/wp-content\/uploads\/Telefon-Hemen-Ara.jpg 500w, https:\/\/www.onlinemarangoz.com.tr\/Cekmekoy\/wp-content\/uploads\/Telefon-Hemen-Ara-300x72.jpg 300w\" sizes=\"(max-width: 500px) 100vw, 500px\" \/><\/a><\/p>\n<\/td>\n<\/tr>\n<\/tbody>\n<\/table>\n\n\n<div class=\"kk-star-ratings kksr-auto kksr-align-left kksr-valign-bottom\"\n    data-payload='{&quot;align&quot;:&quot;left&quot;,&quot;id&quot;:&quot;607&quot;,&quot;slug&quot;:&quot;default&quot;,&quot;valign&quot;:&quot;bottom&quot;,&quot;ignore&quot;:&quot;&quot;,&quot;reference&quot;:&quot;auto&quot;,&quot;class&quot;:&quot;&quot;,&quot;count&quot;:&quot;10&quot;,&quot;legendonly&quot;:&quot;&quot;,&quot;readonly&quot;:&quot;&quot;,&quot;score&quot;:&quot;5&quot;,&quot;starsonly&quot;:&quot;&quot;,&quot;best&quot;:&quot;5&quot;,&quot;gap&quot;:&quot;5&quot;,&quot;greet&quot;:&quot;\u00c7ekmek\u00f6y Marangoz \u2692\ufe0f\u00a0&quot;,&quot;legend&quot;:&quot;\u00c7ekmek\u00f6y Marangoz Ustas\u0131 \u2692\ufe0f\u00a010&quot;,&quot;size&quot;:&quot;24&quot;,&quot;title&quot;:&quot;\u00c7ekmek\u00f6y Sandalye Tamiri&quot;,&quot;width&quot;:&quot;142.5&quot;,&quot;_legend&quot;:&quot;\u00c7ekmek\u00f6y Marangoz Ustas\u0131 \u2692\ufe0f\u00a0{count}&quot;,&quot;font_factor&quot;:&quot;1.25&quot;}'>\n            \n<div class=\"kksr-stars\">\n    \n<div class=\"kksr-stars-inactive\">\n            <div class=\"kksr-star\" data-star=\"1\" style=\"padding-right: 5px\">\n            \n\n<div class=\"kksr-icon\" style=\"width: 24px; height: 24px;\"><\/div>\n        <\/div>\n            <div class=\"kksr-star\" data-star=\"2\" style=\"padding-right: 5px\">\n            \n\n<div class=\"kksr-icon\" style=\"width: 24px; height: 24px;\"><\/div>\n        <\/div>\n            <div class=\"kksr-star\" data-star=\"3\" style=\"padding-right: 5px\">\n            \n\n<div class=\"kksr-icon\" style=\"width: 24px; height: 24px;\"><\/div>\n        <\/div>\n            <div class=\"kksr-star\" data-star=\"4\" style=\"padding-right: 5px\">\n            \n\n<div class=\"kksr-icon\" style=\"width: 24px; height: 24px;\"><\/div>\n        <\/div>\n            <div class=\"kksr-star\" data-star=\"5\" style=\"padding-right: 5px\">\n            \n\n<div class=\"kksr-icon\" style=\"width: 24px; height: 24px;\"><\/div>\n        <\/div>\n    <\/div>\n    \n<div class=\"kksr-stars-active\" style=\"width: 142.5px;\">\n            <div class=\"kksr-star\" style=\"padding-right: 5px\">\n            \n\n<div class=\"kksr-icon\" style=\"width: 24px; height: 24px;\"><\/div>\n        <\/div>\n            <div class=\"kksr-star\" style=\"padding-right: 5px\">\n            \n\n<div class=\"kksr-icon\" style=\"width: 24px; height: 24px;\"><\/div>\n        <\/div>\n            <div class=\"kksr-star\" style=\"padding-right: 5px\">\n            \n\n<div class=\"kksr-icon\" style=\"width: 24px; height: 24px;\"><\/div>\n        <\/div>\n            <div class=\"kksr-star\" style=\"padding-right: 5px\">\n            \n\n<div class=\"kksr-icon\" style=\"width: 24px; height: 24px;\"><\/div>\n        <\/div>\n            <div class=\"kksr-star\" style=\"padding-right: 5px\">\n            \n\n<div class=\"kksr-icon\" style=\"width: 24px; height: 24px;\"><\/div>\n        <\/div>\n    <\/div>\n<\/div>\n                \n\n<div class=\"kksr-legend\" style=\"font-size: 19.2px;\">\n            \u00c7ekmek\u00f6y Marangoz Ustas\u0131 \u2692\ufe0f\u00a010    <\/div>\n    <\/div>\n","protected":false},"excerpt":{"rendered":"<p>\u00c7ekmek\u00f6y Sandalye Tamiri &#8211; Sandalye Tamiri Telefon 0554085801312&#8217;\u2771 numaral\u0131 telefondan bizi arayabilirsiniz. \u0130stanbul Anadolu Yakas\u0131 \u00c7ekmek\u00f6y&#8217;de Pazartesi&#8217;den \u00c7umartesi&#8217; ne&#8217; Sabah 09 : 00 \u2013 Ak\u015fam 20 : 00 ve Cumartesi sabah 09 : 00 \u2013 19 : 00 saatleri aras\u0131nda,&#8230; <a class=\"di-continue-reading\" href=\"https:\/\/www.onlinemarangoz.com.tr\/Cekmekoy\/cekmekoy-sandalye-tamiri\/\"> Continue Reading&#8230;<\/a><\/p>\n","protected":false},"author":1,"featured_media":0,"parent":0,"menu_order":5000,"comment_status":"closed","ping_status":"closed","template":"","meta":{"footnotes":""},"categories":[1],"tags":[699,696,698,697,695,694],"class_list":["post-607","page","type-page","status-publish","hentry","category-cekmekoy-mobilya-tamir-montaj-servisi","tag-cekmekoy-ahsap-sandalye-tamiri-yapilir","tag-cekmekoy-gicirdayan-sandalye-tamiri","tag-cekmekoy-kirik-sandalye-ayagi-tamiri","tag-cekmekoy-kirik-sandalye-tamir-edilir","tag-cekmekoy-sandalye-tamir-servisi","tag-cekmekoy-sandalye-tamiri"],"_links":{"self":[{"href":"https:\/\/www.onlinemarangoz.com.tr\/Cekmekoy\/wp-json\/wp\/v2\/pages\/607","targetHints":{"allow":["GET"]}}],"collection":[{"href":"https:\/\/www.onlinemarangoz.com.tr\/Cekmekoy\/wp-json\/wp\/v2\/pages"}],"about":[{"href":"https:\/\/www.onlinemarangoz.com.tr\/Cekmekoy\/wp-json\/wp\/v2\/types\/page"}],"author":[{"embeddable":true,"href":"https:\/\/www.onlinemarangoz.com.tr\/Cekmekoy\/wp-json\/wp\/v2\/users\/1"}],"replies":[{"embeddable":true,"href":"https:\/\/www.onlinemarangoz.com.tr\/Cekmekoy\/wp-json\/wp\/v2\/comments?post=607"}],"version-history":[{"count":0,"href":"https:\/\/www.onlinemarangoz.com.tr\/Cekmekoy\/wp-json\/wp\/v2\/pages\/607\/revisions"}],"wp:attachment":[{"href":"https:\/\/www.onlinemarangoz.com.tr\/Cekmekoy\/wp-json\/wp\/v2\/media?parent=607"}],"wp:term":[{"taxonomy":"category","embeddable":true,"href":"https:\/\/www.onlinemarangoz.com.tr\/Cekmekoy\/wp-json\/wp\/v2\/categories?post=607"},{"taxonomy":"post_tag","embeddable":true,"href":"https:\/\/www.onlinemarangoz.com.tr\/Cekmekoy\/wp-json\/wp\/v2\/tags?post=607"}],"curies":[{"name":"wp","href":"https:\/\/api.w.org\/{rel}","templated":true}]}}