{"id":1157,"date":"2024-11-29T02:49:11","date_gmt":"2024-11-28T23:49:11","guid":{"rendered":"https:\/\/www.onlinemarangoz.com.tr\/Kadikoy\/?page_id=1157"},"modified":"2024-11-29T18:08:21","modified_gmt":"2024-11-29T15:08:21","slug":"kadikoy-yatak-tamiri","status":"publish","type":"page","link":"https:\/\/www.onlinemarangoz.com.tr\/Kadikoy\/kadikoy-yatak-tamiri\/","title":{"rendered":"Kadik\u00f6y Yatak Tamiri"},"content":{"rendered":"<p>Kad\u0131k\u00f6y Yatak Tamiri &#8211; Yatak Tamircisi 0554 858 1312&#8243; \u0130stanbul Anadolu Yakas\u0131 Kad\u0131k\u00f6y Divan Tamiri&#8221; G\u0131c\u0131rdayan veya sallanan bir yatakla m\u0131 u\u011fra\u015f\u0131yorsunuz? Ba\u015fka yere bakmay\u0131n! tekrar iyi bir gece uykusu \u00e7ekmenize yard\u0131mc\u0131 olmak i\u00e7in profesyonel bir yatak onar\u0131m hizmeti sunuyoruz. Uzman ekibimiz yatak \u00e7er\u00e7evenizi k\u0131sa s\u00fcrede en iyi duruma getirecek. Daha fazla uyku kaybetmeyin \u2013 yatak onar\u0131m hizmetinizi bug\u00fcn ay\u0131rt\u0131n! Kad\u0131k\u00f6y Yatak Tamiri, Onar\u0131mlar\u0131 i\u00e7in bizi aray\u0131n. uzman yatak onar\u0131mlar\u0131na m\u0131 ihtiyac\u0131n\u0131z var? <span style=\"color: #0000ff;\"><a style=\"color: #0000ff;\" href=\"https:\/\/www.onlinemarangoz.com.tr\/Kadikoy\/kadikoy-yatak-tamiri\/\" target=\"_blank\" rel=\"noopener\"><em><strong>Kad\u0131k\u00f6y Yatak Tamiri<\/strong><\/em><\/a><\/span>\u201d en iyi adrestir. Onar\u0131m hizmeti rezervasyonu yapmak i\u00e7in bizi \u201c0554 858 1312\u201d numaral\u0131 telefondan bizimle ileti\u015fime ge\u00e7in .<\/p>\n<p><img fetchpriority=\"high\" decoding=\"async\" class=\"size-full wp-image-1882 alignright\" style=\"letter-spacing: 0.5px; word-spacing: 0.5px;\" src=\"https:\/\/www.onlinemarangoz.com.tr\/Kadikoy\/wp-content\/uploads\/Kadikoy-Yatak-Baza-Tamiri.jpg\" alt=\"Kadikoy Yatak Baza Tamiri\" width=\"450\" height=\"250\" srcset=\"https:\/\/www.onlinemarangoz.com.tr\/Kadikoy\/wp-content\/uploads\/Kadikoy-Yatak-Baza-Tamiri.jpg 450w, https:\/\/www.onlinemarangoz.com.tr\/Kadikoy\/wp-content\/uploads\/Kadikoy-Yatak-Baza-Tamiri-300x167.jpg 300w\" sizes=\"(max-width: 450px) 100vw, 450px\" \/><\/p>\n<h2><b>Kad\u0131k\u00f6y Yatak Tamiri<\/b><\/h2>\n<p>Kad\u0131k\u00f6y Yatak Tamiri&#8221; L\u00fcks bir yatak, bir yatak odas\u0131n\u0131n esteti\u011fini korumas\u0131na yard\u0131mc\u0131 oldu\u011fu i\u00e7in ger\u00e7ekten de hazine de\u011ferinde bir \u015feydir. Ayr\u0131ca, iyi bir gece uykusu \u00e7ekebilece\u011finiz veya gerekti\u011finde rahatlayabilece\u011finiz evinizdeki en konforlu yerlerden biridir. Ancak mobilya par\u00e7as\u0131n\u0131 korumak istiyorsan\u0131z, Kad\u0131k\u00f6y Karyola Tamiri&#8221; bir yatak onar\u0131m hizmeti ay\u0131rtman\u0131z gerekecektir. Bu alanda, g\u00fcvenebilece\u011finiz isim, y\u00fcksek kaliteli uygun fiyatl\u0131 i\u00e7 mekan hizmetleri sundu\u011fumuz i\u00e7in ba\u015fkas\u0131 de\u011fildir. Kad\u0131k\u00f6y Yatak Baza Tamiri&#8221; Her t\u00fcrl\u00fc yata\u011f\u0131 tamir ve onarma konusunda uzman\u0131z. Sahip oldu\u011funuz mobilya par\u00e7as\u0131n\u0131n \u015fekli, boyutu veya t\u00fcr\u00fc ne olursa olsun, d\u00fcz yatt\u0131\u011f\u0131n\u0131zda gev\u015fek ayaklar veya mente\u015feler nedeniyle sesler duyuyorsan\u0131z, bu onar\u0131ma ihtiyac\u0131n\u0131z oldu\u011funun bir g\u00f6stergesidir. \u200eKad\u0131k\u00f6y Baza Amortis\u00f6r\u00fc Tamiri&#8221; Bu durumda, gecikmemelisiniz. Bunun yerine, durumu daha da k\u00f6t\u00fcle\u015ftirece\u011fi i\u00e7in Kalk\u00fcta&#8217;da yatak onar\u0131m hizmeti ay\u0131rt\u0131n. Uzmanlar\u0131m\u0131z\u0131n yata\u011f\u0131n\u0131z\u0131 incelemesi ve sorunlar\u0131 gidermek i\u00e7in gerekeni yapmas\u0131 i\u00e7in bizimle ileti\u015fime ge\u00e7in. Asl\u0131nda, zaman\u0131nda onar\u0131m yapt\u0131rmak yata\u011f\u0131n\u0131z\u0131n kullan\u0131m \u00f6mr\u00fcn\u00fc artt\u0131racakt\u0131r<\/p>\n<p style=\"text-align: center;\"><span style=\"color: #ff0000;\"><strong><em><a style=\"color: #ff0000;\" href=\"https:\/\/www.onlinemarangoz.com.tr\/yatak-tamiri\/\" target=\"_blank\" rel=\"noopener\">Kad\u0131k\u00f6y Yatak Tamiri<\/a><\/em><\/strong><\/span>\u201d Ba\u015far\u0131l\u0131 marangozlar\u0131m\u0131z yatak \u00e7er\u00e7evenizdeki g\u0131c\u0131rt\u0131 ve sarkmalar\u0131 ortadan kald\u0131rabilir, k\u0131r\u0131klar\u0131 onarabilir veya r\u00fcya gibi dinlenme yuvan\u0131z\u0131 \u00f6zelle\u015ftirebilir, b\u00f6ylece k\u0131sa s\u00fcrede huzur ve s\u00fckunet i\u00e7inde uyuyabilirsiniz! Kad\u0131k\u00f6y Divan Tamiri\u201d Tam isteklerinizi kar\u015f\u0131lamak i\u00e7in istedi\u011finiz herhangi bir renkte, istedi\u011finiz herhangi bir kuma\u015fta \u00f6zelle\u015ftirece\u011fiz! Yata\u011f\u0131n\u0131z onar\u0131ma ihtiya\u00e7 duyuyorsa \u200eKad\u0131k\u00f6y Baza Amortis\u00f6r\u00fc Tamiri ile ileti\u015fime ge\u00e7mekten \u00e7ekinmeyin. Yetenekli profesyonellerden olu\u015fan ekibimiz size h\u0131zl\u0131, g\u00fcvenilir ve y\u00fcksek kaliteli yatak onar\u0131m hizmetleri sunmaya haz\u0131r. <em><span style=\"color: #0000ff;\"><strong><a style=\"color: #0000ff;\" href=\"https:\/\/www.onlinemarangoz.com.tr\/Kadikoy\/\" target=\"_blank\" rel=\"noopener\">Kad\u0131k\u00f6y Karyola Tamiri<\/a><\/strong><\/span><\/em>, Gereksinimlerinizi g\u00f6r\u00fc\u015fmek ve uygun bir randevu ayarlamak i\u00e7in bizi \u201c0554 858 1312\u201d numaral\u0131 telefondan \u201cKad\u0131k\u00f6y Yatak Tamiri\u201d aray\u0131n gecelerinize konforu geri kazand\u0131rmak i\u00e7in bize g\u00fcvenin. Bizimle \u0130leti\u015fime Ge\u00e7in.<img decoding=\"async\" class=\"size-full wp-image-1883 alignleft\" src=\"https:\/\/www.onlinemarangoz.com.tr\/Kadikoy\/wp-content\/uploads\/Kadikoy-Divan-Tamir-Servisi.jpg\" alt=\"\" width=\"300\" height=\"200\" \/><\/p>\n<h3>Kad\u0131k\u00f6y Divan Tamiri<\/h3>\n<p>Kad\u0131k\u00f6y Divan Tamiri&#8221; Hasarl\u0131 bir yatak \u00e7er\u00e7evesi kullanmak sadece rahats\u0131z edici olmakla kalmaz, ayn\u0131 zamanda kaza riski de ta\u015f\u0131r. K\u0131r\u0131k \u00e7\u0131talar, dengesiz eklemler veya tehlikeye at\u0131lm\u0131\u015f bir \u00e7er\u00e7eve gibi sorunlar onar\u0131m i\u00e7in bir uzman\u0131n dokunu\u015funu gerektirir.\u00a0 Kad\u0131k\u00f6y Karyola Tamiri&#8221; Yeni bir yatak sat\u0131n almak yerine yata\u011f\u0131n\u0131z\u0131 onarmay\u0131 se\u00e7mek sadece h\u0131zl\u0131 ve basit bir \u00e7\u00f6z\u00fcm de\u011fil, ayn\u0131 zamanda uygun maliyetlidir. Kad\u0131k\u00f6y Yatak Baza Tamiri&#8221; K\u0131r\u0131k bir yatak \u00e7er\u00e7evesinde uyumak sadece rahats\u0131z edici olmakla kalmaz, ayn\u0131 zamanda bir kazaya da yol a\u00e7abilir. K\u0131r\u0131k \u00e7\u0131talar, \u00e7\u00f6km\u00fc\u015f veya \u00e7atlam\u0131\u015f bir \u00e7er\u00e7eve veya sallanan eklemler olsun, yata\u011f\u0131n\u0131z\u0131 tamir ettirmek i\u00e7in her zaman bir uzmana ba\u015fvurmal\u0131s\u0131n\u0131z. <span style=\"color: #ff0000;\"><em><strong><a style=\"color: #ff0000;\" href=\"https:\/\/www.onlinemarangoz.com.tr\/\" target=\"_blank\" rel=\"noopener\">\u200eKad\u0131k\u00f6y Baza Amortis\u00f6r\u00fc Tamiri<\/a><\/strong><\/em><\/span>&#8221; hizmetimizde yenisini sat\u0131n almak yerine yata\u011f\u0131n\u0131z\u0131 tamir ettirerek, sadece daha h\u0131zl\u0131 ve kolay olmakla kalmaz, ayn\u0131 zamanda paradan da tasarruf edersiniz.<\/p>\n<table style=\"border-collapse: collapse; width: 100%;\">\n<tbody>\n<tr>\n<td style=\"text-align: center;\">\n<h3>Kad\u0131k\u00f6y Divan Tamiri<\/h3>\n<p>Uzmanl\u0131k : Profesyoneller, \u00e7e\u015fitli\u00a0yatak\u00a0onar\u0131mlar\u0131n\u0131 verimli bir \u015fekilde halletmek i\u00e7in gerekli becerilere ve deneyime sahiptir\u00a0. \u00c7e\u015fitli malzemelerin inceliklerini kavrarlar ve \u00f6zelle\u015ftirilmi\u015f \u00e7\u00f6z\u00fcmler sunabilirler.<\/td>\n<td style=\"text-align: center;\">\n<h4>Kad\u0131k\u00f6y Yatak Baza Tamiri<\/h4>\n<p>Kalite G\u00fcvencesi : Kendin yap onar\u0131mlar\u0131 profesyonellerin sundu\u011fu incelik ve hassasiyetten yoksun olabilir. Uzmanlarla,\u00a0yata\u011f\u0131n\u0131z\u0131n\u00a0uzun \u00f6m\u00fcrl\u00fc ve dayan\u0131kl\u0131 olmas\u0131n\u0131 sa\u011flayan y\u00fcksek kaliteli onar\u0131mlar bekleyebilirsiniz\u00a0.<\/td>\n<td style=\"text-align: center;\">\n<h5>Kad\u0131k\u00f6y Karyola Tamiri<\/h5>\n<p>G\u00fcvenlik\u00a0:\u00a0Yatak\u00a0onar\u0131mlar\u0131, \u00f6zellikle elektrikli bile\u015fenler veya yap\u0131sal b\u00fct\u00fcnl\u00fck i\u00e7erenler, d\u00fczg\u00fcn bir \u015fekilde ele al\u0131nmad\u0131\u011f\u0131nda g\u00fcvenlik riskleri olu\u015fturabilir. Profesyoneller, kazalar\u0131 \u00f6nlemek ve g\u00fcvenli bir sonu\u00e7 sa\u011flamak i\u00e7in g\u00fcvenlik protokollerine \u00f6ncelik verir.<\/td>\n<td style=\"width: 25%; text-align: center;\">\n<h6>\u200eKad\u0131k\u00f6y Baza Amortis\u00f6r\u00fc Tamiri<\/h6>\n<p>Zaman ve Kolayl\u0131k\u00a0: Profesyonel hizmetleri tercih etmek size zaman ve zahmet kazand\u0131r\u0131r. Onar\u0131m tekniklerini ara\u015ft\u0131rmak veya do\u011fru ara\u00e7lar\u0131 aramak i\u00e7in saatler harcaman\u0131za gerek kalmaz. Profesyoneller kendilerini haz\u0131rlar ve i\u015fi verimli bir \u015fekilde tamamlar.<\/td>\n<\/tr>\n<\/tbody>\n<\/table>\n<h3 style=\"text-align: center;\">\u0130stanbul Anadolu Yakas\u0131 Kad\u0131k\u00f6y Yatak Bazas\u0131 Tamiri Montaj Servisi.<\/h3>\n<table style=\"border-collapse: collapse; width: 100%;\">\n<tbody>\n<tr>\n<td style=\"width: 33.3333%;\">\n<h4 style=\"text-align: center;\">Kad\u0131k\u00f6y Yatak Tamiri \u0130leti\u015fim.<\/h4>\n<figure id=\"attachment_1187\" aria-describedby=\"caption-attachment-1187\" style=\"width: 400px\" class=\"wp-caption aligncenter\"><a class=\"Whatsapp Hemen T\u0131kla Mesaj At\" href=\"https:\/\/wa.me\/+905548581312\" target=\"_blank\" rel=\"Whatsapp Hemen T\u0131kla Mesaj At noopener\"><img decoding=\"async\" class=\"Whatsapp Hemen T\u0131kla Mesaj At wp-image-1187\" title=\"Whatsapp Hemen T\u0131kla Mesaj At\" src=\"https:\/\/www.onlinemarangoz.com.tr\/Kadikoy\/wp-content\/uploads\/Kadikoy-Mobilya-Tamiri-Iletisim.jpg\" alt=\"Whatsapp Hemen T\u0131kla Mesaj At\" width=\"400\" height=\"160\" srcset=\"https:\/\/www.onlinemarangoz.com.tr\/Kadikoy\/wp-content\/uploads\/Kadikoy-Mobilya-Tamiri-Iletisim.jpg 500w, https:\/\/www.onlinemarangoz.com.tr\/Kadikoy\/wp-content\/uploads\/Kadikoy-Mobilya-Tamiri-Iletisim-300x120.jpg 300w\" sizes=\"(max-width: 400px) 100vw, 400px\" \/><\/a><figcaption id=\"caption-attachment-1187\" class=\"wp-caption-text\">Whatsapp Hemen T\u0131kla Mesaj At<\/figcaption><\/figure>\n<p style=\"text-align: center;\">Kad\u0131k\u00f6y Divan Tamiri<\/p>\n<p style=\"text-align: center;\">Size nas\u0131l yard\u0131mc\u0131 olabiliriz?<\/p>\n<p style=\"text-align: center;\">\u00dccretsiz fiyat teklifi i\u00e7in bize mesaj at\u0131n:<\/p>\n<p style=\"text-align: center;\">\u00c7ekmece ray\u0131n\u0131n foto\u011fraf\u0131n\u0131 \u00e7ekin, k\u0131sa bir a\u00e7\u0131klama ve sorunun ne oldu\u011funu belirtin ve bu numaraya mesaj at\u0131n.<\/p>\n<\/td>\n<td style=\"width: 33.3333%;\">\n<h5 style=\"text-align: center;\">\u00c7al\u0131\u015fma Saatleri.<\/h5>\n<ul style=\"list-style-type: square;\">\n<li>Pazartesi :\u00a0 \u00a0 09:00 &#8211; 20:00<\/li>\n<li>Sal\u0131 :\u00a0 \u00a0 \u00a0 \u00a0 \u00a0 \u00a0 \u00a0 09:00 &#8211; 20:00<\/li>\n<li>\u00c7ar\u015famba : \u00a009:00 &#8211; 20:00<\/li>\n<li>Per\u015fembe : \u00a009:00 &#8211; 20:00<\/li>\n<li><span style=\"vertical-align: inherit;\">Cuma:\u00a0 \u00a0 \u00a0 \u00a0 \u00a0 \u00a009:00 &#8211; 20:00<\/span><\/li>\n<li>Cumartesi:\u00a0 \u00a009:00 &#8211; 20:00<\/li>\n<li>Pazar :\u00a0Kapal\u0131<\/li>\n<\/ul>\n<\/td>\n<td style=\"width: 33.3333%;\">\n<h6 style=\"text-align: center;\">Kad\u0131k\u00f6y Yatak Tamiri Telefon.<\/h6>\n<figure id=\"attachment_1188\" aria-describedby=\"caption-attachment-1188\" style=\"width: 400px\" class=\"wp-caption aligncenter\"><a class=\"Whatsapp Hemen T\u0131kla Mesaj At\" href=\"tel:\/\/+905548581312\" target=\"_blank\" rel=\"Telefon Hemen T\u0131kla Ara noopener\"><img loading=\"lazy\" decoding=\"async\" class=\"Telefon Hemen T\u0131kla Ara wp-image-1188\" title=\"Telefon Hemen T\u0131kla Ara\" src=\"https:\/\/www.onlinemarangoz.com.tr\/Kadikoy\/wp-content\/uploads\/Kadikoy-Mobilya-Tamiri-Telefon.jpg\" alt=\"Telefon Hemen T\u0131kla Ara\" width=\"400\" height=\"160\" srcset=\"https:\/\/www.onlinemarangoz.com.tr\/Kadikoy\/wp-content\/uploads\/Kadikoy-Mobilya-Tamiri-Telefon.jpg 500w, https:\/\/www.onlinemarangoz.com.tr\/Kadikoy\/wp-content\/uploads\/Kadikoy-Mobilya-Tamiri-Telefon-300x120.jpg 300w\" sizes=\"(max-width: 400px) 100vw, 400px\" \/><\/a><figcaption id=\"caption-attachment-1188\" class=\"wp-caption-text\">Telefon Hemen T\u0131kla Ara<\/figcaption><\/figure>\n<p style=\"text-align: center;\">Kad\u0131k\u00f6y Karyola Tamiri<\/p>\n<p style=\"text-align: center;\">Size nas\u0131l yard\u0131mc\u0131 olabiliriz?<\/p>\n<p style=\"text-align: center;\">\u00dccretsiz fiyat teklifi i\u00e7in bizi aray\u0131n:<\/p>\n<\/td>\n<\/tr>\n<\/tbody>\n<\/table>\n\n\n<div class=\"kk-star-ratings kksr-auto kksr-align-left kksr-valign-bottom\"\n    data-payload='{&quot;align&quot;:&quot;left&quot;,&quot;id&quot;:&quot;1157&quot;,&quot;slug&quot;:&quot;default&quot;,&quot;valign&quot;:&quot;bottom&quot;,&quot;ignore&quot;:&quot;&quot;,&quot;reference&quot;:&quot;auto&quot;,&quot;class&quot;:&quot;&quot;,&quot;count&quot;:&quot;10&quot;,&quot;legendonly&quot;:&quot;&quot;,&quot;readonly&quot;:&quot;&quot;,&quot;score&quot;:&quot;5&quot;,&quot;starsonly&quot;:&quot;&quot;,&quot;best&quot;:&quot;5&quot;,&quot;gap&quot;:&quot;5&quot;,&quot;greet&quot;:&quot;Kad\u0131k\u00f6y Marangoz \u2705&quot;,&quot;legend&quot;:&quot;Kad\u0131k\u00f6y Marangoz Ustas\u0131 \u2b50 10 \u2b50&quot;,&quot;size&quot;:&quot;24&quot;,&quot;title&quot;:&quot;Kadik\u00f6y Yatak Tamiri&quot;,&quot;width&quot;:&quot;142.5&quot;,&quot;_legend&quot;:&quot;Kad\u0131k\u00f6y Marangoz Ustas\u0131 \u2b50 {count} \u2b50&quot;,&quot;font_factor&quot;:&quot;1.25&quot;}'>\n            \n<div class=\"kksr-stars\">\n    \n<div class=\"kksr-stars-inactive\">\n            <div class=\"kksr-star\" data-star=\"1\" style=\"padding-right: 5px\">\n            \n\n<div class=\"kksr-icon\" style=\"width: 24px; height: 24px;\"><\/div>\n        <\/div>\n            <div class=\"kksr-star\" data-star=\"2\" style=\"padding-right: 5px\">\n            \n\n<div class=\"kksr-icon\" style=\"width: 24px; height: 24px;\"><\/div>\n        <\/div>\n            <div class=\"kksr-star\" data-star=\"3\" style=\"padding-right: 5px\">\n            \n\n<div class=\"kksr-icon\" style=\"width: 24px; height: 24px;\"><\/div>\n        <\/div>\n            <div class=\"kksr-star\" data-star=\"4\" style=\"padding-right: 5px\">\n            \n\n<div class=\"kksr-icon\" style=\"width: 24px; height: 24px;\"><\/div>\n        <\/div>\n            <div class=\"kksr-star\" data-star=\"5\" style=\"padding-right: 5px\">\n            \n\n<div class=\"kksr-icon\" style=\"width: 24px; height: 24px;\"><\/div>\n        <\/div>\n    <\/div>\n    \n<div class=\"kksr-stars-active\" style=\"width: 142.5px;\">\n            <div class=\"kksr-star\" style=\"padding-right: 5px\">\n            \n\n<div class=\"kksr-icon\" style=\"width: 24px; height: 24px;\"><\/div>\n        <\/div>\n            <div class=\"kksr-star\" style=\"padding-right: 5px\">\n            \n\n<div class=\"kksr-icon\" style=\"width: 24px; height: 24px;\"><\/div>\n        <\/div>\n            <div class=\"kksr-star\" style=\"padding-right: 5px\">\n            \n\n<div class=\"kksr-icon\" style=\"width: 24px; height: 24px;\"><\/div>\n        <\/div>\n            <div class=\"kksr-star\" style=\"padding-right: 5px\">\n            \n\n<div class=\"kksr-icon\" style=\"width: 24px; height: 24px;\"><\/div>\n        <\/div>\n            <div class=\"kksr-star\" style=\"padding-right: 5px\">\n            \n\n<div class=\"kksr-icon\" style=\"width: 24px; height: 24px;\"><\/div>\n        <\/div>\n    <\/div>\n<\/div>\n                \n\n<div class=\"kksr-legend\" style=\"font-size: 19.2px;\">\n            Kad\u0131k\u00f6y Marangoz Ustas\u0131 \u2b50 10 \u2b50    <\/div>\n    <\/div>\n","protected":false},"excerpt":{"rendered":"<p>Kad\u0131k\u00f6y Yatak Tamiri &#8211; Yatak Tamircisi 0554 858 1312&#8243; \u0130stanbul Anadolu Yakas\u0131 Kad\u0131k\u00f6y Divan Tamiri&#8221; G\u0131c\u0131rdayan veya sallanan bir yatakla m\u0131 u\u011fra\u015f\u0131yorsunuz? Ba\u015fka yere bakmay\u0131n! tekrar iyi bir gece uykusu \u00e7ekmenize yard\u0131mc\u0131 olmak i\u00e7in profesyonel bir yatak onar\u0131m hizmeti sunuyoruz. Uzman ekibimiz yatak \u00e7er\u00e7evenizi k\u0131sa s\u00fcrede en iyi duruma getirecek. Daha fazla uyku kaybetmeyin \u2013 yatak onar\u0131m hizmetinizi bug\u00fcn ay\u0131rt\u0131n! Kad\u0131k\u00f6y Yatak Tamiri, Onar\u0131mlar\u0131 i\u00e7in bizi aray\u0131n. uzman yatak onar\u0131mlar\u0131na m\u0131 ihtiyac\u0131n\u0131z var? Kad\u0131k\u00f6y Yatak Tamiri\u201d en iyi adrestir. Onar\u0131m hizmeti rezervasyonu yapmak i\u00e7in bizi \u201c0554 858 1312\u201d numaral\u0131 telefondan bizimle ileti\u015fime ge\u00e7in . Kad\u0131k\u00f6y Yatak Tamiri Kad\u0131k\u00f6y Yatak Tamiri&#8221; L\u00fcks bir yatak, bir yatak odas\u0131n\u0131n esteti\u011fini korumas\u0131na yard\u0131mc\u0131 oldu\u011fu i\u00e7in ger\u00e7ekten de hazine de\u011ferinde bir \u015feydir. Ayr\u0131ca, iyi bir gece uykusu \u00e7ekebilece\u011finiz veya gerekti\u011finde rahatlayabilece\u011finiz evinizdeki en konforlu yerlerden biridir. Ancak mobilya par\u00e7as\u0131n\u0131 korumak istiyorsan\u0131z, Kad\u0131k\u00f6y Karyola Tamiri&#8221; bir yatak onar\u0131m hizmeti ay\u0131rtman\u0131z gerekecektir. Bu alanda, g\u00fcvenebilece\u011finiz isim, y\u00fcksek kaliteli uygun fiyatl\u0131 i\u00e7 mekan hizmetleri sundu\u011fumuz i\u00e7in ba\u015fkas\u0131 de\u011fildir.&#8230; <a class=\"di-continue-reading\" href=\"https:\/\/www.onlinemarangoz.com.tr\/Kadikoy\/kadikoy-yatak-tamiri\/\"> Continue Reading&#8230;<\/a><\/p>\n","protected":false},"author":1,"featured_media":0,"parent":0,"menu_order":450,"comment_status":"closed","ping_status":"open","template":"","meta":{"_sitemap_exclude":false,"_sitemap_priority":"","_sitemap_frequency":"","footnotes":""},"categories":[1],"tags":[2693,2690,2691,2692,2689,2694,2695],"class_list":["post-1157","page","type-page","status-publish","hentry","category-kadikoy-mobilya-tamir-montaj-servisi","tag-kadikoy-baza-amortisoru-tamiri","tag-kadikoy-divan-tamiri","tag-kadikoy-karyola-tamiri","tag-kadikoy-yatak-baza-tamiri","tag-kadikoy-yatak-tamiri","tag-kadikoy-yatak-tamiri-iletisim","tag-kadikoy-yatak-tamiri-telefon"],"_links":{"self":[{"href":"https:\/\/www.onlinemarangoz.com.tr\/Kadikoy\/wp-json\/wp\/v2\/pages\/1157","targetHints":{"allow":["GET"]}}],"collection":[{"href":"https:\/\/www.onlinemarangoz.com.tr\/Kadikoy\/wp-json\/wp\/v2\/pages"}],"about":[{"href":"https:\/\/www.onlinemarangoz.com.tr\/Kadikoy\/wp-json\/wp\/v2\/types\/page"}],"author":[{"embeddable":true,"href":"https:\/\/www.onlinemarangoz.com.tr\/Kadikoy\/wp-json\/wp\/v2\/users\/1"}],"replies":[{"embeddable":true,"href":"https:\/\/www.onlinemarangoz.com.tr\/Kadikoy\/wp-json\/wp\/v2\/comments?post=1157"}],"version-history":[{"count":0,"href":"https:\/\/www.onlinemarangoz.com.tr\/Kadikoy\/wp-json\/wp\/v2\/pages\/1157\/revisions"}],"wp:attachment":[{"href":"https:\/\/www.onlinemarangoz.com.tr\/Kadikoy\/wp-json\/wp\/v2\/media?parent=1157"}],"wp:term":[{"taxonomy":"category","embeddable":true,"href":"https:\/\/www.onlinemarangoz.com.tr\/Kadikoy\/wp-json\/wp\/v2\/categories?post=1157"},{"taxonomy":"post_tag","embeddable":true,"href":"https:\/\/www.onlinemarangoz.com.tr\/Kadikoy\/wp-json\/wp\/v2\/tags?post=1157"}],"curies":[{"name":"wp","href":"https:\/\/api.w.org\/{rel}","templated":true}]}}