{"id":1486,"date":"2024-11-23T22:33:23","date_gmt":"2024-11-23T22:33:23","guid":{"rendered":"https:\/\/www.onlinemarangoz.com.tr\/Kadikoy\/?page_id=1486"},"modified":"2024-11-23T23:25:30","modified_gmt":"2024-11-23T23:25:30","slug":"kadikoy-dolap-cekmece-ray-tamiri","status":"publish","type":"page","link":"https:\/\/www.onlinemarangoz.com.tr\/Kadikoy\/kadikoy-dolap-cekmece-ray-tamiri\/","title":{"rendered":"Kadik\u00f6y Dolap \u00c7ekmece Ray Tamiri"},"content":{"rendered":"<p>Kad\u0131k\u00f6y Dolap \u00c7ekmece Ray Tamiri &#8211; Dolap \u00c7ekmece Ray Tamircisi Telefon 0554 858 1312&#8221; \u0130stanbul Anadolu Yakas\u0131 Kad\u0131k\u00f6y \u00c7ekmece Onar\u0131m\u0131, ihtiyac\u0131n\u0131z varsa, ihtiyac\u0131n\u0131z olan hizmetleri sa\u011flayan profesyonellerle ba\u011flant\u0131 kurman\u0131za yard\u0131mc\u0131 olabiliriz.<\/p>\n<figure id=\"attachment_1494\" aria-describedby=\"caption-attachment-1494\" style=\"width: 500px\" class=\"wp-caption alignright\"><a class=\"Kadik\u00f6y Dolap \u00c7ekmece Ray Tamiri\" href=\"https:\/\/www.onlinemarangoz.com.tr\/Kadikoy\/kadikoy-dolap-cekmece-ray-tamiri\/\" target=\"_blank\" rel=\"Kadik\u00f6y Dolap \u00c7ekmece Ray Tamiri noopener\"><img fetchpriority=\"high\" decoding=\"async\" class=\"Kadik\u00f6y Dolap \u00c7ekmece Ray Tamiri wp-image-1494 size-full\" title=\"Kadik\u00f6y Dolap \u00c7ekmece Ray Tamiri\" src=\"https:\/\/www.onlinemarangoz.com.tr\/Kadikoy\/wp-content\/uploads\/Kadikoy-Dolap-Cekmece-Ray-Tamir.jpg\" alt=\"Kadik\u00f6y Dolap \u00c7ekmece Ray Tamiri\" width=\"500\" height=\"250\" srcset=\"https:\/\/www.onlinemarangoz.com.tr\/Kadikoy\/wp-content\/uploads\/Kadikoy-Dolap-Cekmece-Ray-Tamir.jpg 500w, https:\/\/www.onlinemarangoz.com.tr\/Kadikoy\/wp-content\/uploads\/Kadikoy-Dolap-Cekmece-Ray-Tamir-300x150.jpg 300w\" sizes=\"(max-width: 500px) 100vw, 500px\" \/><\/a><figcaption id=\"caption-attachment-1494\" class=\"wp-caption-text\">Kadik\u00f6y Dolap \u00c7ekmece Ray Tamiri<\/figcaption><\/figure>\n<p>Kad\u0131k\u00f6y Dolap \u00c7ekmece Ray Tamiri, \u00e7ekmeceleriniz i\u015flevselli\u011fini ve esteti\u011fini korumak s\u00f6z konusu oldu\u011funda, profesyonel bir \u00e7ekmece onar\u0131m hizmeti, se\u00e7mek olduk\u00e7a avantajl\u0131 olabilir. Kad\u0131k\u00f6y K\u0131r\u0131k \u00c7ekmece Ray Tamiri, \u00e7ekmece onar\u0131m hizmeti, ustalar\u0131 \u00e7ekmecelerinizle ilgili \u00e7e\u015fitli sorunlar\u0131 ele almak i\u00e7in gereken uzmanl\u0131\u011fa ve becerilere sahiptir. K\u0131r\u0131k bir \u00e7ekmece s\u00fcrg\u00fcs\u00fc, hizas\u0131 bir ray veya hasarl\u0131 bir k\u0131r\u0131k \u00e7ekmece ray\u0131 olsun, bu sorunu etkili bir \u015fekilde te\u015fhis edip d\u00fczeltebilir ve sorunsuz ve zahmetsiz bir \u00e7al\u0131\u015fma sa\u011flayabilir.\u00a0Kad\u0131k\u00f6y K\u0131r\u0131k \u00c7ekmece Ray Tamiri, \u00e7ekmece onar\u0131m hizmetinden yararlanarak, mobilyalar\u0131n\u0131z\u0131n \u00f6mr\u00fcn\u00fc uzatabilir, t\u00fcm raylar\u0131 de\u011fi\u015ftirme zahmetinden kurtulabilir ve uzun vadede paradan tasarruf edebilirsiniz.<\/p>\n<p style=\"text-align: center;\"><span style=\"color: #ff0000;\"><strong><a style=\"color: #ff0000;\" href=\"https:\/\/www.onlinemarangoz.com.tr\/dolap-cekmece-ray-tamiri\/\" target=\"_blank\" rel=\"noopener\">Kad\u0131k\u00f6y Dolap \u00c7ekmece Ray Tamiri<\/a><\/strong><\/span>, D\u00fcr\u00fcst, dayan\u0131kl\u0131, \u015feffaf m\u00fc\u015fteri hizmeti ve yetenekli, profesyonel mobilya tamir, mobilya onar\u0131m hizmeti, sunuyoruz \u00e7\u00fcnk\u00fc her yerdeki ev sahipleri i\u00e7in en iyi de\u011feri sunmak istiyoruz, Kad\u0131k\u00f6y K\u0131r\u0131k \u00c7ekmece Ray Tamiri, G\u00fcler y\u00fczl\u00fc bir ekip taraf\u0131ndan sa\u011flanan profesyonel marangozluk hizmetleri i\u00e7in hemen,\u00a0Kad\u0131k\u00f6y K\u0131r\u0131k \u00c7ekmece Ray Tamir Ustas\u0131\u00a0Telefon (0554) 858-1312&#8217;yi aray\u0131n.\u00a0Kad\u0131k\u00f6y Profesyonel \u00c7ekmece Tamiri, Randevunuzun her ne olursa olsun sorunsuz ve endi\u015fesiz ge\u00e7ece\u011fini garanti ediyoruz! Kad\u0131k\u00f6y Dolap \u00c7ekmece Ray Tamiri Yap\u0131l\u0131r<\/p>\n<figure id=\"attachment_1497\" aria-describedby=\"caption-attachment-1497\" style=\"width: 206px\" class=\"wp-caption alignleft\"><img decoding=\"async\" class=\"wp-image-1497\" title=\"K\u0131r\u0131k \u00c7ekmece Ray Tamir Ustas\u0131\" src=\"https:\/\/www.onlinemarangoz.com.tr\/Kadikoy\/wp-content\/uploads\/Dolap-Cekmece-Ray-Tamiri.jpg\" alt=\"K\u0131r\u0131k \u00c7ekmece Ray Tamir Ustas\u0131\" width=\"206\" height=\"206\" srcset=\"https:\/\/www.onlinemarangoz.com.tr\/Kadikoy\/wp-content\/uploads\/Dolap-Cekmece-Ray-Tamiri.jpg 300w, https:\/\/www.onlinemarangoz.com.tr\/Kadikoy\/wp-content\/uploads\/Dolap-Cekmece-Ray-Tamiri-150x150.jpg 150w, https:\/\/www.onlinemarangoz.com.tr\/Kadikoy\/wp-content\/uploads\/Dolap-Cekmece-Ray-Tamiri-90x90.jpg 90w\" sizes=\"(max-width: 206px) 100vw, 206px\" \/><figcaption id=\"caption-attachment-1497\" class=\"wp-caption-text\">K\u0131r\u0131k \u00c7ekmece Ray Tamir Ustas\u0131<\/figcaption><\/figure>\n<h2>Kad\u0131k\u00f6y Dolap \u00c7ekmece Ray Tamiri<\/h2>\n<p>Kad\u0131k\u00f6y K\u0131r\u0131k \u00c7ekmece Ray Tamir Ustas\u0131, Detaylara g\u00f6sterdikleri titiz dikkat ve kaliteli i\u015f\u00e7ili\u011fe olan ba\u011fl\u0131l\u0131klar\u0131yla,\u00a0Kad\u0131k\u00f6y D\u00fc\u015fen \u00c7ekmece Ray Tamiri, onar\u0131m hizmeti, \u00e7ekmecelerinizin i\u015flevselli\u011fini ve g\u00f6r\u00fcn\u00fcm\u00fcn\u00fc geri kazand\u0131rabilir ve mobilyalar\u0131n\u0131z\u0131n genel \u00e7ekicili\u011fini art\u0131rabilir. Kad\u0131k\u00f6y Dolap \u00c7ekmece Ray Tamiri, Amac\u0131m\u0131z, ihtiya\u00e7 duydu\u011funuz hizmetleri sa\u011flayan profesyonellerle t\u00fcm \u00e7ekmece onar\u0131m\u0131 ihtiya\u00e7lar\u0131n\u0131zda size yard\u0131mc\u0131 olmakt\u0131r. , sizi ihtiya\u00e7lar\u0131n\u0131z konusunda, Kad\u0131k\u00f6y K\u0131r\u0131k \u00c7ekmece Ray Tamir Ustas\u0131, profesyonellerle yard\u0131mc\u0131 olal\u0131m. Kad\u0131k\u00f6y K\u0131r\u0131k \u00c7ekmece Ray Tamiri, \u00c7ekmece onar\u0131m\u0131, \u00e7ekmecelerinin i\u015flevselli\u011fini ve estetik \u00e7ekicili\u011fini geri kazand\u0131rmak isteyen ki\u015filer i\u00e7in bir dizi avantaj sunar. \u0130ster mutfak \u00e7ekmecesi, ister ofis \u00e7ekmecesi veya ba\u015fka bir \u00e7ekmece t\u00fcr\u00fc olsun,\u00a0Kad\u0131k\u00f6y Profesyonel \u00c7ekmece Onar\u0131m\u0131, yanl\u0131\u015f hizalama, yap\u0131\u015fma veya k\u0131r\u0131k raylar gibi \u00e7e\u015fitli sorunlar\u0131 \u00e7\u00f6zebilir.<\/p>\n<figure id=\"attachment_1495\" aria-describedby=\"caption-attachment-1495\" style=\"width: 250px\" class=\"wp-caption alignright\"><img decoding=\"async\" class=\"wp-image-1495\" title=\"D\u00fc\u015fen \u00c7ekmece Ray Tamiri\" src=\"https:\/\/www.onlinemarangoz.com.tr\/Kadikoy\/wp-content\/uploads\/Dolap-Cekmece-Arizali-Ray-Tamiri.jpg\" alt=\"D\u00fc\u015fen \u00c7ekmece Ray Tamiri\" width=\"250\" height=\"250\" srcset=\"https:\/\/www.onlinemarangoz.com.tr\/Kadikoy\/wp-content\/uploads\/Dolap-Cekmece-Arizali-Ray-Tamiri.jpg 350w, https:\/\/www.onlinemarangoz.com.tr\/Kadikoy\/wp-content\/uploads\/Dolap-Cekmece-Arizali-Ray-Tamiri-300x300.jpg 300w, https:\/\/www.onlinemarangoz.com.tr\/Kadikoy\/wp-content\/uploads\/Dolap-Cekmece-Arizali-Ray-Tamiri-150x150.jpg 150w, https:\/\/www.onlinemarangoz.com.tr\/Kadikoy\/wp-content\/uploads\/Dolap-Cekmece-Arizali-Ray-Tamiri-90x90.jpg 90w\" sizes=\"(max-width: 250px) 100vw, 250px\" \/><figcaption id=\"caption-attachment-1495\" class=\"wp-caption-text\">D\u00fc\u015fen \u00c7ekmece Ray Tamiri<\/figcaption><\/figure>\n<p style=\"text-align: center;\"><span style=\"color: #ff0000;\"><strong><a style=\"color: #ff0000;\" href=\"https:\/\/www.onlinemarangoz.com.tr\/\" target=\"_blank\" rel=\"noopener\">Kad\u0131k\u00f6y K\u0131r\u0131k \u00c7ekmece Ray Tamir Ustas\u0131<\/a><\/strong><\/span>, G\u00fcler y\u00fczl\u00fc bir ekip taraf\u0131ndan sa\u011flanan profesyonel marangozluk hizmetleri i\u00e7in hemen, Kad\u0131k\u00f6y Profesyonel \u00c7ekmece Tamiri Telefon (0554) 858-1312&#8217;yi aray\u0131n. Kad\u0131k\u00f6y Dolap \u00c7ekmece Ray Tamiri, Ola\u011fan\u00fcst\u00fc m\u00fc\u015fteri hizmeti sunmaya kararl\u0131y\u0131z ve akl\u0131n\u0131za tak\u0131lan t\u00fcm sorular\u0131 yan\u0131tlamak i\u00e7in her zaman haz\u0131r\u0131z.<\/p>\n<h3>Kad\u0131k\u00f6y D\u00fc\u015fen \u00c7ekmece Ray Tamiri<\/h3>\n<p>Kad\u0131k\u00f6y D\u00fc\u015fen \u00c7ekmece Ray Tamiri, \u00c7ekmece onar\u0131m\u0131n\u0131 tercih ederek, \u00e7ekmecelerinizin d\u00fczg\u00fcn \u00e7al\u0131\u015fmas\u0131n\u0131 sa\u011flayabilir, sinir bozucu s\u0131k\u0131\u015fmalar\u0131 \u00f6nleyebilir ve e\u015fyalar\u0131n\u0131za kolayca eri\u015fmenizi sa\u011flayabilirsiniz. Yetenekli teknisyenler, uzun \u00f6m\u00fcrl\u00fc sonu\u00e7lar sa\u011flayarak sorunlar\u0131 te\u015fhis etme ve d\u00fczeltme konusunda uzmanl\u0131\u011fa sahiptir. Kad\u0131k\u00f6y D\u00fc\u015fen \u00c7ekmece Ray Tamiri, Dahas\u0131, \u00e7ekmece onar\u0131m hizmetleri, maliyetli de\u011fi\u015ftirme ihtiyac\u0131n\u0131 ortadan kald\u0131rarak size para kazand\u0131rabilir. Bu alandaki profesyoneller, ayr\u0131nt\u0131lara g\u00f6sterdikleri dikkat ve m\u00fc\u015fteri memnuniyetine olan ba\u011fl\u0131l\u0131klar\u0131yla, ihtiya\u00e7lar\u0131n\u0131z\u0131 kar\u015f\u0131layan \u00f6zel \u00e7\u00f6z\u00fcmler sunabilir. Kad\u0131k\u00f6y \u00c7ekmece Raylar\u0131 Onar\u0131l\u0131r, Ar\u0131zal\u0131 \u00e7ekmecelerin g\u00fcnl\u00fck rutininizi bozmas\u0131na izin vermeyin; bunun yerine, ya\u015fam veya \u00e7al\u0131\u015fma alan\u0131n\u0131za d\u00fczeni ve rahatl\u0131\u011f\u0131 geri kazand\u0131rmak i\u00e7in \u00e7ekmece onar\u0131m\u0131n\u0131n faydalar\u0131n\u0131 d\u00fc\u015f\u00fcn\u00fcn.<\/p>\n<p style=\"text-align: center;\"><span style=\"color: #0000ff;\"><strong><a style=\"color: #0000ff;\" href=\"https:\/\/www.onlinemarangoz.com.tr\/Kadikoy\/kadikoy-dolap-cekmece-ray-tamiri\/\" target=\"_blank\" rel=\"noopener\">Kad\u0131k\u00f6y D\u00fc\u015fen \u00c7ekmece Ray Tamiri<\/a><\/strong><\/span>, G\u00fcler y\u00fczl\u00fc bir ekip taraf\u0131ndan sa\u011flanan profesyonel marangozluk hizmetleri i\u00e7in hemen, Kad\u0131k\u00f6y Profesyonel \u00c7ekmece Tamiri\u00a0Telefon (0554) 858-1312&#8217;yi aray\u0131n. Kad\u0131k\u00f6y K\u0131r\u0131k \u00c7ekmece Ray Tamiri, ihtiya\u00e7lar\u0131n\u0131z i\u00e7in bizi d\u00fc\u015f\u00fcnd\u00fc\u011f\u00fcn\u00fcz i\u00e7in te\u015fekk\u00fcr ederiz.<\/p>\n<figure id=\"attachment_1496\" aria-describedby=\"caption-attachment-1496\" style=\"width: 250px\" class=\"wp-caption alignleft\"><img loading=\"lazy\" decoding=\"async\" class=\"wp-image-1496\" src=\"https:\/\/www.onlinemarangoz.com.tr\/Kadikoy\/wp-content\/uploads\/Dolap-Cekmece-Ray-Tamir-Servisi.jpg\" alt=\"K\u0131r\u0131k \u00c7ekmece Ray Tamiri\" width=\"250\" height=\"250\" srcset=\"https:\/\/www.onlinemarangoz.com.tr\/Kadikoy\/wp-content\/uploads\/Dolap-Cekmece-Ray-Tamir-Servisi.jpg 300w, https:\/\/www.onlinemarangoz.com.tr\/Kadikoy\/wp-content\/uploads\/Dolap-Cekmece-Ray-Tamir-Servisi-150x150.jpg 150w, https:\/\/www.onlinemarangoz.com.tr\/Kadikoy\/wp-content\/uploads\/Dolap-Cekmece-Ray-Tamir-Servisi-90x90.jpg 90w\" sizes=\"(max-width: 250px) 100vw, 250px\" \/><figcaption id=\"caption-attachment-1496\" class=\"wp-caption-text\">K\u0131r\u0131k \u00c7ekmece Ray Tamiri<\/figcaption><\/figure>\n<h4>Kad\u0131k\u00f6y K\u0131r\u0131k \u00c7ekmece Ray Tamiri<\/h4>\n<p>Kad\u0131k\u00f6y K\u0131r\u0131k \u00c7ekmece Ray Tamiri,\u00a0Uygunsuz \u015fekilde tak\u0131lan \u00e7ekmece raylar\u0131 zamanla gev\u015fer. Sorunu kal\u0131c\u0131 olarak \u00e7\u00f6zmek i\u00e7in raylar\u0131n\u0131z\u0131 do\u011fru tip ve say\u0131da Yeni raylar\u0131 h\u0131zla yeniden takaca\u011f\u0131z. Ayr\u0131ca k\u0131r\u0131k \u00e7ekmece raylar\u0131n\u0131 donan\u0131m\u0131yla de\u011fi\u015ftiriyoruz veya hatta \u00e7ekmece \u00f6n klipslerini yeniden tak\u0131yoruz. Ayr\u0131ca modern dokunmatik a\u00e7ma mekanizmalar\u0131n\u0131 onar\u0131yor ve kuruyoruz. Bunlar d\u00fczg\u00fcn bir \u015fekilde tak\u0131ld\u0131\u011f\u0131nda Uzun s\u00fcre g\u00fcvenilir hizmet sa\u011flayabilir. Ancak d\u00fczg\u00fcn bir \u015fekilde tak\u0131lmad\u0131\u011f\u0131nda performanslar\u0131 h\u0131zla d\u00fc\u015febilir. Neyse ki ray mekanizmas\u0131 ve hatta senkronizasyon \u00e7ubuklar\u0131n\u0131n hepsi de\u011fi\u015ftirilebilir ve dolap donan\u0131m\u0131n\u0131z\u0131n \u00f6mr\u00fc uzat\u0131labilir.<\/p>\n<p style=\"text-align: center;\"><strong><span style=\"color: #0000ff;\"><a style=\"color: #0000ff;\" href=\"https:\/\/www.onlinemarangoz.com.tr\/Kadikoy\/\" target=\"_blank\" rel=\"noopener\">Kad\u0131k\u00f6y K\u0131r\u0131k \u00c7ekmece Ray Tamiri<\/a><\/span><\/strong>, G\u00fcler y\u00fczl\u00fc bir ekip taraf\u0131ndan sa\u011flanan profesyonel marangozluk hizmetleri i\u00e7in hemen,\u00a0Kad\u0131k\u00f6y Profesyonel \u00c7ekmece Tamiri\u00a0Telefon (0554) 858-1312&#8217;yi aray\u0131n.\u00a0Kad\u0131k\u00f6y Dolap \u00c7ekmece Ray Tamiri Yap\u0131l\u0131r, K\u00fc\u00e7\u00fck onar\u0131mlardan b\u00fcy\u00fck \u00f6l\u00e7ekli mobilya tamiri, kadar m\u00fc\u015fteri memnuniyetini ve, mobilya tamirat\u0131n\u0131, zaman\u0131nda tamamlanmay\u0131 garanti ediyoruz<\/p>\n<table style=\"border-collapse: collapse; width: 100%;\">\n<tbody>\n<tr>\n<td>\n<div>\n<h4 style=\"text-align: center;\">Kad\u0131k\u00f6y \u00c7ekmece Raylar\u0131 Onar\u0131l\u0131r.<\/h4>\n<ul>\n<li>Hasarl\u0131 \u00c7ekmece Tamiri.<\/li>\n<li>Dolap \u00c7ekmece Tamiri.<\/li>\n<li>Banyo \u00c7ekmecesi Tamiri.<\/li>\n<li>\u015eifonyer \u00c7ekmece Tamiri.<\/li>\n<li>Mutfak \u00c7ekmecesi Tamiri.<\/li>\n<\/ul>\n<\/div>\n<\/td>\n<td>\n<div>\n<h5 style=\"text-align: center;\">Kad\u0131k\u00f6y K\u0131r\u0131k \u00c7ekmece Ray Tamir Ustas\u0131.<\/h5>\n<ul>\n<li>\u00c7ekmece Tamiri.<\/li>\n<li>K\u0131r\u0131k \u00c7ekmece Tamiri.<\/li>\n<li>K\u00f6\u015fe \u00c7ekmece Tamiri.<\/li>\n<li>S\u00fcrg\u00fcl\u00fc \u00c7ekmece Tamiri.<\/li>\n<li>Tekerlekli \u00c7ekmece Tamiri.<\/li>\n<\/ul>\n<\/div>\n<\/td>\n<td style=\"width: 33.3333%;\">\n<div>\n<h6 style=\"text-align: center;\">Kad\u0131k\u00f6y D\u00fc\u015fen \u00c7ekmece Ray Tamir.<\/h6>\n<ul>\n<li>Ah\u015fap \u00c7ekmece Tamiri.<\/li>\n<li>\u00c7ekmece Kulpu De\u011fi\u015fimi.<\/li>\n<li>\u00c7ekmece Topuzu De\u011fi\u015fimi.<\/li>\n<li>\u00c7ekmece Donan\u0131m De\u011fi\u015fimi.<\/li>\n<li>Dosya Dolab\u0131 \u00c7ekmece Onar\u0131m\u0131.<\/li>\n<\/ul>\n<\/div>\n<\/td>\n<\/tr>\n<\/tbody>\n<\/table>\n<h5 style=\"text-align: center;\">\u0130stanbul Anadolu Yakas\u0131 Kad\u0131k\u00f6y Dolap \u00c7ekmece Ray Tamiri.<\/h5>\n<table style=\"border-collapse: collapse; width: 100%;\">\n<tbody>\n<tr>\n<td style=\"width: 33.3333%;\">\n<h5 style=\"text-align: center;\">Kad\u0131k\u00f6y Dolap \u00c7ekmece Ray Tamiri \u0130leti\u015fim.<\/h5>\n<figure id=\"attachment_1187\" aria-describedby=\"caption-attachment-1187\" style=\"width: 400px\" class=\"wp-caption aligncenter\"><a class=\"Whatsapp Hemen T\u0131kla Mesaj At\" href=\"https:\/\/wa.me\/+905548581312\" target=\"_blank\" rel=\"Whatsapp Hemen T\u0131kla Mesaj At noopener\"><img loading=\"lazy\" decoding=\"async\" class=\"Whatsapp Hemen T\u0131kla Mesaj At wp-image-1187\" title=\"Whatsapp Hemen T\u0131kla Mesaj At\" src=\"https:\/\/www.onlinemarangoz.com.tr\/Kadikoy\/wp-content\/uploads\/Kadikoy-Mobilya-Tamiri-Iletisim.jpg\" alt=\"Whatsapp Hemen T\u0131kla Mesaj At\" width=\"400\" height=\"160\" srcset=\"https:\/\/www.onlinemarangoz.com.tr\/Kadikoy\/wp-content\/uploads\/Kadikoy-Mobilya-Tamiri-Iletisim.jpg 500w, https:\/\/www.onlinemarangoz.com.tr\/Kadikoy\/wp-content\/uploads\/Kadikoy-Mobilya-Tamiri-Iletisim-300x120.jpg 300w\" sizes=\"(max-width: 400px) 100vw, 400px\" \/><\/a><figcaption id=\"caption-attachment-1187\" class=\"wp-caption-text\">Whatsapp Hemen T\u0131kla Mesaj At<\/figcaption><\/figure>\n<p style=\"text-align: center;\">Size nas\u0131l yard\u0131mc\u0131 olabiliriz?<\/p>\n<p style=\"text-align: center;\">\u00dccretsiz fiyat teklifi i\u00e7in bize mesaj at\u0131n:<\/p>\n<\/td>\n<td style=\"width: 33.3333%;\">\n<h5>\u00c7al\u0131\u015fma Saatleri<\/h5>\n<ul>\n<li>Pazartesi : \u00a009:00 &#8211; 20:00<\/li>\n<li>Sal\u0131 : \u00a009:00 &#8211; 20:00<\/li>\n<li>\u00c7ar\u015famba : \u00a009:00 &#8211; 20:00<\/li>\n<li>Per\u015fembe : \u00a009:00 &#8211; 20:00<\/li>\n<li>Cuma : \u00a009:00 &#8211; 20:00<\/li>\n<li>Cumartesi: \u00a009:00 &#8211; 20:00<\/li>\n<li>Pazar :\u00a0Kapal\u0131<\/li>\n<\/ul>\n<\/td>\n<td style=\"width: 33.3333%;\">\n<h6 style=\"text-align: center;\">Kad\u0131k\u00f6y Dolap \u00c7ekmece Ray Tamiri Telefon.<\/h6>\n<figure id=\"attachment_1188\" aria-describedby=\"caption-attachment-1188\" style=\"width: 400px\" class=\"wp-caption aligncenter\"><a class=\"Whatsapp Hemen T\u0131kla Mesaj At\" href=\"tel:\/\/+905548581312\" target=\"_blank\" rel=\"Telefon Hemen T\u0131kla Ara noopener\"><img loading=\"lazy\" decoding=\"async\" class=\"Telefon Hemen T\u0131kla Ara wp-image-1188\" title=\"Telefon Hemen T\u0131kla Ara\" src=\"https:\/\/www.onlinemarangoz.com.tr\/Kadikoy\/wp-content\/uploads\/Kadikoy-Mobilya-Tamiri-Telefon.jpg\" alt=\"Telefon Hemen T\u0131kla Ara\" width=\"400\" height=\"160\" srcset=\"https:\/\/www.onlinemarangoz.com.tr\/Kadikoy\/wp-content\/uploads\/Kadikoy-Mobilya-Tamiri-Telefon.jpg 500w, https:\/\/www.onlinemarangoz.com.tr\/Kadikoy\/wp-content\/uploads\/Kadikoy-Mobilya-Tamiri-Telefon-300x120.jpg 300w\" sizes=\"(max-width: 400px) 100vw, 400px\" \/><\/a><figcaption id=\"caption-attachment-1188\" class=\"wp-caption-text\">Telefon Hemen T\u0131kla Ara<\/figcaption><\/figure>\n<p style=\"text-align: center;\">Size nas\u0131l yard\u0131mc\u0131 olabiliriz?<\/p>\n<p style=\"text-align: center;\">\u00dccretsiz fiyat teklifi i\u00e7in bizi aray\u0131n:<\/p>\n<\/td>\n<\/tr>\n<\/tbody>\n<\/table>\n<p>&nbsp;<\/p>\n\n\n<div class=\"kk-star-ratings kksr-auto kksr-align-left kksr-valign-bottom\"\n    data-payload='{&quot;align&quot;:&quot;left&quot;,&quot;id&quot;:&quot;1486&quot;,&quot;slug&quot;:&quot;default&quot;,&quot;valign&quot;:&quot;bottom&quot;,&quot;ignore&quot;:&quot;&quot;,&quot;reference&quot;:&quot;auto&quot;,&quot;class&quot;:&quot;&quot;,&quot;count&quot;:&quot;15&quot;,&quot;legendonly&quot;:&quot;&quot;,&quot;readonly&quot;:&quot;&quot;,&quot;score&quot;:&quot;5&quot;,&quot;starsonly&quot;:&quot;&quot;,&quot;best&quot;:&quot;5&quot;,&quot;gap&quot;:&quot;5&quot;,&quot;greet&quot;:&quot;Kad\u0131k\u00f6y Marangoz \u2705&quot;,&quot;legend&quot;:&quot;Kad\u0131k\u00f6y Marangoz Ustas\u0131 \u2b50 15 \u2b50&quot;,&quot;size&quot;:&quot;24&quot;,&quot;title&quot;:&quot;Kadik\u00f6y Dolap \u00c7ekmece Ray Tamiri&quot;,&quot;width&quot;:&quot;142.5&quot;,&quot;_legend&quot;:&quot;Kad\u0131k\u00f6y Marangoz Ustas\u0131 \u2b50 {count} \u2b50&quot;,&quot;font_factor&quot;:&quot;1.25&quot;}'>\n            \n<div class=\"kksr-stars\">\n    \n<div class=\"kksr-stars-inactive\">\n            <div class=\"kksr-star\" data-star=\"1\" style=\"padding-right: 5px\">\n            \n\n<div class=\"kksr-icon\" style=\"width: 24px; height: 24px;\"><\/div>\n        <\/div>\n            <div class=\"kksr-star\" data-star=\"2\" style=\"padding-right: 5px\">\n            \n\n<div class=\"kksr-icon\" style=\"width: 24px; height: 24px;\"><\/div>\n        <\/div>\n            <div class=\"kksr-star\" data-star=\"3\" style=\"padding-right: 5px\">\n            \n\n<div class=\"kksr-icon\" style=\"width: 24px; height: 24px;\"><\/div>\n        <\/div>\n            <div class=\"kksr-star\" data-star=\"4\" style=\"padding-right: 5px\">\n            \n\n<div class=\"kksr-icon\" style=\"width: 24px; height: 24px;\"><\/div>\n        <\/div>\n            <div class=\"kksr-star\" data-star=\"5\" style=\"padding-right: 5px\">\n            \n\n<div class=\"kksr-icon\" style=\"width: 24px; height: 24px;\"><\/div>\n        <\/div>\n    <\/div>\n    \n<div class=\"kksr-stars-active\" style=\"width: 142.5px;\">\n            <div class=\"kksr-star\" style=\"padding-right: 5px\">\n            \n\n<div class=\"kksr-icon\" style=\"width: 24px; height: 24px;\"><\/div>\n        <\/div>\n            <div class=\"kksr-star\" style=\"padding-right: 5px\">\n            \n\n<div class=\"kksr-icon\" style=\"width: 24px; height: 24px;\"><\/div>\n        <\/div>\n            <div class=\"kksr-star\" style=\"padding-right: 5px\">\n            \n\n<div class=\"kksr-icon\" style=\"width: 24px; height: 24px;\"><\/div>\n        <\/div>\n            <div class=\"kksr-star\" style=\"padding-right: 5px\">\n            \n\n<div class=\"kksr-icon\" style=\"width: 24px; height: 24px;\"><\/div>\n        <\/div>\n            <div class=\"kksr-star\" style=\"padding-right: 5px\">\n            \n\n<div class=\"kksr-icon\" style=\"width: 24px; height: 24px;\"><\/div>\n        <\/div>\n    <\/div>\n<\/div>\n                \n\n<div class=\"kksr-legend\" style=\"font-size: 19.2px;\">\n            Kad\u0131k\u00f6y Marangoz Ustas\u0131 \u2b50 15 \u2b50    <\/div>\n    <\/div>\n","protected":false},"excerpt":{"rendered":"<p>Kad\u0131k\u00f6y Dolap \u00c7ekmece Ray Tamiri &#8211; Dolap \u00c7ekmece Ray Tamircisi Telefon 0554 858 1312&#8221; \u0130stanbul Anadolu Yakas\u0131 Kad\u0131k\u00f6y \u00c7ekmece Onar\u0131m\u0131, ihtiyac\u0131n\u0131z varsa, ihtiyac\u0131n\u0131z olan hizmetleri sa\u011flayan profesyonellerle ba\u011flant\u0131 kurman\u0131za yard\u0131mc\u0131 olabiliriz. Kad\u0131k\u00f6y Dolap \u00c7ekmece Ray Tamiri, \u00e7ekmeceleriniz i\u015flevselli\u011fini ve esteti\u011fini korumak s\u00f6z konusu oldu\u011funda, profesyonel bir \u00e7ekmece onar\u0131m hizmeti, se\u00e7mek olduk\u00e7a avantajl\u0131 olabilir. Kad\u0131k\u00f6y K\u0131r\u0131k \u00c7ekmece Ray Tamiri, \u00e7ekmece onar\u0131m hizmeti, ustalar\u0131 \u00e7ekmecelerinizle ilgili \u00e7e\u015fitli sorunlar\u0131 ele almak i\u00e7in gereken uzmanl\u0131\u011fa ve becerilere sahiptir. K\u0131r\u0131k bir \u00e7ekmece s\u00fcrg\u00fcs\u00fc, hizas\u0131 bir ray veya hasarl\u0131 bir k\u0131r\u0131k \u00e7ekmece ray\u0131 olsun, bu sorunu etkili bir \u015fekilde te\u015fhis edip d\u00fczeltebilir ve sorunsuz ve zahmetsiz bir \u00e7al\u0131\u015fma sa\u011flayabilir.\u00a0Kad\u0131k\u00f6y K\u0131r\u0131k \u00c7ekmece Ray Tamiri, \u00e7ekmece onar\u0131m hizmetinden yararlanarak, mobilyalar\u0131n\u0131z\u0131n \u00f6mr\u00fcn\u00fc uzatabilir, t\u00fcm raylar\u0131 de\u011fi\u015ftirme zahmetinden kurtulabilir ve uzun vadede paradan tasarruf edebilirsiniz. Kad\u0131k\u00f6y Dolap \u00c7ekmece Ray Tamiri, D\u00fcr\u00fcst, dayan\u0131kl\u0131, \u015feffaf m\u00fc\u015fteri hizmeti ve yetenekli, profesyonel mobilya tamir, mobilya onar\u0131m hizmeti, sunuyoruz \u00e7\u00fcnk\u00fc her yerdeki ev sahipleri i\u00e7in en iyi de\u011feri sunmak istiyoruz, Kad\u0131k\u00f6y K\u0131r\u0131k \u00c7ekmece Ray Tamiri,&#8230; <a class=\"di-continue-reading\" href=\"https:\/\/www.onlinemarangoz.com.tr\/Kadikoy\/kadikoy-dolap-cekmece-ray-tamiri\/\"> Continue Reading&#8230;<\/a><\/p>\n","protected":false},"author":1,"featured_media":0,"parent":0,"menu_order":800,"comment_status":"closed","ping_status":"open","template":"","meta":{"_sitemap_exclude":false,"_sitemap_priority":"","_sitemap_frequency":"","footnotes":""},"categories":[1],"tags":[1998,1993,1997,1995,1996,1994,1999],"class_list":["post-1486","page","type-page","status-publish","hentry","category-kadikoy-mobilya-tamir-montaj-servisi","tag-kadikoy-cekmece-raylari-onarilir","tag-kadikoy-dolap-cekmece-ray-tamiri","tag-kadikoy-dolap-cekmece-ray-tamiri-yapilir","tag-kadikoy-dusen-cekmece-ray-tamiri","tag-kadikoy-kirik-cekmece-ray-tamir-ustasi","tag-kadikoy-kirik-cekmece-ray-tamiri","tag-kadikoy-profesyonel-cekmece-tamiri"],"_links":{"self":[{"href":"https:\/\/www.onlinemarangoz.com.tr\/Kadikoy\/wp-json\/wp\/v2\/pages\/1486","targetHints":{"allow":["GET"]}}],"collection":[{"href":"https:\/\/www.onlinemarangoz.com.tr\/Kadikoy\/wp-json\/wp\/v2\/pages"}],"about":[{"href":"https:\/\/www.onlinemarangoz.com.tr\/Kadikoy\/wp-json\/wp\/v2\/types\/page"}],"author":[{"embeddable":true,"href":"https:\/\/www.onlinemarangoz.com.tr\/Kadikoy\/wp-json\/wp\/v2\/users\/1"}],"replies":[{"embeddable":true,"href":"https:\/\/www.onlinemarangoz.com.tr\/Kadikoy\/wp-json\/wp\/v2\/comments?post=1486"}],"version-history":[{"count":0,"href":"https:\/\/www.onlinemarangoz.com.tr\/Kadikoy\/wp-json\/wp\/v2\/pages\/1486\/revisions"}],"wp:attachment":[{"href":"https:\/\/www.onlinemarangoz.com.tr\/Kadikoy\/wp-json\/wp\/v2\/media?parent=1486"}],"wp:term":[{"taxonomy":"category","embeddable":true,"href":"https:\/\/www.onlinemarangoz.com.tr\/Kadikoy\/wp-json\/wp\/v2\/categories?post=1486"},{"taxonomy":"post_tag","embeddable":true,"href":"https:\/\/www.onlinemarangoz.com.tr\/Kadikoy\/wp-json\/wp\/v2\/tags?post=1486"}],"curies":[{"name":"wp","href":"https:\/\/api.w.org\/{rel}","templated":true}]}}