{"id":1516,"date":"2024-12-01T23:54:16","date_gmt":"2024-12-01T20:54:16","guid":{"rendered":"https:\/\/www.onlinemarangoz.com.tr\/Kadikoy\/?page_id=1516"},"modified":"2024-12-01T23:54:16","modified_gmt":"2024-12-01T20:54:16","slug":"kadikoy-oda-kapi-tamir-servisi","status":"publish","type":"page","link":"https:\/\/www.onlinemarangoz.com.tr\/Kadikoy\/kadikoy-oda-kapi-tamir-servisi\/","title":{"rendered":"Kad\u0131k\u00f6y Oda Kap\u0131 Tamir Servisi"},"content":{"rendered":"<p>Kad\u0131k\u00f6y Oda Kap\u0131 Tamir Servisi &#8211; Oda Kap\u0131 Tamir Servisi 0554 858 1312&#8243; \u0130stanbul Anadolu Yakas\u0131 Kad\u0131k\u00f6y Oda Kap\u0131 Tamir Servisi, Kap\u0131n\u0131zla ilgili bir sorun mu ya\u015f\u0131yorsunuz? \u0130ster ah\u015fap, ister al\u00fcminyum, ister \u00e7ift kanatl\u0131, ister s\u00fcrg\u00fcl\u00fc, ister tuvalet, gard\u0131rop veya mutfak dolab\u0131 kap\u0131s\u0131 olsun, tamiri i\u00e7in g\u00fcvenilir ve profesyonel bir kap\u0131 tamir servisine ihtiyac\u0131n\u0131z var. \u0130\u015fte bu y\u00fczden en iyi kap\u0131 tamir servisi olan ihtiyac\u0131n\u0131z var. Kad\u0131k\u00f6y Oda Kap\u0131 Kasa Pervaz Tamir Servisi&#8221; onar\u0131m\u0131 ve bak\u0131m\u0131 konusunda uzmanla\u015fm\u0131\u015f. 30 y\u0131ldan uzun s\u00fcredir sekt\u00f6rdeyiz ve genelinde binlerce memnun m\u00fc\u015fteriye hizmet verdik. Herhangi bir kap\u0131 sorununu h\u0131zl\u0131 ve etkili bir \u015fekilde ele almak i\u00e7in gereken becerilere, deneyime ve ara\u00e7lara sahibiz. Ne t\u00fcr bir kap\u0131n\u0131z olursa olsun, onu tamir edebiliriz.<\/p>\n<p><img fetchpriority=\"high\" decoding=\"async\" class=\"size-full wp-image-245 alignright\" style=\"letter-spacing: 0.5px; word-spacing: 0.5px;\" src=\"https:\/\/www.onlinemarangoz.com.tr\/Kadikoy\/wp-content\/uploads\/Kadikoy-Mobilya-Kapi-Tamir.jpg\" alt=\"Kad\u0131k\u00f6y Mobilya Kap\u0131 Tamiri\" width=\"500\" height=\"250\" srcset=\"https:\/\/www.onlinemarangoz.com.tr\/Kadikoy\/wp-content\/uploads\/Kadikoy-Mobilya-Kapi-Tamir.jpg 500w, https:\/\/www.onlinemarangoz.com.tr\/Kadikoy\/wp-content\/uploads\/Kadikoy-Mobilya-Kapi-Tamir-300x150.jpg 300w\" sizes=\"(max-width: 500px) 100vw, 500px\" \/><\/p>\n<p style=\"text-align: center;\">Kad\u0131k\u00f6y Oda Kap\u0131 Tamir Servisi, t\u00fcm mahallelerine hizmet veriyoruz. Hizmetlerimiz haftada 6 g\u00fcn sabah 09:00 \u2013 Ak\u015fam 20:00 saatleri aras\u0131nda mevcuttur. Kad\u0131k\u00f6y Oda Kap\u0131 Kilit Tamir Servisi, ( hafta sonu rezervasyonlar\u0131 i\u00e7in ek \u00fccret al\u0131nmaz) Rakipsiz bir teklif ve harika bir hizmet istiyorsan\u0131z l\u00fctfen sizin i\u00e7in uygun oldu\u011funda WhatsApp&#8217;tan mesaj atmaktan veya bizi\u00a0Kad\u0131k\u00f6y Oda Kap\u0131 Tamir Servisi Telefon, \u21d4 0554 858 1312 \u21d4 Telefonla daha fazla bilgi i\u00e7in bizimle\u00a0Kad\u0131k\u00f6y Oda Kap\u0131 Tamir Servisi \u0130leti\u015fim, ge\u00e7mekten \u00e7ekinmeyin &#8220;Bizi hizmet sa\u011flay\u0131c\u0131n\u0131z olarak se\u00e7ti\u011finiz i\u00e7in te\u015fekk\u00fcr ederiz.\u00a0Kad\u0131k\u00f6y Oda Kap\u0131 K\u0131r\u0131k Mente\u015fe Tamir Servisi, Size hizmet etme f\u0131rsat\u0131na sahip olmaktan onur duyuyoruz ve beklentilerinizi a\u015fmay\u0131 d\u00f6rt g\u00f6zle bekliyoruz. &#8220;Kad\u0131k\u00f6y Oda Kap\u0131 Kasa Pervaz Tamir Servisi&#8221;<\/p>\n<h2>Kad\u0131k\u00f6y Oda Kap\u0131 Tamir Servisi<\/h2>\n<ul>\n<li>Kad\u0131k\u00f6y Oda Kap\u0131 Tamir Servisi \u2013\u00a0Kap\u0131 makaras\u0131 de\u011fi\u015fimi : Kap\u0131n\u0131z a\u00e7\u0131l\u0131p kapan\u0131rken zorlan\u0131yorsa, bunun nedeni a\u015f\u0131nm\u0131\u015f veya hasarl\u0131 kap\u0131 makaralar\u0131 olabilir. Bunlar\u0131, kap\u0131n\u0131z\u0131n tekrar d\u00fczg\u00fcn kaymas\u0131n\u0131 sa\u011flayacak yenileriyle de\u011fi\u015ftirebiliriz.<\/li>\n<li>Kad\u0131k\u00f6y Oda Kap\u0131 K\u0131r\u0131k Mente\u015fe Tamir Servisi \u2013 Kap\u0131 mente\u015fesi tamiri : Kap\u0131n\u0131z sark\u0131yorsa, g\u0131c\u0131rd\u0131yorsa veya d\u00fczg\u00fcn hizalanmam\u0131\u015fsa, bunun nedeni ar\u0131zal\u0131 veya gev\u015fek kap\u0131 mente\u015feleri olabilir. Kap\u0131n\u0131z\u0131n tekrar d\u00fczg\u00fcn \u00e7al\u0131\u015fmas\u0131n\u0131 sa\u011flayacak mente\u015feleri onarabilir veya yenileriyle de\u011fi\u015ftirebiliriz.<\/li>\n<li>Kad\u0131k\u00f6y Oda Kap\u0131 Kilit Tamir Servisi \u2013 Kap\u0131 kilidi tamiri : Kap\u0131n\u0131z d\u00fczg\u00fcn \u015fekilde kilitlenmiyor veya kilidi a\u00e7\u0131lm\u0131yorsa, bunun nedeni k\u0131r\u0131k veya s\u0131k\u0131\u015fm\u0131\u015f bir kap\u0131 kilidi olabilir. Kap\u0131n\u0131z\u0131 tekrar g\u00fcvenli hale getirecek yenisiyle onarabilir veya de\u011fi\u015ftirebiliriz.<\/li>\n<li>Kap\u0131 ray\u0131 tamiri : Kap\u0131n\u0131z d\u00fczg\u00fcn kaym\u0131yorsa veya tak\u0131l\u0131yorsa, bunun nedeni e\u011filmi\u015f veya kirli bir kap\u0131 ray\u0131 olabilir. Kap\u0131n\u0131z\u0131n tekrar d\u00fczg\u00fcn kaymas\u0131n\u0131 sa\u011flayacak \u00f6zel alet ve tekniklerle onarabilir veya temizleyebiliriz.<\/li>\n<li>Kap\u0131 kolu tamiri : Kap\u0131 kolunuz k\u0131r\u0131lm\u0131\u015fsa, gev\u015femi\u015fse veya d\u00fczg\u00fcn \u00e7al\u0131\u015fm\u0131yorsa, bunun nedeni ar\u0131zal\u0131 veya y\u0131pranm\u0131\u015f bir kap\u0131 kolu olabilir. Kap\u0131n\u0131z\u0131 tekrar \u00e7al\u0131\u015ft\u0131rmay\u0131 kolayla\u015ft\u0131racak yenisiyle onarabilir veya de\u011fi\u015ftirebiliriz.<\/li>\n<li>Kad\u0131k\u00f6y Oda Kap\u0131 Kasa Pervaz Tamir Servisi\u00a0\u2013\u00a0Kap\u0131 \u00e7er\u00e7evesi onar\u0131m\u0131\u00a0: Kap\u0131 \u00e7er\u00e7eveniz \u00e7atlam\u0131\u015f, k\u0131r\u0131lm\u0131\u015f veya hasar g\u00f6rm\u00fc\u015fse, bu durum kap\u0131n\u0131z\u0131n g\u00f6r\u00fcn\u00fcm\u00fcn\u00fc ve sa\u011flaml\u0131\u011f\u0131n\u0131 etkileyebilir. Kap\u0131n\u0131z\u0131 tekrar g\u00fczel ve sa\u011flam g\u00f6sterecek yenisiyle onarabilir veya de\u011fi\u015ftirebiliriz.<img decoding=\"async\" class=\"alignleft wp-image-1818\" src=\"https:\/\/www.onlinemarangoz.com.tr\/Kadikoy\/wp-content\/uploads\/Kapi-Kilit-Tamir.jpg\" alt=\"\" width=\"250\" height=\"250\" srcset=\"https:\/\/www.onlinemarangoz.com.tr\/Kadikoy\/wp-content\/uploads\/Kapi-Kilit-Tamir.jpg 300w, https:\/\/www.onlinemarangoz.com.tr\/Kadikoy\/wp-content\/uploads\/Kapi-Kilit-Tamir-150x150.jpg 150w, https:\/\/www.onlinemarangoz.com.tr\/Kadikoy\/wp-content\/uploads\/Kapi-Kilit-Tamir-90x90.jpg 90w\" sizes=\"(max-width: 250px) 100vw, 250px\" \/><\/li>\n<\/ul>\n<p>Kad\u0131k\u00f6y Oda Kap\u0131 Tamir Servisi, kaliteli ve uygun fiyatl\u0131 kap\u0131 tamir hizmeti sunuyoruz. Fiyatlar\u0131m\u0131z makul ve \u015feffaft\u0131r, gizli \u00fccretler veya s\u00fcrprizler yoktur. Hizmetimiz garantilidir ve t\u00fcm onar\u0131mlar\u0131m\u0131z i\u00e7in 6 aya kadar garanti veriyoruz. Kad\u0131k\u00f6y Oda Kap\u0131 Kilit Tamir Servisi, 7\/24 hizmetinizdeyiz, bu nedenle yard\u0131ma ihtiyac\u0131n\u0131z oldu\u011funda her zaman bizimle ileti\u015fime ge\u00e7ebilirsiniz. H\u0131zl\u0131 ve duyarl\u0131y\u0131z, bu nedenle araman\u0131zdan itibaren bir saat i\u00e7inde konumunuza ula\u015fabiliriz. Dost canl\u0131s\u0131 ve nazik oldu\u011fumuz i\u00e7in size ve m\u00fclk\u00fcn\u00fcze sayg\u0131 ve \u00f6zenle davranaca\u011f\u0131z. Kad\u0131k\u00f6y Oda Kap\u0131 Kasa Pervaz Tamir Servisi, Kap\u0131 sorunlar\u0131n\u0131z\u0131n g\u00fcn\u00fcn\u00fcz\u00fc mahvetmesine izin vermeyin. Bug\u00fcn ile\u00a0Kad\u0131k\u00f6y Oda Kap\u0131 Tamir Servisi \u0130leti\u015fim,\u00a0ge\u00e7in ve sizin i\u00e7in onlarla ilgilenmemize izin verin.\u00a0Kad\u0131k\u00f6y Oda Kap\u0131 K\u0131r\u0131k Mente\u015fe Tamir Servisi,\u00a0en iyi kap\u0131 onar\u0131m hizmetiyiz ve size hizmet vermeye haz\u0131r\u0131z. Hemen +0554 858 1312 numaral\u0131 telefondan bizi aray\u0131n veya randevunuzu ayarlamak i\u00e7in\u00a0Kad\u0131k\u00f6y Oda Kap\u0131 Tamir Servisi Telefon, 0554 858 1312 numaral\u0131 telefondan aray\u0131n.<img decoding=\"async\" class=\"wp-image-1817 alignright\" src=\"https:\/\/www.onlinemarangoz.com.tr\/Kadikoy\/wp-content\/uploads\/Kapi-Gocuk-Tamiri.jpg\" alt=\"\" width=\"250\" height=\"250\" srcset=\"https:\/\/www.onlinemarangoz.com.tr\/Kadikoy\/wp-content\/uploads\/Kapi-Gocuk-Tamiri.jpg 300w, https:\/\/www.onlinemarangoz.com.tr\/Kadikoy\/wp-content\/uploads\/Kapi-Gocuk-Tamiri-150x150.jpg 150w, https:\/\/www.onlinemarangoz.com.tr\/Kadikoy\/wp-content\/uploads\/Kapi-Gocuk-Tamiri-90x90.jpg 90w\" sizes=\"(max-width: 250px) 100vw, 250px\" \/><\/p>\n<h4>Kad\u0131k\u00f6y Oda Kap\u0131 K\u0131r\u0131k Mente\u015fe Tamir Servisi<\/h4>\n<p>Kad\u0131k\u00f6y Oda Kap\u0131 K\u0131r\u0131k Mente\u015fe Tamir Servisi&#8221; Uzman kap\u0131 onar\u0131m hizmetleri, kap\u0131lar\u0131n\u0131z\u0131n sorunsuz \u00e7al\u0131\u015fmas\u0131n\u0131 ve harika g\u00f6r\u00fcnmesini sa\u011flar. Yetenekli teknisyenler, k\u00fc\u00e7\u00fck onar\u0131mlardan b\u00fcy\u00fck revizyonlara kadar her \u015feyi halleder. Kaliteli onar\u0131mlar, kap\u0131lar\u0131n\u0131z\u0131n \u00f6mr\u00fcn\u00fc uzat\u0131r, g\u00fcvenli\u011fi ve esteti\u011fi art\u0131r\u0131r. Kad\u0131k\u00f6y Oda Kap\u0131 Tamir Servisi, \u0130yi \u00e7al\u0131\u015fan bir kap\u0131, evinizin g\u00fcvenli\u011fi ve esteti\u011fi i\u00e7in \u00e7ok \u00f6nemlidir.\u00a0Kad\u0131k\u00f6y Oda Kap\u0131 Kasa Pervaz Tamir Servisi, G\u0131c\u0131rdayan bir mente\u015fe veya k\u0131r\u0131k bir kilit olsun, zaman\u0131nda kap\u0131 onar\u0131m hizmetleri sizi olas\u0131 ba\u015f a\u011fr\u0131lar\u0131ndan kurtarabilir. Kap\u0131lar\u0131n\u0131z\u0131n her zaman en iyi durumda oldu\u011fundan emin olmak i\u00e7in kapsaml\u0131 kap\u0131 onar\u0131m hizmetlerimizi ke\u015ffedin.<\/p>\n<h5>Kad\u0131k\u00f6y Oda Kap\u0131 Kilit Tamir Servisi.<\/h5>\n<p>Kad\u0131k\u00f6y Oda Kap\u0131 Kilit Tamir Servisi&#8221; Acil durumlar en az bekledi\u011finiz anda ger\u00e7ekle\u015fir. Acil kap\u0131 onar\u0131m hizmetimiz asla zor durumda kalmaman\u0131z\u0131 sa\u011flar: 7\/24 Hizmet: Ekibimiz gece veya g\u00fcnd\u00fcz, her an yan\u0131t vermeye haz\u0131rd\u0131r. H\u0131zl\u0131 M\u00fcdahale S\u00fcresi: Acil \u00e7a\u011fr\u0131lara \u00f6ncelik vererek bulundu\u011funuz yere en k\u0131sa s\u00fcrede ula\u015fman\u0131z\u0131 sa\u011fl\u0131yoruz. An\u0131nda Onar\u0131m: Kal\u0131c\u0131 bir onar\u0131m yap\u0131lana kadar kap\u0131n\u0131z\u0131n g\u00fcvenli\u011fini sa\u011flamak i\u00e7in h\u0131zl\u0131 \u00e7\u00f6z\u00fcmler sa\u011flan\u0131r. Kap\u0131n\u0131z d\u00fczg\u00fcn \u00e7al\u0131\u015fm\u0131yor mu? en iyi kap\u0131 tamir servisi olan ile ileti\u015fime ge\u00e7in. Herhangi bir kap\u0131 sorununu h\u0131zl\u0131 ve uygun fiyatl\u0131 bir \u015fekilde \u00e7\u00f6zebiliriz.\u00a0Kad\u0131k\u00f6y Oda Kap\u0131 Tamir Servisi, Hemen bizi aray\u0131n ve randevunuzu planlay\u0131n.<\/p>\n<p><img loading=\"lazy\" decoding=\"async\" class=\"wp-image-1819 alignleft\" style=\"letter-spacing: 0.5px; word-spacing: 0.5px;\" src=\"https:\/\/www.onlinemarangoz.com.tr\/Kadikoy\/wp-content\/uploads\/Oda-Kapi-Mentese-Taniri.jpg\" alt=\"\" width=\"250\" height=\"250\" srcset=\"https:\/\/www.onlinemarangoz.com.tr\/Kadikoy\/wp-content\/uploads\/Oda-Kapi-Mentese-Taniri.jpg 300w, https:\/\/www.onlinemarangoz.com.tr\/Kadikoy\/wp-content\/uploads\/Oda-Kapi-Mentese-Taniri-150x150.jpg 150w, https:\/\/www.onlinemarangoz.com.tr\/Kadikoy\/wp-content\/uploads\/Oda-Kapi-Mentese-Taniri-90x90.jpg 90w\" sizes=\"(max-width: 250px) 100vw, 250px\" \/><\/p>\n<p style=\"text-align: center;\">Kad\u0131k\u00f6y Oda Kap\u0131 Kilit Tamir Servisi,\u00a0hizmet veriyoruz. Hizmetlerimiz haftada 6 g\u00fcn sabah 09:00 \u2013 Ak\u015fam 20:00 saatleri aras\u0131nda mevcuttur\u00a0Kad\u0131k\u00f6y Oda Kap\u0131 K\u0131r\u0131k Mente\u015fe Tamir Servisi, ( hafta sonu rezervasyonlar\u0131 i\u00e7in ek \u00fccret al\u0131nmaz)\u00a0Kad\u0131k\u00f6y Oda Kap\u0131 Kasa Pervaz Tamir Servisi, Rakipsiz bir teklif ve harika bir hizmet istiyorsan\u0131z l\u00fctfen sizin i\u00e7in uygun oldu\u011funda WhatsApp&#8217;tan mesaj atmaktan veya bizi Kad\u0131k\u00f6y Oda Kap\u0131 Tamir Servisi \u0130leti\u015fim\u00a0\u21d4 0554 858 1312 \u21d4Kad\u0131k\u00f6y Oda Kap\u0131 Tamir Servisi Telefon, herhangi bir sorunuz varsa bizimle ileti\u015fime ge\u00e7mekten \u00e7ekinmeyin.<\/p>\n<h6>Kad\u0131k\u00f6y Oda Kap\u0131 Kasa Pervaz Tamir Servisi<\/h6>\n<p style=\"text-align: center;\">Kad\u0131k\u00f6y Oda Kap\u0131 Kasa Pervaz Tamir Servisi&#8221; kap\u0131 onar\u0131m hizmetlerimiz, di\u011ferlerine k\u0131yasla benzersiz g\u00fcvenilirli\u011fimiz ve uzmanl\u0131\u011f\u0131m\u0131zla \u00f6ne \u00e7\u0131k\u0131yor. Nitelikli kap\u0131 onar\u0131m uzmanlar\u0131ndan olu\u015fan bir ekiple, kap\u0131yla ilgili t\u00fcm sorunlar i\u00e7in etkili ve kal\u0131c\u0131 \u00e7\u00f6z\u00fcmler garanti ediyoruz.\u00a0Kad\u0131k\u00f6y Oda Kap\u0131 Kilit Tamir Servisi, Kaliteye olan ba\u011fl\u0131l\u0131\u011f\u0131m\u0131z, kap\u0131lar\u0131 onarmak i\u00e7in \u00fcstlendi\u011fimiz her projede a\u00e7\u0131k\u00e7a g\u00f6r\u00fclmektedir.\u00a0Kad\u0131k\u00f6y Oda Kap\u0131 K\u0131r\u0131k Mente\u015fe Tamir Servisi, Kap\u0131lar\u0131n\u0131z\u0131n uzmanlar\u0131m\u0131z\u0131n ayr\u0131nt\u0131lara g\u00f6sterdi\u011fi \u00f6zenle restore edilmesini sa\u011flamak.\u00a0Kad\u0131k\u00f6y Oda Kap\u0131 Tamir Servisi, K\u00fc\u00e7\u00fck bir onar\u0131m veya komple bir elden ge\u00e7irme i\u00e7in, kap\u0131 onar\u0131mlar\u0131nda rekabet\u00e7i fiyatlarla ola\u011fan\u00fcst\u00fc sonu\u00e7lar sunaca\u011f\u0131m\u0131za g\u00fcvenebilirsiniz. \u0130\u00e7inizin rahat olmas\u0131 ve birinci s\u0131n\u0131f i\u015f\u00e7ili\u011fin g\u00fcvencesi i\u00e7in kap\u0131 onar\u0131m hizmetlerimizi bizi se\u00e7in.<\/p>\n<h6>\u0130stanbul Anadolu Yakas\u0131\u00a0Kad\u0131k\u00f6y Oda Kap\u0131 Tamir Servisi.<\/h6>\n<table style=\"border-collapse: collapse; width: 100%;\">\n<tbody>\n<tr>\n<td style=\"width: 33.3333%;\">\n<h4>Kad\u0131k\u00f6y Oda Kap\u0131 Tamir Servisi \u0130leti\u015fim.<\/h4>\n<figure id=\"attachment_1187\" aria-describedby=\"caption-attachment-1187\" style=\"width: 400px\" class=\"wp-caption aligncenter\"><a class=\"Whatsapp Hemen T\u0131kla Mesaj At\" href=\"https:\/\/wa.me\/+905548581312\" target=\"_blank\" rel=\"Whatsapp Hemen T\u0131kla Mesaj At noopener\"><img loading=\"lazy\" decoding=\"async\" class=\"Whatsapp Hemen T\u0131kla Mesaj At wp-image-1187\" title=\"Whatsapp Hemen T\u0131kla Mesaj At\" src=\"https:\/\/www.onlinemarangoz.com.tr\/Kadikoy\/wp-content\/uploads\/Kadikoy-Mobilya-Tamiri-Iletisim.jpg\" alt=\"Whatsapp Hemen T\u0131kla Mesaj At\" width=\"400\" height=\"160\" srcset=\"https:\/\/www.onlinemarangoz.com.tr\/Kadikoy\/wp-content\/uploads\/Kadikoy-Mobilya-Tamiri-Iletisim.jpg 500w, https:\/\/www.onlinemarangoz.com.tr\/Kadikoy\/wp-content\/uploads\/Kadikoy-Mobilya-Tamiri-Iletisim-300x120.jpg 300w\" sizes=\"(max-width: 400px) 100vw, 400px\" \/><\/a><figcaption id=\"caption-attachment-1187\" class=\"wp-caption-text\">Whatsapp Hemen T\u0131kla Mesaj At<\/figcaption><\/figure>\n<p>Kad\u0131k\u00f6y Oda Kap\u0131 K\u0131r\u0131k Mente\u015fe Tamir Servisi.<\/p>\n<p style=\"text-align: center;\">Size nas\u0131l yard\u0131mc\u0131 olabiliriz?<\/p>\n<p style=\"text-align: center;\">\u00dccretsiz fiyat teklifi i\u00e7in bize mesaj at\u0131n:<\/p>\n<p style=\"text-align: center;\">\u00c7ekmece ray\u0131n\u0131n foto\u011fraf\u0131n\u0131 \u00e7ekin, k\u0131sa bir a\u00e7\u0131klama ve sorunun ne oldu\u011funu belirtin ve bu numaraya mesaj at\u0131n.<\/p>\n<\/td>\n<td style=\"width: 33.3333%;\">\n<h5 style=\"text-align: center;\">\u00c7al\u0131\u015fma Saatleri.<\/h5>\n<ul style=\"list-style-type: square;\">\n<li>Pazartesi :\u00a0 09:00 &#8211; 20:00<\/li>\n<li>Sal\u0131 :\u00a0 \u00a0 \u00a0 \u00a009:00 &#8211; 20:00<\/li>\n<li>\u00c7ar\u015famba : \u00a009:00 &#8211; 20:00<\/li>\n<li>Per\u015fembe : \u00a009:00 &#8211; 20:00<\/li>\n<li>Cuma:\u00a0 \u00a0 \u00a0 \u00a009:00 &#8211; 20:00<\/li>\n<li>Cumartesi:\u00a0 09:00 &#8211; 20:00<\/li>\n<li>Pazar :\u00a0Kapal\u0131<\/li>\n<\/ul>\n<\/td>\n<td style=\"width: 33.3333%;\">\n<h6>Kad\u0131k\u00f6y Oda Kap\u0131 Tamir Servisi Telefon.<\/h6>\n<figure id=\"attachment_1188\" aria-describedby=\"caption-attachment-1188\" style=\"width: 400px\" class=\"wp-caption aligncenter\"><a class=\"Whatsapp Hemen T\u0131kla Mesaj At\" href=\"tel:\/\/+905548581312\" target=\"_blank\" rel=\"Telefon Hemen T\u0131kla Ara noopener\"><img loading=\"lazy\" decoding=\"async\" class=\"Telefon Hemen T\u0131kla Ara wp-image-1188\" title=\"Telefon Hemen T\u0131kla Ara\" src=\"https:\/\/www.onlinemarangoz.com.tr\/Kadikoy\/wp-content\/uploads\/Kadikoy-Mobilya-Tamiri-Telefon.jpg\" alt=\"Telefon Hemen T\u0131kla Ara\" width=\"400\" height=\"160\" srcset=\"https:\/\/www.onlinemarangoz.com.tr\/Kadikoy\/wp-content\/uploads\/Kadikoy-Mobilya-Tamiri-Telefon.jpg 500w, https:\/\/www.onlinemarangoz.com.tr\/Kadikoy\/wp-content\/uploads\/Kadikoy-Mobilya-Tamiri-Telefon-300x120.jpg 300w\" sizes=\"(max-width: 400px) 100vw, 400px\" \/><\/a><figcaption id=\"caption-attachment-1188\" class=\"wp-caption-text\">Telefon Hemen T\u0131kla Ara<\/figcaption><\/figure>\n<p>Kad\u0131k\u00f6y Oda Kap\u0131 Kasa Pervaz Tamir Servisi.<\/p>\n<p style=\"text-align: center;\">Size nas\u0131l yard\u0131mc\u0131 olabiliriz?<\/p>\n<p style=\"text-align: center;\">\u00dccretsiz fiyat teklifi i\u00e7in bizi aray\u0131n:<\/p>\n<\/td>\n<\/tr>\n<\/tbody>\n<\/table>\n\n\n<div class=\"kk-star-ratings kksr-auto kksr-align-left kksr-valign-bottom\"\n    data-payload='{&quot;align&quot;:&quot;left&quot;,&quot;id&quot;:&quot;1516&quot;,&quot;slug&quot;:&quot;default&quot;,&quot;valign&quot;:&quot;bottom&quot;,&quot;ignore&quot;:&quot;&quot;,&quot;reference&quot;:&quot;auto&quot;,&quot;class&quot;:&quot;&quot;,&quot;count&quot;:&quot;7&quot;,&quot;legendonly&quot;:&quot;&quot;,&quot;readonly&quot;:&quot;&quot;,&quot;score&quot;:&quot;5&quot;,&quot;starsonly&quot;:&quot;&quot;,&quot;best&quot;:&quot;5&quot;,&quot;gap&quot;:&quot;5&quot;,&quot;greet&quot;:&quot;Kad\u0131k\u00f6y Marangoz \u2705&quot;,&quot;legend&quot;:&quot;Kad\u0131k\u00f6y Marangoz Ustas\u0131 \u2b50 7 \u2b50&quot;,&quot;size&quot;:&quot;24&quot;,&quot;title&quot;:&quot;Kad\u0131k\u00f6y Oda Kap\u0131 Tamir Servisi&quot;,&quot;width&quot;:&quot;142.5&quot;,&quot;_legend&quot;:&quot;Kad\u0131k\u00f6y Marangoz Ustas\u0131 \u2b50 {count} \u2b50&quot;,&quot;font_factor&quot;:&quot;1.25&quot;}'>\n            \n<div class=\"kksr-stars\">\n    \n<div class=\"kksr-stars-inactive\">\n            <div class=\"kksr-star\" data-star=\"1\" style=\"padding-right: 5px\">\n            \n\n<div class=\"kksr-icon\" style=\"width: 24px; height: 24px;\"><\/div>\n        <\/div>\n            <div class=\"kksr-star\" data-star=\"2\" style=\"padding-right: 5px\">\n            \n\n<div class=\"kksr-icon\" style=\"width: 24px; height: 24px;\"><\/div>\n        <\/div>\n            <div class=\"kksr-star\" data-star=\"3\" style=\"padding-right: 5px\">\n            \n\n<div class=\"kksr-icon\" style=\"width: 24px; height: 24px;\"><\/div>\n        <\/div>\n            <div class=\"kksr-star\" data-star=\"4\" style=\"padding-right: 5px\">\n            \n\n<div class=\"kksr-icon\" style=\"width: 24px; height: 24px;\"><\/div>\n        <\/div>\n            <div class=\"kksr-star\" data-star=\"5\" style=\"padding-right: 5px\">\n            \n\n<div class=\"kksr-icon\" style=\"width: 24px; height: 24px;\"><\/div>\n        <\/div>\n    <\/div>\n    \n<div class=\"kksr-stars-active\" style=\"width: 142.5px;\">\n            <div class=\"kksr-star\" style=\"padding-right: 5px\">\n            \n\n<div class=\"kksr-icon\" style=\"width: 24px; height: 24px;\"><\/div>\n        <\/div>\n            <div class=\"kksr-star\" style=\"padding-right: 5px\">\n            \n\n<div class=\"kksr-icon\" style=\"width: 24px; height: 24px;\"><\/div>\n        <\/div>\n            <div class=\"kksr-star\" style=\"padding-right: 5px\">\n            \n\n<div class=\"kksr-icon\" style=\"width: 24px; height: 24px;\"><\/div>\n        <\/div>\n            <div class=\"kksr-star\" style=\"padding-right: 5px\">\n            \n\n<div class=\"kksr-icon\" style=\"width: 24px; height: 24px;\"><\/div>\n        <\/div>\n            <div class=\"kksr-star\" style=\"padding-right: 5px\">\n            \n\n<div class=\"kksr-icon\" style=\"width: 24px; height: 24px;\"><\/div>\n        <\/div>\n    <\/div>\n<\/div>\n                \n\n<div class=\"kksr-legend\" style=\"font-size: 19.2px;\">\n            Kad\u0131k\u00f6y Marangoz Ustas\u0131 \u2b50 7 \u2b50    <\/div>\n    <\/div>\n","protected":false},"excerpt":{"rendered":"<p>Kad\u0131k\u00f6y Oda Kap\u0131 Tamir Servisi &#8211; Oda Kap\u0131 Tamir Servisi 0554 858 1312&#8243; \u0130stanbul Anadolu Yakas\u0131 Kad\u0131k\u00f6y Oda Kap\u0131 Tamir Servisi, Kap\u0131n\u0131zla ilgili bir sorun mu ya\u015f\u0131yorsunuz? \u0130ster ah\u015fap, ister al\u00fcminyum, ister \u00e7ift kanatl\u0131, ister s\u00fcrg\u00fcl\u00fc, ister tuvalet, gard\u0131rop veya mutfak dolab\u0131 kap\u0131s\u0131 olsun, tamiri i\u00e7in g\u00fcvenilir ve profesyonel bir kap\u0131 tamir servisine ihtiyac\u0131n\u0131z var. \u0130\u015fte bu y\u00fczden en iyi kap\u0131 tamir servisi olan ihtiyac\u0131n\u0131z var. Kad\u0131k\u00f6y Oda Kap\u0131 Kasa Pervaz Tamir Servisi&#8221; onar\u0131m\u0131 ve bak\u0131m\u0131 konusunda uzmanla\u015fm\u0131\u015f. 30 y\u0131ldan uzun s\u00fcredir sekt\u00f6rdeyiz ve genelinde binlerce memnun m\u00fc\u015fteriye hizmet verdik. Herhangi bir kap\u0131 sorununu h\u0131zl\u0131 ve etkili bir \u015fekilde ele almak i\u00e7in gereken becerilere, deneyime ve ara\u00e7lara sahibiz. Ne t\u00fcr bir kap\u0131n\u0131z olursa olsun, onu tamir edebiliriz. Kad\u0131k\u00f6y Oda Kap\u0131 Tamir Servisi, t\u00fcm mahallelerine hizmet veriyoruz. Hizmetlerimiz haftada 6 g\u00fcn sabah 09:00 \u2013 Ak\u015fam 20:00 saatleri aras\u0131nda mevcuttur. Kad\u0131k\u00f6y Oda Kap\u0131 Kilit Tamir Servisi, ( hafta sonu rezervasyonlar\u0131 i\u00e7in ek \u00fccret al\u0131nmaz) Rakipsiz bir teklif ve harika bir hizmet istiyorsan\u0131z&#8230; <a class=\"di-continue-reading\" href=\"https:\/\/www.onlinemarangoz.com.tr\/Kadikoy\/kadikoy-oda-kapi-tamir-servisi\/\"> Continue Reading&#8230;<\/a><\/p>\n","protected":false},"author":1,"featured_media":0,"parent":0,"menu_order":950,"comment_status":"closed","ping_status":"open","template":"","meta":{"_sitemap_exclude":false,"_sitemap_priority":"","_sitemap_frequency":"","footnotes":""},"categories":[1],"tags":[2933,2931,2932,2930,2934,2935],"class_list":["post-1516","page","type-page","status-publish","hentry","category-kadikoy-mobilya-tamir-montaj-servisi","tag-kadikoy-oda-kapi-kasa-pervaz-tamir-servisi","tag-kadikoy-oda-kapi-kilit-tamir-servisi","tag-kadikoy-oda-kapi-kirik-mentese-tamir-servisi","tag-kadikoy-oda-kapi-tamir-servisi","tag-kadikoy-oda-kapi-tamir-servisi-iletisim","tag-kadikoy-oda-kapi-tamir-servisi-telefon"],"_links":{"self":[{"href":"https:\/\/www.onlinemarangoz.com.tr\/Kadikoy\/wp-json\/wp\/v2\/pages\/1516","targetHints":{"allow":["GET"]}}],"collection":[{"href":"https:\/\/www.onlinemarangoz.com.tr\/Kadikoy\/wp-json\/wp\/v2\/pages"}],"about":[{"href":"https:\/\/www.onlinemarangoz.com.tr\/Kadikoy\/wp-json\/wp\/v2\/types\/page"}],"author":[{"embeddable":true,"href":"https:\/\/www.onlinemarangoz.com.tr\/Kadikoy\/wp-json\/wp\/v2\/users\/1"}],"replies":[{"embeddable":true,"href":"https:\/\/www.onlinemarangoz.com.tr\/Kadikoy\/wp-json\/wp\/v2\/comments?post=1516"}],"version-history":[{"count":0,"href":"https:\/\/www.onlinemarangoz.com.tr\/Kadikoy\/wp-json\/wp\/v2\/pages\/1516\/revisions"}],"wp:attachment":[{"href":"https:\/\/www.onlinemarangoz.com.tr\/Kadikoy\/wp-json\/wp\/v2\/media?parent=1516"}],"wp:term":[{"taxonomy":"category","embeddable":true,"href":"https:\/\/www.onlinemarangoz.com.tr\/Kadikoy\/wp-json\/wp\/v2\/categories?post=1516"},{"taxonomy":"post_tag","embeddable":true,"href":"https:\/\/www.onlinemarangoz.com.tr\/Kadikoy\/wp-json\/wp\/v2\/tags?post=1516"}],"curies":[{"name":"wp","href":"https:\/\/api.w.org\/{rel}","templated":true}]}}