{"id":1263,"date":"2024-12-20T01:49:15","date_gmt":"2024-12-19T22:49:15","guid":{"rendered":"https:\/\/www.onlinemarangoz.com.tr\/Maltepe\/?page_id=1263"},"modified":"2024-12-20T01:49:15","modified_gmt":"2024-12-19T22:49:15","slug":"maltepe-dolap-cekmece-ray-tamiri-yapilir","status":"publish","type":"page","link":"https:\/\/www.onlinemarangoz.com.tr\/Maltepe\/maltepe-dolap-cekmece-ray-tamiri-yapilir\/","title":{"rendered":"Maltepe Dolap \u00c7ekmece Ray Tamiri Yap\u0131l\u0131r"},"content":{"rendered":"<p>Maltepe Dolap \u00c7ekmece Ray Tamiri Yap\u0131l\u0131r &#8211; Dolap \u00c7ekmece Ray Tamircisi Telefon 0554 858 1312 \u0130stanbul Anadolu Yakas\u0131 Maltepe Dolap \u00c7ekmece Ray Tamiri Yap\u0131l\u0131r, Dolap \u00e7ekmecesi, her dolab\u0131n olmazsa olmaz bir bile\u015fenidir ve d\u00fczg\u00fcn \u00e7al\u0131\u015fmas\u0131 i\u00e7in iyi \u00e7al\u0131\u015fma ko\u015fullar\u0131nda olmas\u0131 gerekir. Ancak zamanla dolap \u00e7ekmeceleri hasar g\u00f6rebilir veya e\u011frilebilir ve a\u00e7\u0131l\u0131p kapanmalar\u0131 zorla\u015fabilir. Baz\u0131 durumlarda hasar o kadar \u015fiddetli olabilir ki \u00e7ekmecenin de\u011fi\u015ftirilmesi gerekebilir. Kendinizi bu durumda bulursan\u0131z, dolap \u00e7ekmecesini onarmakla neden u\u011fra\u015fman\u0131z gerekti\u011fini merak ediyor olabilirsiniz. Sonu\u00e7ta, bir de\u011fi\u015ftirme, bir onar\u0131mdan daha az maliyetli olacakt\u0131r.\u00a0<\/p>\n<figure id=\"attachment_1245\" aria-describedby=\"caption-attachment-1245\" style=\"width: 500px\" class=\"wp-caption alignright\"><a class=\"Maltepe Dolap \u00c7ekmece Ray Tamiri\" href=\"https:\/\/www.onlinemarangoz.com.tr\/Maltepe\/maltepe-dolap-cekmece-ray-tamiri\/\" target=\"_blank\" rel=\"Dolap Maltepe Ray Tamiri noopener \u00c7ekmece\"><img fetchpriority=\"high\" decoding=\"async\" class=\"Maltepe Dolap \u00c7ekmece Ray Tamiri wp-image-1245 size-full\" title=\"Maltepe Dolap \u00c7ekmece Ray Tamiri\" src=\"https:\/\/www.onlinemarangoz.com.tr\/Maltepe\/wp-content\/uploads\/2024\/12\/Maltepe-Dolap-Cekmece-Ray-Tamir.jpg\" alt=\"Maltepe Dolap \u00c7ekmece Ray Tamiri\" width=\"500\" height=\"280\" srcset=\"https:\/\/www.onlinemarangoz.com.tr\/Maltepe\/wp-content\/uploads\/2024\/12\/Maltepe-Dolap-Cekmece-Ray-Tamir.jpg 500w, https:\/\/www.onlinemarangoz.com.tr\/Maltepe\/wp-content\/uploads\/2024\/12\/Maltepe-Dolap-Cekmece-Ray-Tamir-300x168.jpg 300w\" sizes=\"(max-width: 500px) 100vw, 500px\" \/><\/a><figcaption id=\"caption-attachment-1245\" class=\"wp-caption-text\">Maltepe Dolap \u00c7ekmece Ray Tamiri Yap\u0131l\u0131r<\/figcaption><\/figure>\n<p>Maltepe Dolap \u00c7ekmece Ray Tamiri Yap\u0131l\u0131r, Ancak, dolap \u00e7ekmecesi onar\u0131m\u0131n\u0131n, de\u011fi\u015ftirmeden daha iyi bir se\u00e7enek olmas\u0131n\u0131n birka\u00e7 nedeni vard\u0131r. Birincisi, dolap \u00e7ekmecesi onar\u0131m\u0131, de\u011fi\u015ftirmeden \u00e7ok daha az kesintiye neden olur. \u0130kincisi, dolap \u00e7ekmecesi onar\u0131m\u0131 genellikle t\u00fcm \u00e7ekmeceyi de\u011fi\u015ftirmek i\u00e7in gereken s\u00fcrenin \u00e7ok daha az\u0131nda tamamlanabilir. Son olarak, dolap \u00e7ekmecesi onar\u0131m\u0131 genellikle de\u011fi\u015ftirmeden daha uygundur.\u00a0<span style=\"color: #ff0000;\"><em><strong><a style=\"color: #ff0000;\" title=\"Maltepe D\u00fc\u015fen \u00c7ekmece Ray Tamiri\" href=\"https:\/\/www.onlinemarangoz.com.tr\/\" target=\"_blank\" rel=\"noopener\">Maltepe Dolap \u00c7ekmece Ray Tamiri Yap\u0131l\u0131r<\/a><\/strong><\/em><\/span>, Dolap \u00e7ekmecesi onar\u0131m\u0131n\u0131 d\u00fc\u015f\u00fcn\u00fcrken, bu fakt\u00f6rleri akl\u0131n\u0131zda bulundurun. Onar\u0131m\u0131n durumunuz i\u00e7in en iyi se\u00e7enek oldu\u011funu g\u00f6rebilirsiniz.<\/p>\n<p>Maltepe Dolap \u00c7ekmece Ray Tamiri Yap\u0131l\u0131r, Maltepe t\u00fcm mahallelerine hizmet veriyoruz. Hizmetlerimiz haftada 6 g\u00fcn sabah 09:00 \u2013 Ak\u015fam 20:00 saatleri aras\u0131nda mevcuttur ( hafta sonu rezervasyonlar\u0131 i\u00e7in ek \u00fccret al\u0131nmaz)\u00a0Maltepe Dolap \u00c7ekmece Ray Tamiri Yap\u0131l\u0131r, Rakipsiz bir teklif ve harika bir hizmet istiyorsan\u0131z l\u00fctfen sizin i\u00e7in uygun oldu\u011funda WhatsApp&#8217;tan mesaj atmaktan veya bizi \u21d4 0554 858 1312 \u21d4 Telefonla aray\u0131n\u0131z yard\u0131ma ihtiyac\u0131n\u0131z olursa bizimle ileti\u015fime ge\u00e7mekten \u00e7ekinmeyin.\u00a0<em><span style=\"color: #0000ff;\"><strong><a style=\"color: #0000ff;\" title=\"Maltepe \u00c7ekmece Ray Tamir Ustas\u0131\" href=\"https:\/\/www.onlinemarangoz.com.tr\/Maltepe\/\" target=\"_blank\" rel=\"noopener\">Maltepe \u00c7ekmece Ray Tamir Ustas\u0131<\/a><\/strong><\/span><\/em>,! Size yard\u0131mc\u0131 olabilece\u011fim ba\u015fka bir \u015fey varsa l\u00fctfen\u00a0Maltepe Profesyonel \u00c7ekmece Tamiri, i\u00e7in bize bildirin.<\/p>\n<h2>Maltepe Dolap \u00c7ekmece Ray Tamiri Yap\u0131l\u0131r.<\/h2>\n<p>Maltepe Dolap \u00c7ekmece Ray Tamiri Yap\u0131l\u0131r, Dolap \u00c7ekmecesi Onar\u0131m\u0131na ihtiyac\u0131n\u0131z oldu\u011funda, profesyonellerle ba\u011flant\u0131 kurmak i\u00e7in ileti\u015fim formumuzu doldurun. Bir dolap \u00e7ekmecesi hasar g\u00f6rd\u00fc\u011f\u00fcnde, bir\u00e7ok soruna neden olabilir. \u00c7ekmecenin a\u00e7\u0131l\u0131p kapanmas\u0131 zorla\u015fabilir veya tamamen s\u0131k\u0131\u015fabilir. Maltepe \u00c7ekmece Ray Tamir Ustas\u0131, Ek olarak, hasar genellikle e\u015fyalar\u0131n \u00e7ekmecede s\u0131k\u0131\u015fmas\u0131na neden olabilir, bu da e\u015fyalara zarar verebilir veya onlar\u0131 almay\u0131 zorla\u015ft\u0131rabilir. Dolap \u00e7ekmecesi onar\u0131m\u0131, bu sorunlar\u0131 gidermeye yard\u0131mc\u0131 olabilecek \u00f6nemli bir hizmettir.\u00a0<span style=\"color: #ff0000;\"><strong><a style=\"color: #ff0000;\" title=\"Maltepe Profesyonel \u00c7ekmece Tamiri\" href=\"https:\/\/www.onlinemarangoz.com.tr\/dolap-cekmece-ray-tamiri\/\" target=\"_blank\" rel=\"noopener\">Maltepe Profesyonel \u00c7ekmece Tamiri<\/a><\/strong><\/span>, Profesyonel bir dolap \u00e7ekmecesi onar\u0131m hizmeti hasar\u0131 onaracak ve \u00e7ekmecenin d\u00fczg\u00fcn \u00e7al\u0131\u015fmas\u0131n\u0131 sa\u011flayacakt\u0131r. Ayr\u0131ca genellikle dolab\u0131n g\u00f6r\u00fcn\u00fcm\u00fcn\u00fc iyile\u015ftirebilir. Sonu\u00e7 olarak, dolap \u00e7ekmecesi onar\u0131m\u0131, dolaplar\u0131n\u0131z\u0131n en iyi \u015fekilde g\u00f6r\u00fcnmesini ve \u00e7al\u0131\u015fmas\u0131n\u0131 sa\u011flaman\u0131n harika bir yoludur.<\/p>\n<figure id=\"attachment_1246\" aria-describedby=\"caption-attachment-1246\" style=\"width: 312px\" class=\"wp-caption alignleft\"><img decoding=\"async\" class=\"size-full wp-image-1246\" src=\"https:\/\/www.onlinemarangoz.com.tr\/Maltepe\/wp-content\/uploads\/2024\/12\/Dolap-Cekmece-Ray-Tamiri.jpg\" alt=\"Profesyonel \u00c7ekmece Tamiri\" width=\"312\" height=\"162\" srcset=\"https:\/\/www.onlinemarangoz.com.tr\/Maltepe\/wp-content\/uploads\/2024\/12\/Dolap-Cekmece-Ray-Tamiri.jpg 312w, https:\/\/www.onlinemarangoz.com.tr\/Maltepe\/wp-content\/uploads\/2024\/12\/Dolap-Cekmece-Ray-Tamiri-300x156.jpg 300w\" sizes=\"(max-width: 312px) 100vw, 312px\" \/><figcaption id=\"caption-attachment-1246\" class=\"wp-caption-text\">Dolap \u00c7ekmece Ray Tamiri<\/figcaption><\/figure>\n<p>Maltepe Profesyonel \u00c7ekmece Tamiri, Maltepe t\u00fcm mahallelerine hizmet veriyoruz.\u00a0Maltepe \u00c7ekmece Ray Tamir Ustas\u0131, Hizmetlerimiz haftada 6 g\u00fcn sabah 09:00 \u2013 Ak\u015fam 20:00 saatleri aras\u0131nda mevcuttur ( hafta sonu rezervasyonlar\u0131 i\u00e7in ek \u00fccret al\u0131nmaz)\u00a0<span style=\"color: #0000ff;\"><strong><a style=\"color: #0000ff;\" title=\"Maltepe K\u0131r\u0131k \u00c7ekmece Ray Tamiri\" href=\"https:\/\/www.onlinemarangoz.com.tr\/Maltepe\/maltepe-dolap-cekmece-ray-tamiri\/\" target=\"_blank\" rel=\"noopener\">Maltepe Dolap \u00c7ekmece Ray Tamiri Yap\u0131l\u0131r<\/a><\/strong><\/span>, Rakipsiz bir teklif ve harika bir hizmet istiyorsan\u0131z l\u00fctfen sizin i\u00e7in uygun oldu\u011funda WhatsApp&#8217;tan mesaj atmaktan veya bizi \u21d4 0554 858 1312 \u21d4 Telefonla arayabilirsiniz,\u00a0Maltepe Dolap \u00c7ekmece Ray Tamiri Yap\u0131l\u0131r, herhangi bir sorunuz varsa bizimle ileti\u015fime ge\u00e7mekten \u00e7ekinmeyin.<\/p>\n<h3>Maltepe Dolap \u00c7ekmece Ray Tamiri Yap\u0131l\u0131r.<\/h3>\n<p>Maltepe Dolap \u00c7ekmece Ray Tamiri Yap\u0131l\u0131r, Bir dolap \u00e7ekmecesi onar\u0131m hizmeti almak dolaplar\u0131n\u0131z\u0131n i\u015flevselli\u011fini geri kazand\u0131rabilir. Zamanla \u00e7ekmeceler hizas\u0131, yap\u0131\u015fkan veya a\u00e7\u0131l\u0131p kapanmas\u0131 zor hale gelebilir. Profesyonel onar\u0131m, dolap \u00e7ekmecelerinizin d\u00fczg\u00fcn bir \u015fekilde kaymas\u0131n\u0131 ve ama\u00e7land\u0131\u011f\u0131 gibi \u00e7al\u0131\u015fmas\u0131n\u0131 sa\u011flayarak g\u00fcnl\u00fck g\u00f6revleri daha rahat ve verimli hale getirir.<\/p>\n<h4 style=\"text-align: center;\">Maltepe Dolap \u00c7ekmece Ray Tamiri Yap\u0131l\u0131r : De\u011ferli E\u015fyalar\u0131n Korunmas\u0131.<\/h4>\n<p>Dolap \u00e7ekmeceleri genellikle mutfak e\u015fyalar\u0131ndan ki\u015fisel e\u015fyalara kadar de\u011ferli e\u015fyalar\u0131 bar\u0131nd\u0131r\u0131r. Hasarl\u0131 \u00e7ekmeceleri onarmak bu de\u011ferli e\u015fyalar\u0131n korunmas\u0131na yard\u0131mc\u0131 olur. \u00c7ekmeceler d\u00fczg\u00fcn bir \u015fekilde hizaland\u0131\u011f\u0131nda ve \u00e7al\u0131\u015ft\u0131\u011f\u0131nda, \u00e7ekmece sorunlar\u0131 nedeniyle e\u015fyalar\u0131n hasar g\u00f6rme veya kaybolma riski \u00f6nemli \u00f6l\u00e7\u00fcde azal\u0131r.<\/p>\n<p><img decoding=\"async\" class=\"size-full wp-image-1247 alignright\" style=\"letter-spacing: 0.5px; word-spacing: 0.5px;\" src=\"https:\/\/www.onlinemarangoz.com.tr\/Maltepe\/wp-content\/uploads\/2024\/12\/Dolap-Cekmece-Ray-Tamircisi.jpg\" alt=\"\" width=\"220\" height=\"220\" srcset=\"https:\/\/www.onlinemarangoz.com.tr\/Maltepe\/wp-content\/uploads\/2024\/12\/Dolap-Cekmece-Ray-Tamircisi.jpg 220w, https:\/\/www.onlinemarangoz.com.tr\/Maltepe\/wp-content\/uploads\/2024\/12\/Dolap-Cekmece-Ray-Tamircisi-150x150.jpg 150w, https:\/\/www.onlinemarangoz.com.tr\/Maltepe\/wp-content\/uploads\/2024\/12\/Dolap-Cekmece-Ray-Tamircisi-90x90.jpg 90w\" sizes=\"(max-width: 220px) 100vw, 220px\" \/><\/p>\n<h3 style=\"text-align: center;\">Maltepe \u00c7ekmece Raylar\u0131 Onar\u0131l\u0131r Geli\u015ftirilmi\u015f Estetik.<\/h3>\n<p>\u0130yi bak\u0131lm\u0131\u015f dolap \u00e7ekmeceleri alan\u0131n\u0131z\u0131n genel esteti\u011fine katk\u0131da bulunur. K\u0131r\u0131k veya ar\u0131zal\u0131 \u00e7ekmeceler dolaplar\u0131n\u0131z\u0131n g\u00f6r\u00fcn\u00fcm\u00fcn\u00fc bozabilir ve odan\u0131z\u0131n g\u00f6rsel uyumunu bozabilir. Bu \u00e7ekmeceleri onarmak dolaplar\u0131n\u0131z\u0131n kusursuz ve ho\u015f g\u00f6r\u00fcn\u00fcm\u00fcn\u00fc geri kazand\u0131rabilir.<\/p>\n<h3 style=\"text-align: center;\">Maltepe Profesyonel \u00c7ekmece Tamiri : Maliyet Etkin \u00c7\u00f6z\u00fcm.<\/h3>\n<p>Dolap \u00e7ekmece onar\u0131m\u0131n\u0131 tercih etmek, t\u00fcm dolaplar\u0131 de\u011fi\u015ftirmekten daha uygun maliyetli bir alternatiftir. \u00c7ekmece raylar\u0131, kulplar gibi belirli bile\u015fenleri onarmak genellikle yeni dolaplara yat\u0131r\u0131m yapmaktan daha b\u00fct\u00e7e dostudur. Sorunu komple bir yenilemeye ihtiya\u00e7 duymadan \u00e7\u00f6zmenize olanak tan\u0131r ve hem zamandan hem de paradan tasarruf etmenizi sa\u011flar.<\/p>\n<h4 style=\"text-align: center;\">Maltepe \u00c7ekmece Ray Tamir Ustas\u0131 : Uzat\u0131lm\u0131\u015f Dolap \u00d6mr\u00fc.<\/h4>\n<p>D\u00fczenli bak\u0131m ve onar\u0131mlar dolaplar\u0131n\u0131z\u0131n \u00f6mr\u00fcn\u00fc uzatabilir. \u0130hmal edilen veya hasar g\u00f6ren dolap \u00e7ekmeceleri, ilgilenilmezse daha fazla bozulmaya yol a\u00e7abilir. Sorunlar\u0131 derhal ele alarak, ileride daha kapsaml\u0131 onar\u0131mlara ihtiya\u00e7 duyulmas\u0131n\u0131 \u00f6nleyebilir ve dolaplar\u0131n\u0131z\u0131n uzun \u00f6m\u00fcrl\u00fc olmas\u0131n\u0131n keyfini \u00e7\u0131karabilirsiniz. Bir usta ile g\u00f6r\u00fc\u015fmek veya fiyat teklifi almak isterseniz, bizi araman\u0131z yeterli.<img loading=\"lazy\" decoding=\"async\" class=\"alignleft wp-image-45\" src=\"https:\/\/www.onlinemarangoz.com.tr\/Maltepe\/wp-content\/uploads\/2023\/12\/Maltepe-Dolap-Cekmeceleri-Ray-Tamiri.jpg\" alt=\"\" width=\"250\" height=\"250\" srcset=\"https:\/\/www.onlinemarangoz.com.tr\/Maltepe\/wp-content\/uploads\/2023\/12\/Maltepe-Dolap-Cekmeceleri-Ray-Tamiri.jpg 300w, https:\/\/www.onlinemarangoz.com.tr\/Maltepe\/wp-content\/uploads\/2023\/12\/Maltepe-Dolap-Cekmeceleri-Ray-Tamiri-150x150.jpg 150w, https:\/\/www.onlinemarangoz.com.tr\/Maltepe\/wp-content\/uploads\/2023\/12\/Maltepe-Dolap-Cekmeceleri-Ray-Tamiri-90x90.jpg 90w\" sizes=\"(max-width: 250px) 100vw, 250px\" \/><\/p>\n<h5 style=\"text-align: center;\">Maltepe Dolap \u00c7ekmece Ray Tamiri Yap\u0131l\u0131r Yap\u0131l\u0131r : Yayg\u0131n Dolap ve \u00c7ekmece Sorunlar\u0131<\/h5>\n<p>Dolap kapaklar\u0131 ve \u00e7ekmeceler darbe alabilir. Mutfa\u011f\u0131n\u0131z\u0131n bilinmeyen kahramanlar\u0131d\u0131r ve genellikle hafife al\u0131n\u0131rlar. En iyi ihtimalle, y\u0131llarca kullan\u0131m onlar\u0131 eski ve yorgun g\u00f6sterebilir. En k\u00f6t\u00fc ihtimalle, gev\u015fek kapaklar veya \u00e7ekmeceler tehlike yaratabilir.<\/p>\n<h6 style=\"text-align: center;\">Maltepe \u00c7ekmece Ray Tamir Ustas\u0131 :\u00a0\u015fu yayg\u0131n sorunlar\u0131 ve daha fazlas\u0131n\u0131 onarabilir:<\/h6>\n<table style=\"border-collapse: collapse; width: 100%;\">\n<tbody>\n<tr>\n<td style=\"width: 33.3333%;\">\n<ul>\n<li>K\u0131r\u0131k \u00e7ekmece kutusu veya sark\u0131k \u00e7ekmece tabanlar\u0131.<\/li>\n<li>K\u0131r\u0131k dolap \u00e7ekmece kapaklar\u0131.<\/li>\n<li>Hizas\u0131z \u00e7ekmece \u00f6n kapaklar\u0131.<\/li>\n<li>Yap\u0131\u015fkan \u00e7ekmeceler (a\u00e7\u0131lmas\u0131 ve\/veya kapat\u0131lmas\u0131 zor).<\/li>\n<li>Gev\u015fek \u00c7ekmece ray vidalar\u0131.<\/li>\n<li>Kapat\u0131l\u0131rken \u00e7arpan kap\u0131lar\/\u00e7ekmeceler.<\/li>\n<li>Kararm\u0131\u015f \/ gev\u015fek \/ eksik \u00e7ekmece kulplar\u0131 ve di\u011fer donan\u0131mlar.<\/li>\n<\/ul>\n<\/td>\n<td style=\"width: 33.3333%;\"><img loading=\"lazy\" decoding=\"async\" class=\"size-full wp-image-46 aligncenter\" src=\"https:\/\/www.onlinemarangoz.com.tr\/Maltepe\/wp-content\/uploads\/2023\/12\/Maltepe-Dolap-Cekmece-Ray-Tamir-Hizmeti.jpg\" alt=\"\" width=\"350\" height=\"350\" srcset=\"https:\/\/www.onlinemarangoz.com.tr\/Maltepe\/wp-content\/uploads\/2023\/12\/Maltepe-Dolap-Cekmece-Ray-Tamir-Hizmeti.jpg 350w, https:\/\/www.onlinemarangoz.com.tr\/Maltepe\/wp-content\/uploads\/2023\/12\/Maltepe-Dolap-Cekmece-Ray-Tamir-Hizmeti-300x300.jpg 300w, https:\/\/www.onlinemarangoz.com.tr\/Maltepe\/wp-content\/uploads\/2023\/12\/Maltepe-Dolap-Cekmece-Ray-Tamir-Hizmeti-150x150.jpg 150w, https:\/\/www.onlinemarangoz.com.tr\/Maltepe\/wp-content\/uploads\/2023\/12\/Maltepe-Dolap-Cekmece-Ray-Tamir-Hizmeti-90x90.jpg 90w\" sizes=\"(max-width: 350px) 100vw, 350px\" \/><\/td>\n<td style=\"width: 33.3333%;\">\n<ul style=\"list-style-type: square;\">\n<li><span style=\"font-family: inherit; font-size: inherit;\">\u00c7ekmece Ray Ayar\u0131.<\/span><\/li>\n<li>\u00c7ekmece Ray Tamiri.<\/li>\n<li>\u00c7ekmece Ray Montaj\u0131.<\/li>\n<li>\u00c7ekmece Ray De\u011fi\u015fimi.<\/li>\n<li>\u00c7ekmece Ray Yenileme.<\/li>\n<li>\u00c7ekmece S\u00fcrg\u00fcs\u00fc Bak\u0131m\u0131.<\/li>\n<li>\u00c7ekmece Ray Restorasyonu.<\/li>\n<li>\u00c7ekmece S\u00fcrg\u00fcs\u00fc Yenilemesi.<\/li>\n<li>\u00c7ekmece S\u00fcrg\u00fcs\u00fc Y\u00fckseltmesi.<\/li>\n<li>\u00c7ekmece Ray\u0131n\u0131n Yeniden Tak\u0131lmas\u0131.<\/li>\n<\/ul>\n<\/td>\n<\/tr>\n<tr>\n<td style=\"width: 33.3333%;\">\n<div style=\"text-align: center;\">\n<dl id=\"attachment_1020\">\n<dt><a href=\"tel:\/\/+905548581312\" target=\"_blank\" rel=\"Mobilya Tamiri Telefon noopener\"><img loading=\"lazy\" decoding=\"async\" class=\"aligncenter\" title=\"Mobilya Tamiri Telefon\" src=\"https:\/\/www.onlinemarangoz.com.tr\/Maltepe\/wp-content\/uploads\/2024\/12\/Telefon-Tikla-Mesaj-At.jpg\" alt=\"Mobilya Tamiri Telefon\" width=\"350\" height=\"120\" \/><\/a><\/dt>\n<dd>Mobilya Tamiri Telefon<\/dd>\n<\/dl>\n<\/div>\n<p style=\"text-align: center;\"><em><strong><a title=\"Maltepe Dolap \u00c7ekmece Ray Tamiri Telefon\" href=\"tel:\/\/+90554 858 1312\" target=\"_blank\" rel=\"noopener\">Maltepe Dolap \u00c7ekmece Ray Tamiri Yap\u0131l\u0131r Telefon<\/a><\/strong><\/em><\/p>\n<p style=\"text-align: center;\"><em><strong><a title=\"Tezcan Usta Whatsapp Hemen T\u0131kla Mesaj At\" href=\"tel:\/\/+90554 858 1312\" target=\"_blank\" rel=\"noopener\">0554 858 1312<\/a><\/strong><\/em><\/p>\n<p style=\"text-align: center;\"><em><strong><a title=\"Telefon Hemen T\u0131kla Ara\" href=\"tel:\/\/+90554 858 1312\" target=\"_blank\" rel=\"noopener\">Telefon Hemen T\u0131kla Ara.<\/a><\/strong><\/em><\/p>\n<\/td>\n<td style=\"width: 33.3333%;\">\n<ul>\n<li>Maltepe \u00c7ekmece Raylar\u0131 Onar\u0131l\u0131r.<\/li>\n<li>Maltepe Dolap \u00c7ekmece Ray Tamiri Yap\u0131l\u0131r.<\/li>\n<li>Maltepe Dolap \u00c7ekmece Ray Tamiri Yap\u0131l\u0131r.<\/li>\n<li>Maltepe Dolap \u00c7ekmece Ray Tamiri Yap\u0131l\u0131r.<\/li>\n<li>Maltepe \u00c7ekmece Ray Tamir Ustas\u0131.<\/li>\n<li>Maltepe Profesyonel \u00c7ekmece Tamiri.<\/li>\n<li>Maltepe Dolap \u00c7ekmece Ray Tamiri Yap\u0131l\u0131r Yap\u0131l\u0131r.<\/li>\n<\/ul>\n<\/td>\n<td style=\"width: 33.3333%;\">\n<figure id=\"attachment_1021\" aria-describedby=\"caption-attachment-1021\" style=\"width: 350px\" class=\"wp-caption aligncenter\"><a href=\"https:\/\/wa.me\/+90554 858 1312\" target=\"_blank\" rel=\"Mobilya Tamiri noopener \u0130leti\u015fim\"><img loading=\"lazy\" decoding=\"async\" class=\"Mobilya Tamiri \u0130leti\u015fim wp-image-1021 size-full\" title=\"Mobilya Tamiri \u0130leti\u015fim\" src=\"https:\/\/www.onlinemarangoz.com.tr\/Maltepe\/wp-content\/uploads\/2024\/12\/Whatsapp-Tikla-Mesaj-At.jpg\" alt=\"Mobilya Tamiri \u0130leti\u015fim\" width=\"350\" height=\"120\" srcset=\"https:\/\/www.onlinemarangoz.com.tr\/Maltepe\/wp-content\/uploads\/2024\/12\/Whatsapp-Tikla-Mesaj-At.jpg 350w, https:\/\/www.onlinemarangoz.com.tr\/Maltepe\/wp-content\/uploads\/2024\/12\/Whatsapp-Tikla-Mesaj-At-300x103.jpg 300w\" sizes=\"(max-width: 350px) 100vw, 350px\" \/><\/a><figcaption id=\"caption-attachment-1021\" class=\"wp-caption-text\">Mobilya Tamiri \u0130leti\u015fim<\/figcaption><\/figure><\/p>\n<p style=\"text-align: center;\"><em><strong><a title=\"Maltepe Dolap \u00c7ekmece Ray Tamiri \u0130leti\u015fim\" href=\"https:\/\/wa.me\/+905548581312\" target=\"_blank\" rel=\"noopener\">Maltepe Dolap \u00c7ekmece Ray Tamiri Yap\u0131l\u0131r \u0130leti\u015fim Whatsapp<\/a><\/strong><\/em><\/p>\n<p style=\"text-align: center;\"><em><strong><a title=\"Tezcan Usta Whatsapp Hemen T\u0131kla Mesaj At\" href=\"https:\/\/wa.me\/+905548581312\" target=\"_blank\" rel=\"noopener\">0554 858 1312<\/a><\/strong><\/em><\/p>\n<p style=\"text-align: center;\"><em><strong><a title=\"Tezcan Usta Whatsapp Hemen T\u0131kla Mesaj At\" href=\"https:\/\/wa.me\/+90554 858 1312\" target=\"_blank\" rel=\"noopener\">Whatsapp Hemen T\u0131kla Mesaj At.<\/a><\/strong><\/em><\/p>\n<\/td>\n<\/tr>\n<\/tbody>\n<\/table>\n\n\n<div class=\"kk-star-ratings kksr-auto kksr-align-left kksr-valign-bottom\"\n    data-payload='{&quot;align&quot;:&quot;left&quot;,&quot;id&quot;:&quot;1263&quot;,&quot;slug&quot;:&quot;default&quot;,&quot;valign&quot;:&quot;bottom&quot;,&quot;ignore&quot;:&quot;&quot;,&quot;reference&quot;:&quot;auto&quot;,&quot;class&quot;:&quot;&quot;,&quot;count&quot;:&quot;2&quot;,&quot;legendonly&quot;:&quot;&quot;,&quot;readonly&quot;:&quot;&quot;,&quot;score&quot;:&quot;5&quot;,&quot;starsonly&quot;:&quot;&quot;,&quot;best&quot;:&quot;5&quot;,&quot;gap&quot;:&quot;5&quot;,&quot;greet&quot;:&quot;Maltepe Marangoz\u00a0\u2714\ufe0f&quot;,&quot;legend&quot;:&quot;Maltepe Marangoz\u00a0Ustas\u0131 \u2714\ufe0f 2&quot;,&quot;size&quot;:&quot;24&quot;,&quot;title&quot;:&quot;Maltepe Dolap \u00c7ekmece Ray Tamiri Yap\u0131l\u0131r&quot;,&quot;width&quot;:&quot;142.5&quot;,&quot;_legend&quot;:&quot;Maltepe Marangoz\u00a0Ustas\u0131 \u2714\ufe0f {count}&quot;,&quot;font_factor&quot;:&quot;1.25&quot;}'>\n            \n<div class=\"kksr-stars\">\n    \n<div class=\"kksr-stars-inactive\">\n            <div class=\"kksr-star\" data-star=\"1\" style=\"padding-right: 5px\">\n            \n\n<div class=\"kksr-icon\" style=\"width: 24px; height: 24px;\"><\/div>\n        <\/div>\n            <div class=\"kksr-star\" data-star=\"2\" style=\"padding-right: 5px\">\n            \n\n<div class=\"kksr-icon\" style=\"width: 24px; height: 24px;\"><\/div>\n        <\/div>\n            <div class=\"kksr-star\" data-star=\"3\" style=\"padding-right: 5px\">\n            \n\n<div class=\"kksr-icon\" style=\"width: 24px; height: 24px;\"><\/div>\n        <\/div>\n            <div class=\"kksr-star\" data-star=\"4\" style=\"padding-right: 5px\">\n            \n\n<div class=\"kksr-icon\" style=\"width: 24px; height: 24px;\"><\/div>\n        <\/div>\n            <div class=\"kksr-star\" data-star=\"5\" style=\"padding-right: 5px\">\n            \n\n<div class=\"kksr-icon\" style=\"width: 24px; height: 24px;\"><\/div>\n        <\/div>\n    <\/div>\n    \n<div class=\"kksr-stars-active\" style=\"width: 142.5px;\">\n            <div class=\"kksr-star\" style=\"padding-right: 5px\">\n            \n\n<div class=\"kksr-icon\" style=\"width: 24px; height: 24px;\"><\/div>\n        <\/div>\n            <div class=\"kksr-star\" style=\"padding-right: 5px\">\n            \n\n<div class=\"kksr-icon\" style=\"width: 24px; height: 24px;\"><\/div>\n        <\/div>\n            <div class=\"kksr-star\" style=\"padding-right: 5px\">\n            \n\n<div class=\"kksr-icon\" style=\"width: 24px; height: 24px;\"><\/div>\n        <\/div>\n            <div class=\"kksr-star\" style=\"padding-right: 5px\">\n            \n\n<div class=\"kksr-icon\" style=\"width: 24px; height: 24px;\"><\/div>\n        <\/div>\n            <div class=\"kksr-star\" style=\"padding-right: 5px\">\n            \n\n<div class=\"kksr-icon\" style=\"width: 24px; height: 24px;\"><\/div>\n        <\/div>\n    <\/div>\n<\/div>\n                \n\n<div class=\"kksr-legend\" style=\"font-size: 19.2px;\">\n            Maltepe Marangoz\u00a0Ustas\u0131 \u2714\ufe0f 2    <\/div>\n    <\/div>\n","protected":false},"excerpt":{"rendered":"<p>Maltepe Dolap \u00c7ekmece Ray Tamiri Yap\u0131l\u0131r &#8211; Dolap \u00c7ekmece Ray Tamircisi Telefon 0554 858 1312 \u0130stanbul Anadolu Yakas\u0131 Maltepe Dolap \u00c7ekmece Ray Tamiri Yap\u0131l\u0131r, Dolap \u00e7ekmecesi, her dolab\u0131n olmazsa olmaz bir bile\u015fenidir ve d\u00fczg\u00fcn \u00e7al\u0131\u015fmas\u0131 i\u00e7in iyi \u00e7al\u0131\u015fma ko\u015fullar\u0131nda olmas\u0131&#8230; <a class=\"di-continue-reading\" href=\"https:\/\/www.onlinemarangoz.com.tr\/Maltepe\/maltepe-dolap-cekmece-ray-tamiri-yapilir\/\"> Continue Reading&#8230;<\/a><\/p>\n","protected":false},"author":1,"featured_media":0,"parent":0,"menu_order":504,"comment_status":"closed","ping_status":"closed","template":"","meta":{"footnotes":""},"categories":[1],"tags":[1417],"class_list":["post-1263","page","type-page","status-publish","hentry","category-maltepe-marangoz-mobilya-tamir-montaj-servisi","tag-maltepe-dolap-cekmece-ray-tamiri-yapilir"],"_links":{"self":[{"href":"https:\/\/www.onlinemarangoz.com.tr\/Maltepe\/wp-json\/wp\/v2\/pages\/1263","targetHints":{"allow":["GET"]}}],"collection":[{"href":"https:\/\/www.onlinemarangoz.com.tr\/Maltepe\/wp-json\/wp\/v2\/pages"}],"about":[{"href":"https:\/\/www.onlinemarangoz.com.tr\/Maltepe\/wp-json\/wp\/v2\/types\/page"}],"author":[{"embeddable":true,"href":"https:\/\/www.onlinemarangoz.com.tr\/Maltepe\/wp-json\/wp\/v2\/users\/1"}],"replies":[{"embeddable":true,"href":"https:\/\/www.onlinemarangoz.com.tr\/Maltepe\/wp-json\/wp\/v2\/comments?post=1263"}],"version-history":[{"count":0,"href":"https:\/\/www.onlinemarangoz.com.tr\/Maltepe\/wp-json\/wp\/v2\/pages\/1263\/revisions"}],"wp:attachment":[{"href":"https:\/\/www.onlinemarangoz.com.tr\/Maltepe\/wp-json\/wp\/v2\/media?parent=1263"}],"wp:term":[{"taxonomy":"category","embeddable":true,"href":"https:\/\/www.onlinemarangoz.com.tr\/Maltepe\/wp-json\/wp\/v2\/categories?post=1263"},{"taxonomy":"post_tag","embeddable":true,"href":"https:\/\/www.onlinemarangoz.com.tr\/Maltepe\/wp-json\/wp\/v2\/tags?post=1263"}],"curies":[{"name":"wp","href":"https:\/\/api.w.org\/{rel}","templated":true}]}}