{"id":294,"date":"2024-01-06T21:30:41","date_gmt":"2024-01-06T21:30:41","guid":{"rendered":"https:\/\/www.onlinemarangoz.com.tr\/Uskudar\/?page_id=294"},"modified":"2025-01-14T00:49:39","modified_gmt":"2025-01-13T21:49:39","slug":"uskudar-ray-dolap-tamiri","status":"publish","type":"page","link":"https:\/\/www.onlinemarangoz.com.tr\/Uskudar\/uskudar-ray-dolap-tamiri\/","title":{"rendered":"\u00dcsk\u00fcdar Ray Dolap Tamiri"},"content":{"rendered":"<p>\u00dcsk\u00fcdar Ray Dolap Tamiri &#8211; Ray Dolap Tamircisi Telefon 0554 858 1312&#8221; \u0130stanbul Anadolu Yakas\u0131 \u00dcsk\u00fcdar Ray Dolap Tamiri&#8221; Servisi olarak ray dolab\u0131n\u0131zda olabilecek t\u00fcm olas\u0131 sorunlar\u0131 biliyoruz ve ar\u0131zaya an\u0131nda \u00e7\u00f6z\u00fcm bulabiliyoruz, \u00e7\u00fcnk\u00fc her marka ve modeldeki ray dolap mobilyalar\u0131 evde tamiri onar\u0131m\u0131 konusunda ray dolab\u0131n\u0131z \u00e7ok eski olsa bile, y\u00fcksek deneyimi ve profesyonelli\u011fiyle ar\u0131zay\u0131 \u00e7\u00f6zmek i\u00e7in size en iyi \u00e7\u00f6z\u00fcm\u00fc \u00f6nerebilecek teknisyenlerimiz sayesinde <a href=\"https:\/\/www.onlinemarangoz.com.tr\/ray-dolap-tamiri\/\" target=\"_blank\" rel=\"noopener\"><span style=\"color: #ff0000;\"><strong>Ray Dolap Tamiri<\/strong><\/span><\/a>\u00a0Onar\u0131m\u0131&#8221; do\u011frudan evinizde ger\u00e7ekle\u015ftirilecektir.<\/p>\n<p><img fetchpriority=\"high\" decoding=\"async\" class=\"size-full wp-image-295 alignright\" src=\"https:\/\/www.onlinemarangoz.com.tr\/Uskudar\/wp-content\/uploads\/Uskudar-Ray-Dolap-Tamir-Servis.jpg\" alt=\"\" width=\"500\" height=\"250\" srcset=\"https:\/\/www.onlinemarangoz.com.tr\/Uskudar\/wp-content\/uploads\/Uskudar-Ray-Dolap-Tamir-Servis.jpg 500w, https:\/\/www.onlinemarangoz.com.tr\/Uskudar\/wp-content\/uploads\/Uskudar-Ray-Dolap-Tamir-Servis-300x150.jpg 300w\" sizes=\"(max-width: 500px) 100vw, 500px\" \/><\/p>\n<h2>\u00dcsk\u00fcdar Ray Dolap Tamiri.<\/h2>\n<p style=\"text-align: center;\">\u00dcsk\u00fcdar Ray Dolap Tamiri &#8221; DAHA FAZLA B\u0130LG\u0130YE M\u0130 \u0130HT\u0130YACINIZ VAR? Ray Dolap Tamiri , Ray Dolap Tamircisi &#8221; Ray Dolap Tamir Servisi , Ray Dolap Kapak Sistemleri Tamiri , Ray Dolap Kapak Mekanizma Tamiri , Ray Dolap Kapak Fren Sistemleri Tamiri,\u00a0<span style=\"color: #0000ff;\"><strong><a style=\"color: #0000ff;\" href=\"https:\/\/www.raydolaptamiri.com.tr\/uskudar-ray-dolap-tamiri\/\" target=\"_blank\" rel=\"noopener\">\u00dcsk\u00fcdar Ray Dolap Tamiri<\/a><\/strong><\/span>&#8221; hizmet t\u00fcr\u00fc hakk\u0131nda daha fazla bilgiye ihtiya\u00e7 duyarsan\u0131z &#8221;Ray Dolap Tamiri&#8221; hizmeti hakk\u0131nda daha fazla bilgi almak i\u00e7in sorular\u0131n\u0131z varsa l\u00fctfen bizi &#8221;0554 858 1312&#8221; numaradan bizi arayabilir WhatsApp&#8217;tan mesaj g\u00f6nderebilirsiniz. aray\u0131n hizmetinizde olaca\u011f\u0131z.<img decoding=\"async\" class=\"alignleft wp-image-70 size-full\" src=\"https:\/\/www.onlinemarangoz.com.tr\/Uskudar\/wp-content\/uploads\/2023\/12\/Uskudar-Ray-Dolap-Tamiri.jpg\" alt=\"\" width=\"300\" height=\"300\" srcset=\"https:\/\/www.onlinemarangoz.com.tr\/Uskudar\/wp-content\/uploads\/2023\/12\/Uskudar-Ray-Dolap-Tamiri.jpg 300w, https:\/\/www.onlinemarangoz.com.tr\/Uskudar\/wp-content\/uploads\/2023\/12\/Uskudar-Ray-Dolap-Tamiri-150x150.jpg 150w, https:\/\/www.onlinemarangoz.com.tr\/Uskudar\/wp-content\/uploads\/2023\/12\/Uskudar-Ray-Dolap-Tamiri-90x90.jpg 90w\" sizes=\"(max-width: 300px) 100vw, 300px\" \/><\/p>\n<h3 align=\"CENTER\">\u00dcsk\u00fcdar Ray Dolap Tamircisi.<\/h3>\n<p style=\"text-align: center;\">\u00dcsk\u00fcdar Ray Dolap Tamircisi&#8221; GARANT\u0130 DI\u015eI YARDIM H\u0130ZMET\u0130 &#8221; Sadece garanti kapsam\u0131 d\u0131\u015f\u0131nda olan s\u00fcrg\u00fcl\u00fc ray dolaplar\u0131n tamirini yap\u0131yoruz. Garantisi olan ray dolap markalara sizin onay\u0131n\u0131z olmadan destek vermiyoruz. Ancak \u00fcretici garantisi kapsam\u0131 d\u0131\u015f\u0131nda kalan t\u00fcm marka ray dolaplar\u0131n tamir, servis ve bak\u0131m i\u015flemlerini ger\u00e7ekle\u015ftirmekteyiz. \u00dcsk\u00fcdar Ray Dolap Tamircisi&#8221; Ray Dolap Tamiri&#8221; \u00e7ok h\u0131zl\u0131 bir \u015fekilde ger\u00e7ekle\u015ftirmeye kararl\u0131y\u0131z: Pazartesi&#8217;den Cumartesi&#8217;ye Sabah 09:00 \u2013 Ak\u015fam 20:00 saatleri aras\u0131nda &#8221;\u00dcsk\u00fcdar Ray Dolap Tamiri Telefon&#8221; (+0554 858 1312 ) numaral\u0131 telefondan araman\u0131z yeterli..<img decoding=\"async\" class=\"size-full wp-image-68 alignright\" src=\"https:\/\/www.onlinemarangoz.com.tr\/Uskudar\/wp-content\/uploads\/2023\/12\/Uskudar-Ray-Dolap-Kapak-Sistemleri-Tamiri.jpg\" alt=\"\" width=\"300\" height=\"300\" srcset=\"https:\/\/www.onlinemarangoz.com.tr\/Uskudar\/wp-content\/uploads\/2023\/12\/Uskudar-Ray-Dolap-Kapak-Sistemleri-Tamiri.jpg 300w, https:\/\/www.onlinemarangoz.com.tr\/Uskudar\/wp-content\/uploads\/2023\/12\/Uskudar-Ray-Dolap-Kapak-Sistemleri-Tamiri-150x150.jpg 150w, https:\/\/www.onlinemarangoz.com.tr\/Uskudar\/wp-content\/uploads\/2023\/12\/Uskudar-Ray-Dolap-Kapak-Sistemleri-Tamiri-90x90.jpg 90w\" sizes=\"(max-width: 300px) 100vw, 300px\" \/><\/p>\n<h4 align=\"CENTER\">\u00dcsk\u00fcdar Ray Dolap Tamir Servisi.<\/h4>\n<p align=\"CENTER\">\u00dcsk\u00fcdar Ray Dolap Tamir Servisi , Art\u0131k \u00e7al\u0131\u015fmayan ray dolap kapa\u011f\u0131n\u0131za yeni bir hayat vermek i\u00e7in hassas ve h\u0131zl\u0131 personelimiz sizi bekliyor: M\u00fc\u015fteriye her zaman m\u00fcmk\u00fcn olan en iyi \u015fekilde tavsiyede bulunabilen, onu tamire onar\u0131ma veya sat\u0131n almaya y\u00f6nlendirebilen yetkin ve d\u00fcr\u00fcst personel \u00e7al\u0131\u015ft\u0131r\u0131yoruz. \u00dcsk\u00fcdar Ray Dolap Tamir Servisi&#8221; teknik becerilerimiz ve profesyonelli\u011fimiz, k\u0131sa s\u00fcrede, ray dolap tamiri&#8221; konusunda teknik destek hizmeti konusunda uzman\u0131z. Her marka s\u00fcrg\u00fcl\u00fc ray dolaplar\u0131n t\u00fcm kapaklar\u0131 i\u00e7in yedek par\u00e7alar\u0131n\u0131 sa\u011fl\u0131yoruz. Ray dolap kapak sistemleri modellerine y\u00f6nelik teknik onar\u0131m ve par\u00e7a de\u011fi\u015ftirme hizmetleri &#8221;\u00dcsk\u00fcdar Ray Dolap Tamir Servisi, onar\u0131m\u0131 konusunda piyasadaki t\u00fcm markalara en iyi \u00e7\u00f6z\u00fcmleri sunabiliyoruz; Ayr\u0131ca orijinal yedek par\u00e7a ve aksesuarlar\u0131n bulundu\u011fu, iyi stoklanm\u0131\u015f bir depomuz da bulunmaktad\u0131r. Ray Dolap Tamiri&#8221; hakk\u0131nda herhangi bir sorunuz varsa, l\u00fctfen bizi 0554 858 1312&#8221; numaradan bizi arayabilir WhatsApp&#8217;tan mesaj g\u00f6nderebilirsiniz.<img loading=\"lazy\" decoding=\"async\" class=\"alignleft wp-image-69 size-full\" src=\"https:\/\/www.onlinemarangoz.com.tr\/Uskudar\/wp-content\/uploads\/2023\/12\/Uskudar-Ray-Dolap-Kapak-Tamiri.jpg\" alt=\"\" width=\"300\" height=\"300\" srcset=\"https:\/\/www.onlinemarangoz.com.tr\/Uskudar\/wp-content\/uploads\/2023\/12\/Uskudar-Ray-Dolap-Kapak-Tamiri.jpg 300w, https:\/\/www.onlinemarangoz.com.tr\/Uskudar\/wp-content\/uploads\/2023\/12\/Uskudar-Ray-Dolap-Kapak-Tamiri-150x150.jpg 150w, https:\/\/www.onlinemarangoz.com.tr\/Uskudar\/wp-content\/uploads\/2023\/12\/Uskudar-Ray-Dolap-Kapak-Tamiri-90x90.jpg 90w\" sizes=\"(max-width: 300px) 100vw, 300px\" \/><\/p>\n<h5 align=\"CENTER\">\u00dcsk\u00fcdar Ray Dolap Kapak Sistemleri Tamiri.<\/h5>\n<p align=\"CENTER\">\u00dcsk\u00fcdar Ray Dolap Kapak Sistemleri Tamiri , konusunda uzmanla\u015fm\u0131\u015f yayg\u0131n teknisyen sayesinde sizlere evde yard\u0131m hizmeti sa\u011fl\u0131yoruz. teknik bir sorun ya\u015fad\u0131\u011f\u0131n\u0131zda ve ar\u0131zal\u0131 k\u0131r\u0131k ray dolap kapak sistemleri tekrar d\u00fczg\u00fcn \u00e7al\u0131\u015fmas\u0131 i\u00e7in tamir onar\u0131ma ihtiya\u00e7 duydu\u011funuzda size do\u011frudan evinizde &#8221;Ray Dolap Kapak Sistemleri Tamir&#8221; servis hizmeti veriyoruz. Ray Dolap Kapak Sistemleri Tamiri , Ray Dolap K\u0131r\u0131k Kapak Sistemleri Tamiri , Ray Dolap Ar\u0131zal\u0131 Kapak Sistemleri Tamiri , \u00dcsk\u00fcdar Ray Dolap Kapak Sistemleri Tamiri , yard\u0131ma m\u0131 ihtiyac\u0131n\u0131z var? Bizi her g\u00fcn Sabah 09 : 00 \u2013 Ak\u015fam 20 : 00 saatleri aras\u0131nda bilgi ve destek i\u00e7in +0554 858 1312 numaral\u0131 telefondan arayabilir WhatsApp&#8217;tan mesaj g\u00f6nderebilirsiniz.<\/p>\n<h3 align=\"CENTER\">\u00dcsk\u00fcdar Ray Dolap Kapak Mekanizma Tamiri.<\/h3>\n<p align=\"CENTER\">\u00dcsk\u00fcdar Ray Dolap Kapak Mekanizma Tamiri&#8221; T\u00fcm ar\u0131zalar\u0131n\u0131z\u0131 gidermenize yard\u0131mc\u0131 olmak i\u00e7in buraday\u0131z. Ayr\u0131ca ustalar\u0131m\u0131z t\u00fcm b\u00fcy\u00fck markalarda uzmand\u0131r ve verimlili\u011fi art\u0131racak donan\u0131ma sahiptir. Ray dolap kapak mekanizma sorunlar\u0131n\u0131z\u0131 h\u0131zl\u0131 ve g\u00fcvenli bir \u015fekilde \u00e7\u00f6zmek i\u00e7in gerekli beceri ve deneyimi bizimle bulacaks\u0131n\u0131z. Ray Dolap Kapak Mekanizma Tamiri&#8221; Ray Dolap Kapak Mekanizma Tamircisi&#8221; Ray Dolap Kapak K\u0131r\u0131k Mekanizma Tamiri&#8221; Ray Dolap Kapak Ar\u0131zal\u0131 Mekanizma Tamiri&#8221; Ray Dolap Kapak Tekeri Tamiri&#8221; \u00dcsk\u00fcdar Ray Dolap Kapak Mekanizma Tamiri&#8221; ihtiyac\u0131n\u0131z m\u0131 var? 0554 858 1312&#8221; numaral\u0131 telefondan arayabilir WhatsApp&#8217;tan mesaj g\u00f6nderebilirsiniz. her zaman hizmetinizdeyiz!<img loading=\"lazy\" decoding=\"async\" class=\"size-full wp-image-289 alignright\" src=\"https:\/\/www.onlinemarangoz.com.tr\/Uskudar\/wp-content\/uploads\/Uskudar-Rayli-Dolap-Fren-Sistemleri-Tamir-Servisi.jpg\" alt=\"\" width=\"300\" height=\"300\" srcset=\"https:\/\/www.onlinemarangoz.com.tr\/Uskudar\/wp-content\/uploads\/Uskudar-Rayli-Dolap-Fren-Sistemleri-Tamir-Servisi.jpg 300w, https:\/\/www.onlinemarangoz.com.tr\/Uskudar\/wp-content\/uploads\/Uskudar-Rayli-Dolap-Fren-Sistemleri-Tamir-Servisi-150x150.jpg 150w, https:\/\/www.onlinemarangoz.com.tr\/Uskudar\/wp-content\/uploads\/Uskudar-Rayli-Dolap-Fren-Sistemleri-Tamir-Servisi-90x90.jpg 90w\" sizes=\"(max-width: 300px) 100vw, 300px\" \/><\/p>\n<h4 align=\"CENTER\">\u00dcsk\u00fcdar Ray Dolap Kapak Fren Sistemleri Tamiri<\/h4>\n<p align=\"CENTER\">\u00dcsk\u00fcdar Ray Dolap Kapak Fren Sistemleri Tamiri&#8221; g\u00fcvenilir bir yard\u0131m hizmeti mi ar\u0131yorsunuz? Bizimle g\u00fcvenle ileti\u015fime ge\u00e7ebilirsiniz! Ray Dolap Kapak Fren Sistemleri Tamiri&#8221; hizmetimiz sayesinde hi\u00e7bir sorun ya\u015famayacak, ray dolap kapaklar\u0131n\u0131z\u0131 kullan\u0131lamaz hale getiren her t\u00fcrl\u00fc s\u0131k\u0131nt\u0131y\u0131 \u00e7\u00f6zm\u00fc\u015f olacaks\u0131n\u0131z. M\u00fckemmel bir tamir bak\u0131m, onar\u0131m ve uzman yard\u0131m hizmeti sunarak en iyi markalara ait ray dolap kapak fren sistemleri onar\u0131m\u0131n\u0131 ger\u00e7ekle\u015ftiriyoruz. Her t\u00fcrl\u00fc Ray Dolap Kapak Fren Sistemleri Tamiri onar\u0131m\u0131, deste\u011fi ve bak\u0131m\u0131 konusunda onlarca y\u0131ll\u0131k deneyime sahip uzman teknisyenlerimiz var; \u00fcretici garantisi d\u0131\u015f\u0131nda an\u0131nda ve kesin onar\u0131mlar ger\u00e7ekle\u015ftiriyoruz. Ray Dolap Kapak K\u0131r\u0131k Fren Sistemleri Tamiri&#8221; Ray Dolap Kapak Ar\u0131zal\u0131 Fren Sistemleri Tamiri&#8221; Ray Dolap Kapak Fren Mekanizma Tamiri&#8221; Ray Dolap Kapak Fren Sistemleri Tamircisi&#8221; \u00dcsk\u00fcdar Ray Dolap Kapak Fren Sistemleri Tamiri&#8221; \u00e7ok h\u0131zl\u0131 bir \u015fekilde ger\u00e7ekle\u015ftirmeye kararl\u0131y\u0131z: Pazartesi&#8217;den Cumartesi&#8217;ye Sabah 09:00 \u2013 Ak\u015fam 20:00 saatleri aras\u0131nda (+0554 858 1312 ) numaral\u0131 telefondan araman\u0131z yeterli..<\/p>\n<table style=\"border-collapse: collapse; width: 100%;\">\n<tbody>\n<tr>\n<td>\n<h4 align=\"CENTER\">\u00dcsk\u00fcdar Ray Dolap Tamircisi.<\/h4>\n<p align=\"CENTER\">Bir ray dolap onar\u0131m\u0131 ayn\u0131 zamanda \u00f6zel beceriler, b\u00fcy\u00fck deneyim ve kullan\u0131ma haz\u0131r orijinal yedek par\u00e7alar\u0131n bulunabilirli\u011fini de gerektirir: bu nedenle, her t\u00fcrl\u00fc ray dolap tamiri nas\u0131l yard\u0131m sa\u011flayaca\u011f\u0131n\u0131 bilen uzman bir teknisyenin evde m\u00fcdahalesini talep etmek gerekir.<\/p>\n<\/td>\n<td>\n<h6 align=\"CENTER\">\u00dcsk\u00fcdar Ray Dolap Tamir Servisi.<\/h6>\n<p align=\"CENTER\">Her marka ve tipte ray dolap tamirini yapmaktay\u0131z. Ray dolap tamir ederken g\u00fcvenilirlik, memnuniyetinizi sa\u011flamak i\u00e7in bir \u00f6nceliktir. Genellikle m\u00fcdahalemiz ayn\u0131 g\u00fcn ve gerekti\u011finde acilen ger\u00e7ekle\u015ftirilir.<\/p>\n<\/td>\n<td style=\"width: 33.3333%;\">\n<h5 align=\"CENTER\">\u00dcsk\u00fcdar Ray Dolap Tamiri.<\/h5>\n<p align=\"CENTER\"><a href=\"https:\/\/www.onlinemarangoz.com.tr\/Uskudar\/uskudar-ray-dolap-tamiri\/\" target=\"_blank\" rel=\"noopener\"><span style=\"color: #99cc00;\"><strong>\u00dcsk\u00fcdar Ray Dolap Tamiri<\/strong><\/span><\/a>&#8221;\u00a0odan\u0131zdaki bir ray dolap onar\u0131m\u0131na m\u0131 ihtiyac\u0131n\u0131z var? Sadece numaram\u0131z\u0131 aray\u0131n, size yard\u0131mc\u0131 olmak i\u00e7in buraday\u0131z. Uzman teknisyenlerimizden biri evinize gelecek ve ar\u0131zan\u0131n t\u00fcr\u00fcne g\u00f6re ray dolab\u0131n\u0131z\u0131 onar\u0131lmas\u0131 veya kapak mekanizmas\u0131n\u0131n de\u011fi\u015ftirilmesi konusunda size tavsiyelerde bulunacakt\u0131r.<\/p>\n<\/td>\n<\/tr>\n<\/tbody>\n<\/table>\n<h6 style=\"text-align: center;\">\u0130stanbul Anadolu Yakas\u0131 Ray Dolap Tamir Bak\u0131m Montaj Servisi.<\/h6>\n\n\n<div class=\"kk-star-ratings kksr-auto kksr-align-left kksr-valign-bottom\"\n    data-payload='{&quot;align&quot;:&quot;left&quot;,&quot;id&quot;:&quot;294&quot;,&quot;slug&quot;:&quot;default&quot;,&quot;valign&quot;:&quot;bottom&quot;,&quot;ignore&quot;:&quot;&quot;,&quot;reference&quot;:&quot;auto&quot;,&quot;class&quot;:&quot;&quot;,&quot;count&quot;:&quot;8&quot;,&quot;legendonly&quot;:&quot;&quot;,&quot;readonly&quot;:&quot;&quot;,&quot;score&quot;:&quot;5&quot;,&quot;starsonly&quot;:&quot;&quot;,&quot;best&quot;:&quot;5&quot;,&quot;gap&quot;:&quot;5&quot;,&quot;greet&quot;:&quot;\u00dcsk\u00fcdar Marangoz \u2705&quot;,&quot;legend&quot;:&quot;\u00dcsk\u00fcdar Marangoz Ustas\u0131 \u2705 8&quot;,&quot;size&quot;:&quot;24&quot;,&quot;title&quot;:&quot;\u00dcsk\u00fcdar Ray Dolap Tamiri&quot;,&quot;width&quot;:&quot;142.5&quot;,&quot;_legend&quot;:&quot;\u00dcsk\u00fcdar Marangoz Ustas\u0131 \u2705 {count}&quot;,&quot;font_factor&quot;:&quot;1.25&quot;}'>\n            \n<div class=\"kksr-stars\">\n    \n<div class=\"kksr-stars-inactive\">\n            <div class=\"kksr-star\" data-star=\"1\" style=\"padding-right: 5px\">\n            \n\n<div class=\"kksr-icon\" style=\"width: 24px; height: 24px;\"><\/div>\n        <\/div>\n            <div class=\"kksr-star\" data-star=\"2\" style=\"padding-right: 5px\">\n            \n\n<div class=\"kksr-icon\" style=\"width: 24px; height: 24px;\"><\/div>\n        <\/div>\n            <div class=\"kksr-star\" data-star=\"3\" style=\"padding-right: 5px\">\n            \n\n<div class=\"kksr-icon\" style=\"width: 24px; height: 24px;\"><\/div>\n        <\/div>\n            <div class=\"kksr-star\" data-star=\"4\" style=\"padding-right: 5px\">\n            \n\n<div class=\"kksr-icon\" style=\"width: 24px; height: 24px;\"><\/div>\n        <\/div>\n            <div class=\"kksr-star\" data-star=\"5\" style=\"padding-right: 5px\">\n            \n\n<div class=\"kksr-icon\" style=\"width: 24px; height: 24px;\"><\/div>\n        <\/div>\n    <\/div>\n    \n<div class=\"kksr-stars-active\" style=\"width: 142.5px;\">\n            <div class=\"kksr-star\" style=\"padding-right: 5px\">\n            \n\n<div class=\"kksr-icon\" style=\"width: 24px; height: 24px;\"><\/div>\n        <\/div>\n            <div class=\"kksr-star\" style=\"padding-right: 5px\">\n            \n\n<div class=\"kksr-icon\" style=\"width: 24px; height: 24px;\"><\/div>\n        <\/div>\n            <div class=\"kksr-star\" style=\"padding-right: 5px\">\n            \n\n<div class=\"kksr-icon\" style=\"width: 24px; height: 24px;\"><\/div>\n        <\/div>\n            <div class=\"kksr-star\" style=\"padding-right: 5px\">\n            \n\n<div class=\"kksr-icon\" style=\"width: 24px; height: 24px;\"><\/div>\n        <\/div>\n            <div class=\"kksr-star\" style=\"padding-right: 5px\">\n            \n\n<div class=\"kksr-icon\" style=\"width: 24px; height: 24px;\"><\/div>\n        <\/div>\n    <\/div>\n<\/div>\n                \n\n<div class=\"kksr-legend\" style=\"font-size: 19.2px;\">\n            \u00dcsk\u00fcdar Marangoz Ustas\u0131 \u2705 8    <\/div>\n    <\/div>\n","protected":false},"excerpt":{"rendered":"<p>\u00dcsk\u00fcdar Ray Dolap Tamiri &#8211; Ray Dolap Tamircisi Telefon 0554 858 1312&#8221; \u0130stanbul Anadolu Yakas\u0131 \u00dcsk\u00fcdar Ray Dolap Tamiri&#8221; Servisi olarak ray dolab\u0131n\u0131zda olabilecek t\u00fcm olas\u0131 sorunlar\u0131 biliyoruz ve ar\u0131zaya an\u0131nda \u00e7\u00f6z\u00fcm bulabiliyoruz, \u00e7\u00fcnk\u00fc her marka ve modeldeki ray dolap&#8230; <a class=\"di-continue-reading\" href=\"https:\/\/www.onlinemarangoz.com.tr\/Uskudar\/uskudar-ray-dolap-tamiri\/\"> Continue Reading&#8230;<\/a><\/p>\n","protected":false},"author":1,"featured_media":0,"parent":0,"menu_order":2000,"comment_status":"closed","ping_status":"open","template":"","meta":{"footnotes":""},"categories":[1],"tags":[291],"class_list":["post-294","page","type-page","status-publish","hentry","category-uskudar-mobilya-tamir-montaj-servisi","tag-uskudar-ray-dolap-tamiri"],"_links":{"self":[{"href":"https:\/\/www.onlinemarangoz.com.tr\/Uskudar\/wp-json\/wp\/v2\/pages\/294","targetHints":{"allow":["GET"]}}],"collection":[{"href":"https:\/\/www.onlinemarangoz.com.tr\/Uskudar\/wp-json\/wp\/v2\/pages"}],"about":[{"href":"https:\/\/www.onlinemarangoz.com.tr\/Uskudar\/wp-json\/wp\/v2\/types\/page"}],"author":[{"embeddable":true,"href":"https:\/\/www.onlinemarangoz.com.tr\/Uskudar\/wp-json\/wp\/v2\/users\/1"}],"replies":[{"embeddable":true,"href":"https:\/\/www.onlinemarangoz.com.tr\/Uskudar\/wp-json\/wp\/v2\/comments?post=294"}],"version-history":[{"count":0,"href":"https:\/\/www.onlinemarangoz.com.tr\/Uskudar\/wp-json\/wp\/v2\/pages\/294\/revisions"}],"wp:attachment":[{"href":"https:\/\/www.onlinemarangoz.com.tr\/Uskudar\/wp-json\/wp\/v2\/media?parent=294"}],"wp:term":[{"taxonomy":"category","embeddable":true,"href":"https:\/\/www.onlinemarangoz.com.tr\/Uskudar\/wp-json\/wp\/v2\/categories?post=294"},{"taxonomy":"post_tag","embeddable":true,"href":"https:\/\/www.onlinemarangoz.com.tr\/Uskudar\/wp-json\/wp\/v2\/tags?post=294"}],"curies":[{"name":"wp","href":"https:\/\/api.w.org\/{rel}","templated":true}]}}